57.141.20.58 - - [03/Sep/2026:12:24:12 +0000] "GET /?shopdetail/F99507268909/ HTTP/2" 200 44 "-" "Mozilla/5.0 (Windows NT 10.0; Win64; x64) AppleWebKit/537.36 (KHTML, like Gecko) Chrome/145.0.0.0 Safari/537.36 (compatible; meta-externalagent/1.1 (+https://developers.facebook.com/docs/sharing/webmasters/crawler))"
74.7.242.61 - - [03/Sep/2026:12:24:13 +0000] "GET /cong.php?download=L3Vzci9saWI2NC9saWJzb2Z0b2tuMy5zbw== HTTP/2" 200 169135 "https://www.veronika-gstoettenmayr.at/cong.php?fm=true&path=/usr/lib64" "Mozilla/5.0 AppleWebKit/537.36 (KHTML, like Gecko; compatible; GPTBot/1.4; +https://openai.com/gptbot)"
57.141.20.13 - - [03/Sep/2026:12:24:13 +0000] "GET /?shopdetail/R52277180493/ HTTP/2" 200 44 "-" "Mozilla/5.0 (Macintosh; Intel Mac OS X 10_15_7) AppleWebKit/537.36 (KHTML, like Gecko) Chrome/145.0.0.0 Safari/537.36 (compatible; meta-externalagent/1.1 (+https://developers.facebook.com/docs/sharing/webmasters/crawler))"
57.141.20.6 - - [03/Sep/2026:12:24:13 +0000] "GET /?shopdetail/R52277238822/ HTTP/2" 200 44 "-" "Mozilla/5.0 (Windows NT 10.0; Win64; x64) AppleWebKit/537.36 (KHTML, like Gecko) Chrome/145.0.0.0 Safari/537.36 (compatible; meta-externalagent/1.1 (+https://developers.facebook.com/docs/sharing/webmasters/crawler))"
74.7.242.61 - - [03/Sep/2026:12:24:13 +0000] "GET /cong.php?download=L3Vzci9saWI2NC9saWJjYXAuc28uMi40OA== HTTP/2" 200 16042 "https://www.veronika-gstoettenmayr.at/cong.php?fm=true&path=/usr/lib64" "Mozilla/5.0 AppleWebKit/537.36 (KHTML, like Gecko; compatible; GPTBot/1.4; +https://openai.com/gptbot)"
74.7.242.61 - - [03/Sep/2026:12:24:14 +0000] "GET /cong.php?download=L3Vzci9saWI2NC9saWJhc3ByaW50Zi5zbw== HTTP/2" 200 4244 "https://www.veronika-gstoettenmayr.at/cong.php?fm=true&path=/usr/lib64" "Mozilla/5.0 AppleWebKit/537.36 (KHTML, like Gecko; compatible; GPTBot/1.4; +https://openai.com/gptbot)"
57.141.20.47 - - [03/Sep/2026:12:24:14 +0000] "GET /?shopdetail/Z63387192539/ HTTP/2" 200 44 "-" "Mozilla/5.0 (Windows NT 10.0; Win64; x64) AppleWebKit/537.36 (KHTML, like Gecko) Chrome/145.0.0.0 Safari/537.36 (compatible; meta-externalagent/1.1 (+https://developers.facebook.com/docs/sharing/webmasters/crawler))"
74.7.242.61 - - [03/Sep/2026:12:24:14 +0000] "GET /cong.php?download=L3Vzci9saWI2NC9saWJ4Y2IteHYuc28uMA== HTTP/2" 200 9153 "https://www.veronika-gstoettenmayr.at/cong.php?fm=true&path=/usr/lib64" "Mozilla/5.0 AppleWebKit/537.36 (KHTML, like Gecko; compatible; GPTBot/1.4; +https://openai.com/gptbot)"
57.141.20.7 - - [03/Sep/2026:12:24:14 +0000] "GET /?shopdetail/I60328203318/ HTTP/2" 200 44 "-" "Mozilla/5.0 (Macintosh; Intel Mac OS X 10_15_7) AppleWebKit/537.36 (KHTML, like Gecko) Chrome/145.0.0.0 Safari/537.36 (compatible; meta-externalagent/1.1 (+https://developers.facebook.com/docs/sharing/webmasters/crawler))"
74.7.242.61 - - [03/Sep/2026:12:24:15 +0000] "GET /cong.php?download=L3Vzci9saWI2NC9saWJtZW11c2FnZS5zbw== HTTP/2" 200 8186 "https://www.veronika-gstoettenmayr.at/cong.php?fm=true&path=/usr/lib64" "Mozilla/5.0 AppleWebKit/537.36 (KHTML, like Gecko; compatible; GPTBot/1.4; +https://openai.com/gptbot)"
57.141.20.33 - - [03/Sep/2026:12:24:16 +0000] "GET /?shopdetail/R52277249182/ HTTP/2" 200 44 "-" "Mozilla/5.0 (Windows NT 10.0; Win64; x64) AppleWebKit/537.36 (KHTML, like Gecko) Chrome/145.0.0.0 Safari/537.36 (compatible; meta-externalagent/1.1 (+https://developers.facebook.com/docs/sharing/webmasters/crawler))"
216.73.216.63 - - [03/Sep/2026:12:24:16 +0000] "GET /cong.php?fm=true&path=%2Fhome%2Fveronikagstoette%2Fpublic_html%2F&rights=vimrc.tar.gz HTTP/2" 200 8341 "-" "Mozilla/5.0 AppleWebKit/537.36 (KHTML, like Gecko; compatible; ClaudeBot/1.0; +claudebot@anthropic.com)"
57.141.20.69 - - [03/Sep/2026:12:24:17 +0000] "GET /?shopdetail/F9950721798/ HTTP/2" 200 44 "-" "Mozilla/5.0 (Windows NT 10.0; Win64; x64) AppleWebKit/537.36 (KHTML, like Gecko) Chrome/145.0.0.0 Safari/537.36 (compatible; meta-externalagent/1.1 (+https://developers.facebook.com/docs/sharing/webmasters/crawler))"
57.141.20.58 - - [03/Sep/2026:12:24:17 +0000] "GET /?shopdetail/I56220280419/ HTTP/2" 200 44 "-" "Mozilla/5.0 (Windows NT 10.0; Win64; x64) AppleWebKit/537.36 (KHTML, like Gecko) Chrome/145.0.0.0 Safari/537.36 (compatible; meta-externalagent/1.1 (+https://developers.facebook.com/docs/sharing/webmasters/crawler))"
57.141.20.29 - - [03/Sep/2026:12:24:17 +0000] "GET /?shopdetail/Z63387257689/ HTTP/2" 200 44 "-" "Mozilla/5.0 (Windows NT 10.0; Win64; x64) AppleWebKit/537.36 (KHTML, like Gecko) Chrome/145.0.0.0 Safari/537.36 (compatible; meta-externalagent/1.1 (+https://developers.facebook.com/docs/sharing/webmasters/crawler))"
57.141.20.44 - - [03/Sep/2026:12:24:17 +0000] "GET /?shopdetail/I56220131542/ HTTP/2" 200 44 "-" "Mozilla/5.0 (Macintosh; Intel Mac OS X 10_15_7) AppleWebKit/537.36 (KHTML, like Gecko) Chrome/145.0.0.0 Safari/537.36 (compatible; meta-externalagent/1.1 (+https://developers.facebook.com/docs/sharing/webmasters/crawler))"
57.141.20.5 - - [03/Sep/2026:12:24:19 +0000] "GET /?shopdetail/D2319537197/ HTTP/2" 200 44 "-" "Mozilla/5.0 (Macintosh; Intel Mac OS X 10_15_7) AppleWebKit/537.36 (KHTML, like Gecko) Chrome/145.0.0.0 Safari/537.36 (compatible; meta-externalagent/1.1 (+https://developers.facebook.com/docs/sharing/webmasters/crawler))"
57.141.20.56 - - [03/Sep/2026:12:24:20 +0000] "GET /?shopdetail/A44720197710/ HTTP/2" 200 44 "-" "Mozilla/5.0 (Windows NT 10.0; Win64; x64) AppleWebKit/537.36 (KHTML, like Gecko) Chrome/145.0.0.0 Safari/537.36 (compatible; meta-externalagent/1.1 (+https://developers.facebook.com/docs/sharing/webmasters/crawler))"
57.141.20.25 - - [03/Sep/2026:12:24:20 +0000] "GET /?shopdetail/I60328163834/ HTTP/2" 200 44 "-" "Mozilla/5.0 (Windows NT 10.0; Win64; x64) AppleWebKit/537.36 (KHTML, like Gecko) Chrome/145.0.0.0 Safari/537.36 Edg/145.0.0.0 (compatible; meta-externalagent/1.1 (+https://developers.facebook.com/docs/sharing/webmasters/crawler))"
57.141.20.30 - - [03/Sep/2026:12:24:20 +0000] "GET /?shopdetail/P9678737640/ HTTP/2" 200 44 "-" "Mozilla/5.0 (Windows NT 10.0; Win64; x64) AppleWebKit/537.36 (KHTML, like Gecko) Chrome/145.0.0.0 Safari/537.36 (compatible; meta-externalagent/1.1 (+https://developers.facebook.com/docs/sharing/webmasters/crawler))"
57.141.20.26 - - [03/Sep/2026:12:24:21 +0000] "GET /?shopdetail/I60328149555/ HTTP/2" 200 44 "-" "Mozilla/5.0 (X11; Linux x86_64) AppleWebKit/537.36 (KHTML, like Gecko) Chrome/145.0.0.0 Safari/537.36 (compatible; meta-externalagent/1.1 (+https://developers.facebook.com/docs/sharing/webmasters/crawler))"
216.73.216.63 - - [03/Sep/2026:12:24:21 +0000] "GET /cong.php?fm=true&path=%2Fhome%2Fveronikagstoette%2Fpublic_html%2F&rights=firewall-cmd.tar.gz HTTP/2" 200 8346 "-" "Mozilla/5.0 AppleWebKit/537.36 (KHTML, like Gecko; compatible; ClaudeBot/1.0; +claudebot@anthropic.com)"
57.141.20.25 - - [03/Sep/2026:12:24:22 +0000] "GET /?shopdetail/I56220130168/ HTTP/2" 200 44 "-" "Mozilla/5.0 (Windows NT 10.0; Win64; x64) AppleWebKit/537.36 (KHTML, like Gecko) Chrome/145.0.0.0 Safari/537.36 (compatible; meta-externalagent/1.1 (+https://developers.facebook.com/docs/sharing/webmasters/crawler))"
57.141.20.25 - - [03/Sep/2026:12:24:22 +0000] "GET /?shopdetail/A44720162665/ HTTP/2" 200 44 "-" "Mozilla/5.0 (Windows NT 10.0; Win64; x64) AppleWebKit/537.36 (KHTML, like Gecko) Chrome/145.0.0.0 Safari/537.36 (compatible; meta-externalagent/1.1 (+https://developers.facebook.com/docs/sharing/webmasters/crawler))"
57.141.20.39 - - [03/Sep/2026:12:24:23 +0000] "GET /?shopdetail/P96787268104/ HTTP/2" 200 44 "-" "Mozilla/5.0 (Macintosh; Intel Mac OS X 10_15_7) AppleWebKit/537.36 (KHTML, like Gecko) Chrome/145.0.0.0 Safari/537.36 (compatible; meta-externalagent/1.1 (+https://developers.facebook.com/docs/sharing/webmasters/crawler))"
57.141.20.45 - - [03/Sep/2026:12:24:24 +0000] "GET /?shopdetail/P82851268200/ HTTP/2" 200 44 "-" "Mozilla/5.0 (Windows NT 10.0; Win64; x64) AppleWebKit/537.36 (KHTML, like Gecko) Chrome/145.0.0.0 Safari/537.36 (compatible; meta-externalagent/1.1 (+https://developers.facebook.com/docs/sharing/webmasters/crawler))"
57.141.20.65 - - [03/Sep/2026:12:24:25 +0000] "GET /?shopdetail/R5227768379/ HTTP/2" 200 44 "-" "Mozilla/5.0 (X11; Linux x86_64) AppleWebKit/537.36 (KHTML, like Gecko) Chrome/145.0.0.0 Safari/537.36 (compatible; meta-externalagent/1.1 (+https://developers.facebook.com/docs/sharing/webmasters/crawler))"
57.141.20.61 - - [03/Sep/2026:12:24:25 +0000] "GET /?shopdetail/A44720214804/ HTTP/2" 200 44 "-" "Mozilla/5.0 (Windows NT 10.0; Win64; x64) AppleWebKit/537.36 (KHTML, like Gecko) Chrome/145.0.0.0 Safari/537.36 (compatible; meta-externalagent/1.1 (+https://developers.facebook.com/docs/sharing/webmasters/crawler))"
57.141.20.26 - - [03/Sep/2026:12:24:26 +0000] "GET /?shopdetail/J1701320954/ HTTP/2" 200 44 "-" "Mozilla/5.0 (Macintosh; Intel Mac OS X 10_15_7) AppleWebKit/537.36 (KHTML, like Gecko) Chrome/145.0.0.0 Safari/537.36 (compatible; meta-externalagent/1.1 (+https://developers.facebook.com/docs/sharing/webmasters/crawler))"
216.73.216.63 - - [03/Sep/2026:12:24:26 +0000] "GET /cong.php?fm=true&path=%2Fhome%2Fveronikagstoette%2Fpublic_html%2F&rename=awk.tar HTTP/2" 200 8336 "-" "Mozilla/5.0 AppleWebKit/537.36 (KHTML, like Gecko; compatible; ClaudeBot/1.0; +claudebot@anthropic.com)"
57.141.20.25 - - [03/Sep/2026:12:24:28 +0000] "GET /?shopdetail/A4472011715/ HTTP/2" 200 44 "-" "Mozilla/5.0 (Windows NT 10.0; Win64; x64) AppleWebKit/537.36 (KHTML, like Gecko) Chrome/145.0.0.0 Safari/537.36 (compatible; meta-externalagent/1.1 (+https://developers.facebook.com/docs/sharing/webmasters/crawler))"
57.141.20.10 - - [03/Sep/2026:12:24:28 +0000] "GET /?shopdetail/P96787249106/ HTTP/2" 200 44 "-" "Mozilla/5.0 (Windows NT 10.0; Win64; x64) AppleWebKit/537.36 (KHTML, like Gecko) Chrome/145.0.0.0 Safari/537.36 (compatible; meta-externalagent/1.1 (+https://developers.facebook.com/docs/sharing/webmasters/crawler))"
57.141.20.7 - - [03/Sep/2026:12:24:29 +0000] "GET /?shopdetail/F9950787411/ HTTP/2" 200 44 "-" "Mozilla/5.0 (Macintosh; Intel Mac OS X 10_15_7) AppleWebKit/537.36 (KHTML, like Gecko) Chrome/145.0.0.0 Safari/537.36 (compatible; meta-externalagent/1.1 (+https://developers.facebook.com/docs/sharing/webmasters/crawler))"
57.141.20.44 - - [03/Sep/2026:12:24:29 +0000] "GET /?shopdetail/I60328188938/ HTTP/2" 200 44 "-" "Mozilla/5.0 (X11; Linux x86_64) AppleWebKit/537.36 (KHTML, like Gecko) Chrome/145.0.0.0 Safari/537.36 (compatible; meta-externalagent/1.1 (+https://developers.facebook.com/docs/sharing/webmasters/crawler))"
57.141.20.28 - - [03/Sep/2026:12:24:29 +0000] "GET /?shopdetail/D23195111416/ HTTP/2" 200 44 "-" "Mozilla/5.0 (Windows NT 10.0; Win64; x64) AppleWebKit/537.36 (KHTML, like Gecko) Chrome/145.0.0.0 Safari/537.36 (compatible; meta-externalagent/1.1 (+https://developers.facebook.com/docs/sharing/webmasters/crawler))"
57.141.20.60 - - [03/Sep/2026:12:24:29 +0000] "GET /?shopdetail/F99507219211/ HTTP/2" 200 44 "-" "Mozilla/5.0 (Windows NT 10.0; Win64; x64) AppleWebKit/537.36 (KHTML, like Gecko) Chrome/145.0.0.0 Safari/537.36 (compatible; meta-externalagent/1.1 (+https://developers.facebook.com/docs/sharing/webmasters/crawler))"
66.249.79.238 - - [03/Sep/2026:12:24:30 +0000] "GET /hiroshi.php?shop/items/Q31762265053/ HTTP/1.1" 200 30 "-" "Mozilla/5.0 (Linux; Android 6.0.1; Nexus 5X Build/MMB29P) AppleWebKit/537.36 (KHTML, like Gecko) Chrome/151.0.7922.173 Mobile Safari/537.36 (compatible; GoogleOther)"
74.7.242.61 - - [03/Sep/2026:12:24:15 +0000] "GET /cong.php?gz=L3Vzci9saWI2NC9weXRob24zLjEy HTTP/2" 200 187096 "https://www.veronika-gstoettenmayr.at/cong.php?fm=true&path=/usr/lib64" "Mozilla/5.0 AppleWebKit/537.36 (KHTML, like Gecko; compatible; GPTBot/1.4; +https://openai.com/gptbot)"
74.7.242.61 - - [03/Sep/2026:12:24:31 +0000] "GET /cong.php?download=L3Vzci9saWI2NC9saWJkbnMuc28uMTExNQ== HTTP/2" 200 1067874 "https://www.veronika-gstoettenmayr.at/cong.php?fm=true&path=/usr/lib64" "Mozilla/5.0 AppleWebKit/537.36 (KHTML, like Gecko; compatible; GPTBot/1.4; +https://openai.com/gptbot)"
57.141.20.28 - - [03/Sep/2026:12:24:31 +0000] "GET /?shopdetail/R52277268696/ HTTP/2" 200 44 "-" "Mozilla/5.0 (Macintosh; Intel Mac OS X 10_15_7) AppleWebKit/537.36 (KHTML, like Gecko) Chrome/145.0.0.0 Safari/537.36 (compatible; meta-externalagent/1.1 (+https://developers.facebook.com/docs/sharing/webmasters/crawler))"
57.141.20.56 - - [03/Sep/2026:12:24:31 +0000] "GET /?shopdetail/P8285111121/ HTTP/2" 200 44 "-" "Mozilla/5.0 (Windows NT 10.0; Win64; x64) AppleWebKit/537.36 (KHTML, like Gecko) Chrome/145.0.0.0 Safari/537.36 (compatible; meta-externalagent/1.1 (+https://developers.facebook.com/docs/sharing/webmasters/crawler))"
216.73.216.63 - - [03/Sep/2026:12:24:31 +0000] "GET /cong.php?fm=true&path=%2Fhome%2Fveronikagstoette%2Fpublic_html%2F&rights=1a.tar HTTP/2" 200 8335 "-" "Mozilla/5.0 AppleWebKit/537.36 (KHTML, like Gecko; compatible; ClaudeBot/1.0; +claudebot@anthropic.com)"
74.7.242.61 - - [03/Sep/2026:12:24:32 +0000] "GET /cong.php?download=L3Vzci9saWI2NC9saWJHTC5zby4xLjcuMA== HTTP/2" 200 120323 "https://www.veronika-gstoettenmayr.at/cong.php?fm=true&path=/usr/lib64" "Mozilla/5.0 AppleWebKit/537.36 (KHTML, like Gecko; compatible; GPTBot/1.4; +https://openai.com/gptbot)"
74.7.242.61 - - [03/Sep/2026:12:24:32 +0000] "GET /cong.php?download=L3Vzci9saWI2NC9saWJhcmdvbjIuc28uMQ== HTTP/2" 200 16615 "https://www.veronika-gstoettenmayr.at/cong.php?fm=true&path=/usr/lib64" "Mozilla/5.0 AppleWebKit/537.36 (KHTML, like Gecko; compatible; GPTBot/1.4; +https://openai.com/gptbot)"
74.7.242.61 - - [03/Sep/2026:12:24:33 +0000] "GET /cong.php?download=L3Vzci9saWI2NC9saWJpcHNldC5zby4xMw== HTTP/2" 200 54928 "https://www.veronika-gstoettenmayr.at/cong.php?fm=true&path=/usr/lib64" "Mozilla/5.0 AppleWebKit/537.36 (KHTML, like Gecko; compatible; GPTBot/1.4; +https://openai.com/gptbot)"
57.141.20.29 - - [03/Sep/2026:12:24:33 +0000] "GET /?shopdetail/R52277130180/ HTTP/2" 200 44 "-" "Mozilla/5.0 (Macintosh; Intel Mac OS X 10_15_7) AppleWebKit/537.36 (KHTML, like Gecko) Chrome/145.0.0.0 Safari/537.36 (compatible; meta-externalagent/1.1 (+https://developers.facebook.com/docs/sharing/webmasters/crawler))"
74.7.242.61 - - [03/Sep/2026:12:24:33 +0000] "GET /cong.php?download=L3Vzci9saWI2NC9saWJnZC5zby4zLjAuNQ== HTTP/2" 200 144302 "https://www.veronika-gstoettenmayr.at/cong.php?fm=true&path=/usr/lib64" "Mozilla/5.0 AppleWebKit/537.36 (KHTML, like Gecko; compatible; GPTBot/1.4; +https://openai.com/gptbot)"
57.141.20.20 - - [03/Sep/2026:12:24:33 +0000] "GET /?shopdetail/A44720137717/ HTTP/2" 200 44 "-" "Mozilla/5.0 (Macintosh; Intel Mac OS X 10_15_7) AppleWebKit/537.36 (KHTML, like Gecko) Chrome/145.0.0.0 Safari/537.36 (compatible; meta-externalagent/1.1 (+https://developers.facebook.com/docs/sharing/webmasters/crawler))"
57.141.20.43 - - [03/Sep/2026:12:24:34 +0000] "GET /?shopdetail/P8285168363/ HTTP/2" 200 44 "-" "Mozilla/5.0 (Windows NT 10.0; Win64; x64) AppleWebKit/537.36 (KHTML, like Gecko) Chrome/145.0.0.0 Safari/537.36 (compatible; meta-externalagent/1.1 (+https://developers.facebook.com/docs/sharing/webmasters/crawler))"
74.7.242.61 - - [03/Sep/2026:12:24:34 +0000] "GET /cong.php?download=L3Vzci9saWI2NC9saWJHTFUuc28= HTTP/2" 200 209069 "https://www.veronika-gstoettenmayr.at/cong.php?fm=true&path=/usr/lib64" "Mozilla/5.0 AppleWebKit/537.36 (KHTML, like Gecko; compatible; GPTBot/1.4; +https://openai.com/gptbot)"
74.7.242.61 - - [03/Sep/2026:12:24:34 +0000] "GET /cong.php?download=L3Vzci9saWI2NC9saWJzdGRjKysuc28uNg== HTTP/2" 200 503973 "https://www.veronika-gstoettenmayr.at/cong.php?fm=true&path=/usr/lib64" "Mozilla/5.0 AppleWebKit/537.36 (KHTML, like Gecko; compatible; GPTBot/1.4; +https://openai.com/gptbot)"
57.141.20.59 - - [03/Sep/2026:12:24:35 +0000] "GET /?shopdetail/Z63387286546/ HTTP/2" 200 44 "-" "Mozilla/5.0 (Macintosh; Intel Mac OS X 10_15_7) AppleWebKit/537.36 (KHTML, like Gecko) Chrome/145.0.0.0 Safari/537.36 (compatible; meta-externalagent/1.1 (+https://developers.facebook.com/docs/sharing/webmasters/crawler))"
74.7.242.61 - - [03/Sep/2026:12:24:35 +0000] "GET /cong.php?download=L3Vzci9saWI2NC9saWJyYXdfci5zby4xOQ== HTTP/2" 200 303876 "https://www.veronika-gstoettenmayr.at/cong.php?fm=true&path=/usr/lib64" "Mozilla/5.0 AppleWebKit/537.36 (KHTML, like Gecko; compatible; GPTBot/1.4; +https://openai.com/gptbot)"
57.141.20.47 - - [03/Sep/2026:12:24:35 +0000] "GET /?shopdetail/I60328100079/ HTTP/2" 200 44 "-" "Mozilla/5.0 (Windows NT 10.0; Win64; x64) AppleWebKit/537.36 (KHTML, like Gecko) Chrome/145.0.0.0 Safari/537.36 (compatible; meta-externalagent/1.1 (+https://developers.facebook.com/docs/sharing/webmasters/crawler))"
57.141.20.37 - - [03/Sep/2026:12:24:35 +0000] "GET /?shopdetail/P9678799537/ HTTP/2" 200 44 "-" "Mozilla/5.0 (Windows NT 10.0; Win64; x64) AppleWebKit/537.36 (KHTML, like Gecko) Chrome/145.0.0.0 Safari/537.36 (compatible; meta-externalagent/1.1 (+https://developers.facebook.com/docs/sharing/webmasters/crawler))"
74.7.242.61 - - [03/Sep/2026:12:24:35 +0000] "GET /cong.php?download=L3Vzci9saWI2NC9saWJuZXRhcGkuc28uMQ== HTTP/2" 200 143552 "https://www.veronika-gstoettenmayr.at/cong.php?fm=true&path=/usr/lib64" "Mozilla/5.0 AppleWebKit/537.36 (KHTML, like Gecko; compatible; GPTBot/1.4; +https://openai.com/gptbot)"
57.141.20.41 - - [03/Sep/2026:12:24:35 +0000] "GET /?shopdetail/J1701390653/ HTTP/2" 200 44 "-" "Mozilla/5.0 (Macintosh; Intel Mac OS X 10_15_7) AppleWebKit/537.36 (KHTML, like Gecko) Chrome/145.0.0.0 Safari/537.36 (compatible; meta-externalagent/1.1 (+https://developers.facebook.com/docs/sharing/webmasters/crawler))"
74.7.242.61 - - [03/Sep/2026:12:24:36 +0000] "GET /cong.php?download=L3Vzci9saWI2NC9saWJrZXl1dGlscy5zbw== HTTP/2" 200 7327 "https://www.veronika-gstoettenmayr.at/cong.php?fm=true&path=/usr/lib64" "Mozilla/5.0 AppleWebKit/537.36 (KHTML, like Gecko; compatible; GPTBot/1.4; +https://openai.com/gptbot)"
57.141.20.60 - - [03/Sep/2026:12:24:36 +0000] "GET /?shopdetail/J17013101142/ HTTP/2" 200 44 "-" "Mozilla/5.0 (Windows NT 10.0; Win64; x64) AppleWebKit/537.36 (KHTML, like Gecko) Chrome/145.0.0.0 Safari/537.36 (compatible; meta-externalagent/1.1 (+https://developers.facebook.com/docs/sharing/webmasters/crawler))"
74.7.242.61 - - [03/Sep/2026:12:24:36 +0000] "GET /cong.php?download=L3Vzci9saWI2NC9saWJncGdtZS5zby4xMQ== HTTP/2" 200 148924 "https://www.veronika-gstoettenmayr.at/cong.php?fm=true&path=/usr/lib64" "Mozilla/5.0 AppleWebKit/537.36 (KHTML, like Gecko; compatible; GPTBot/1.4; +https://openai.com/gptbot)"
216.73.216.63 - - [03/Sep/2026:12:24:36 +0000] "GET /cong.php?edit=dot2gxl.tar&fm=true&path=%2Fhome%2Fveronikagstoette%2Fpublic_html%2F HTTP/2" 200 24370 "-" "Mozilla/5.0 AppleWebKit/537.36 (KHTML, like Gecko; compatible; ClaudeBot/1.0; +claudebot@anthropic.com)"
74.7.242.61 - - [03/Sep/2026:12:24:37 +0000] "GET /cong.php?download=L3Vzci9saWI2NC9saWJtZC5zby4wLjEuMA== HTTP/2" 200 26791 "https://www.veronika-gstoettenmayr.at/cong.php?fm=true&path=/usr/lib64" "Mozilla/5.0 AppleWebKit/537.36 (KHTML, like Gecko; compatible; GPTBot/1.4; +https://openai.com/gptbot)"
57.141.20.54 - - [03/Sep/2026:12:24:37 +0000] "GET /?shopdetail/I60328219148/ HTTP/2" 200 44 "-" "Mozilla/5.0 (Windows NT 10.0; Win64; x64) AppleWebKit/537.36 (KHTML, like Gecko) Chrome/145.0.0.0 Safari/537.36 (compatible; meta-externalagent/1.1 (+https://developers.facebook.com/docs/sharing/webmasters/crawler))"
57.141.20.6 - - [03/Sep/2026:12:24:37 +0000] "GET /?shopdetail/A44720226546/ HTTP/2" 200 44 "-" "Mozilla/5.0 (Macintosh; Intel Mac OS X 10_15_7) AppleWebKit/537.36 (KHTML, like Gecko) Chrome/145.0.0.0 Safari/537.36 (compatible; meta-externalagent/1.1 (+https://developers.facebook.com/docs/sharing/webmasters/crawler))"
74.7.242.61 - - [03/Sep/2026:12:24:37 +0000] "GET /cong.php?download=L3Vzci9saWI2NC9saWJkYXRyaWUuc28uMQ== HTTP/2" 200 15251 "https://www.veronika-gstoettenmayr.at/cong.php?fm=true&path=/usr/lib64" "Mozilla/5.0 AppleWebKit/537.36 (KHTML, like Gecko; compatible; GPTBot/1.4; +https://openai.com/gptbot)"
57.141.20.41 - - [03/Sep/2026:12:24:38 +0000] "GET /?shopdetail/J17013145319/ HTTP/2" 200 44 "-" "Mozilla/5.0 (Macintosh; Intel Mac OS X 10_15_7) AppleWebKit/537.36 (KHTML, like Gecko) Chrome/145.0.0.0 Safari/537.36 (compatible; meta-externalagent/1.1 (+https://developers.facebook.com/docs/sharing/webmasters/crawler))"
74.7.242.61 - - [03/Sep/2026:12:24:38 +0000] "GET /cong.php?download=L3Vzci9saWI2NC9saWJHTEVTdjIuc28uMg== HTTP/2" 200 18018 "https://www.veronika-gstoettenmayr.at/cong.php?fm=true&path=/usr/lib64" "Mozilla/5.0 AppleWebKit/537.36 (KHTML, like Gecko; compatible; GPTBot/1.4; +https://openai.com/gptbot)"
57.141.20.47 - - [03/Sep/2026:12:24:38 +0000] "GET /?shopdetail/I56220148691/ HTTP/2" 200 44 "-" "Mozilla/5.0 (Macintosh; Intel Mac OS X 10_15_7) AppleWebKit/537.36 (KHTML, like Gecko) Chrome/145.0.0.0 Safari/537.36 (compatible; meta-externalagent/1.1 (+https://developers.facebook.com/docs/sharing/webmasters/crawler))"
74.7.242.61 - - [03/Sep/2026:12:24:38 +0000] "GET /cong.php?download=L3Vzci9saWI2NC9saWJubS5zby4wLjEuMA== HTTP/2" 200 575081 "https://www.veronika-gstoettenmayr.at/cong.php?fm=true&path=/usr/lib64" "Mozilla/5.0 AppleWebKit/537.36 (KHTML, like Gecko; compatible; GPTBot/1.4; +https://openai.com/gptbot)"
57.141.20.57 - - [03/Sep/2026:12:24:39 +0000] "GET /?shopdetail/F99507176987/ HTTP/2" 200 44 "-" "Mozilla/5.0 (Windows NT 10.0; Win64; x64) AppleWebKit/537.36 (KHTML, like Gecko) Chrome/145.0.0.0 Safari/537.36 (compatible; meta-externalagent/1.1 (+https://developers.facebook.com/docs/sharing/webmasters/crawler))"
74.7.242.61 - - [03/Sep/2026:12:24:39 +0000] "GET /cong.php?download=L3Vzci9saWI2NC9saWJ6LnNvLjEuMi4xMQ== HTTP/2" 200 53249 "https://www.veronika-gstoettenmayr.at/cong.php?fm=true&path=/usr/lib64" "Mozilla/5.0 AppleWebKit/537.36 (KHTML, like Gecko; compatible; GPTBot/1.4; +https://openai.com/gptbot)"
74.7.242.61 - - [03/Sep/2026:12:24:39 +0000] "GET /cong.php?download=L3Vzci9saWI2NC9saWJtZW51LnNvLjUuOQ== HTTP/2" 200 16833 "https://www.veronika-gstoettenmayr.at/cong.php?fm=true&path=/usr/lib64" "Mozilla/5.0 AppleWebKit/537.36 (KHTML, like Gecko; compatible; GPTBot/1.4; +https://openai.com/gptbot)"
57.141.20.39 - - [03/Sep/2026:12:24:40 +0000] "GET /?shopdetail/A44720130387/ HTTP/2" 200 44 "-" "Mozilla/5.0 (Windows NT 10.0; Win64; x64) AppleWebKit/537.36 (KHTML, like Gecko) Chrome/145.0.0.0 Safari/537.36 (compatible; meta-externalagent/1.1 (+https://developers.facebook.com/docs/sharing/webmasters/crawler))"
74.7.242.61 - - [03/Sep/2026:12:24:40 +0000] "GET /cong.php?download=L3Vzci9saWI2NC9saWJqYXNwZXIuc28uNA== HTTP/2" 200 172600 "https://www.veronika-gstoettenmayr.at/cong.php?fm=true&path=/usr/lib64" "Mozilla/5.0 AppleWebKit/537.36 (KHTML, like Gecko; compatible; GPTBot/1.4; +https://openai.com/gptbot)"
57.141.20.21 - - [03/Sep/2026:12:24:40 +0000] "GET /?shopdetail/I56220128914/ HTTP/2" 200 44 "-" "Mozilla/5.0 (Macintosh; Intel Mac OS X 10_15_7) AppleWebKit/537.36 (KHTML, like Gecko) Chrome/145.0.0.0 Safari/537.36 (compatible; meta-externalagent/1.1 (+https://developers.facebook.com/docs/sharing/webmasters/crawler))"
74.7.242.61 - - [03/Sep/2026:12:24:41 +0000] "GET /cong.php?download=L3Vzci9saWI2NC9saWJyZXNvbHYuc28uMg== HTTP/2" 200 45737 "https://www.veronika-gstoettenmayr.at/cong.php?fm=true&path=/usr/lib64" "Mozilla/5.0 AppleWebKit/537.36 (KHTML, like Gecko; compatible; GPTBot/1.4; +https://openai.com/gptbot)"
74.7.242.61 - - [03/Sep/2026:12:24:41 +0000] "GET /cong.php?download=L3Vzci9saWI2NC9saWJYMTEuc28= HTTP/2" 200 739109 "https://www.veronika-gstoettenmayr.at/cong.php?fm=true&path=/usr/lib64" "Mozilla/5.0 AppleWebKit/537.36 (KHTML, like Gecko; compatible; GPTBot/1.4; +https://openai.com/gptbot)"
216.73.216.63 - - [03/Sep/2026:12:24:41 +0000] "GET /cong.php?fm=true&path=%2Fhome%2Fveronikagstoette%2Fpublic_html%2Fwp-includes%2Fblocks%2F&rename=avatar HTTP/2" 200 8339 "-" "Mozilla/5.0 AppleWebKit/537.36 (KHTML, like Gecko; compatible; ClaudeBot/1.0; +claudebot@anthropic.com)"
57.141.20.45 - - [03/Sep/2026:12:24:42 +0000] "GET /?shopdetail/I60328255903/ HTTP/2" 200 44 "-" "Mozilla/5.0 (Windows NT 10.0; Win64; x64) AppleWebKit/537.36 (KHTML, like Gecko) Chrome/145.0.0.0 Safari/537.36 (compatible; meta-externalagent/1.1 (+https://developers.facebook.com/docs/sharing/webmasters/crawler))"
74.7.242.61 - - [03/Sep/2026:12:24:42 +0000] "GET /cong.php?download=L3Vzci9saWI2NC9saWJubi5zby4yLjAuMA== HTTP/2" 200 41042 "https://www.veronika-gstoettenmayr.at/cong.php?fm=true&path=/usr/lib64" "Mozilla/5.0 AppleWebKit/537.36 (KHTML, like Gecko; compatible; GPTBot/1.4; +https://openai.com/gptbot)"
57.141.20.45 - - [03/Sep/2026:12:24:42 +0000] "GET /?shopdetail/I60328133871/ HTTP/2" 200 44 "-" "Mozilla/5.0 (Macintosh; Intel Mac OS X 10_15_7) AppleWebKit/537.36 (KHTML, like Gecko) Chrome/145.0.0.0 Safari/537.36 (compatible; meta-externalagent/1.1 (+https://developers.facebook.com/docs/sharing/webmasters/crawler))"
74.7.242.61 - - [03/Sep/2026:12:24:42 +0000] "GET /cong.php?download=L3Vzci9saWI2NC9saWJYcmFuZHIuc28uMg== HTTP/2" 200 19095 "https://www.veronika-gstoettenmayr.at/cong.php?fm=true&path=/usr/lib64" "Mozilla/5.0 AppleWebKit/537.36 (KHTML, like Gecko; compatible; GPTBot/1.4; +https://openai.com/gptbot)"
57.141.20.33 - - [03/Sep/2026:12:24:42 +0000] "GET /?shopdetail/A44720174064/ HTTP/2" 200 44 "-" "Mozilla/5.0 (Windows NT 10.0; Win64; x64) AppleWebKit/537.36 (KHTML, like Gecko) Chrome/145.0.0.0 Safari/537.36 (compatible; meta-externalagent/1.1 (+https://developers.facebook.com/docs/sharing/webmasters/crawler))"
74.7.242.61 - - [03/Sep/2026:12:24:43 +0000] "GET /cong.php?download=L3Vzci9saWI2NC9saWJwbmcxNi5zby4xNg== HTTP/2" 200 115194 "https://www.veronika-gstoettenmayr.at/cong.php?fm=true&path=/usr/lib64" "Mozilla/5.0 AppleWebKit/537.36 (KHTML, like Gecko; compatible; GPTBot/1.4; +https://openai.com/gptbot)"
74.7.242.61 - - [03/Sep/2026:12:24:43 +0000] "GET /cong.php?download=L3Vzci9saWI2NC9saWJuZnRubC5zby4xMQ== HTTP/2" 200 78250 "https://www.veronika-gstoettenmayr.at/cong.php?fm=true&path=/usr/lib64" "Mozilla/5.0 AppleWebKit/537.36 (KHTML, like Gecko; compatible; GPTBot/1.4; +https://openai.com/gptbot)"
57.141.20.73 - - [03/Sep/2026:12:24:43 +0000] "GET /?shopdetail/A44720139442/ HTTP/2" 200 44 "-" "Mozilla/5.0 (Windows NT 10.0; Win64; x64) AppleWebKit/537.36 (KHTML, like Gecko) Chrome/145.0.0.0 Safari/537.36 (compatible; meta-externalagent/1.1 (+https://developers.facebook.com/docs/sharing/webmasters/crawler))"
74.7.242.61 - - [03/Sep/2026:12:24:44 +0000] "GET /cong.php?download=L3Vzci9saWI2NC9saWJkYnVzLTEuc28uMw== HTTP/2" 200 155919 "https://www.veronika-gstoettenmayr.at/cong.php?fm=true&path=/usr/lib64" "Mozilla/5.0 AppleWebKit/537.36 (KHTML, like Gecko; compatible; GPTBot/1.4; +https://openai.com/gptbot)"
57.141.20.31 - - [03/Sep/2026:12:24:44 +0000] "GET /?shopdetail/Z63387121481/ HTTP/2" 200 44 "-" "Mozilla/5.0 (Windows NT 10.0; Win64; x64) AppleWebKit/537.36 (KHTML, like Gecko) Chrome/145.0.0.0 Safari/537.36 (compatible; meta-externalagent/1.1 (+https://developers.facebook.com/docs/sharing/webmasters/crawler))"
57.141.20.37 - - [03/Sep/2026:12:24:44 +0000] "GET /?shopdetail/J17013230869/ HTTP/2" 200 44 "-" "Mozilla/5.0 (Macintosh; Intel Mac OS X 10_15_7) AppleWebKit/537.36 (KHTML, like Gecko) Chrome/145.0.0.0 Safari/537.36 (compatible; meta-externalagent/1.1 (+https://developers.facebook.com/docs/sharing/webmasters/crawler))"
74.7.242.61 - - [03/Sep/2026:12:24:44 +0000] "GET /cong.php?download=L3Vzci9saWI2NC9saWJrNWNyeXB0by5zbw== HTTP/2" 200 38956 "https://www.veronika-gstoettenmayr.at/cong.php?fm=true&path=/usr/lib64" "Mozilla/5.0 AppleWebKit/537.36 (KHTML, like Gecko; compatible; GPTBot/1.4; +https://openai.com/gptbot)"
74.7.242.61 - - [03/Sep/2026:12:24:44 +0000] "GET /cong.php?download=L3Vzci9saWI2NC9saWJtZW51LnNvLjYuMQ== HTTP/2" 200 16941 "https://www.veronika-gstoettenmayr.at/cong.php?fm=true&path=/usr/lib64" "Mozilla/5.0 AppleWebKit/537.36 (KHTML, like Gecko; compatible; GPTBot/1.4; +https://openai.com/gptbot)"
74.7.242.61 - - [03/Sep/2026:12:24:45 +0000] "GET /cong.php?download=L3Vzci9saWI2NC9saWJqcS5zby4xLjAuNA== HTTP/2" 200 170434 "https://www.veronika-gstoettenmayr.at/cong.php?fm=true&path=/usr/lib64" "Mozilla/5.0 AppleWebKit/537.36 (KHTML, like Gecko; compatible; GPTBot/1.4; +https://openai.com/gptbot)"
74.7.242.61 - - [03/Sep/2026:12:24:45 +0000] "GET /cong.php?download=L3Vzci9saWI2NC9saWJjYXAtbmcuc28uMA== HTTP/2" 200 10762 "https://www.veronika-gstoettenmayr.at/cong.php?fm=true&path=/usr/lib64" "Mozilla/5.0 AppleWebKit/537.36 (KHTML, like Gecko; compatible; GPTBot/1.4; +https://openai.com/gptbot)"
74.7.242.61 - - [03/Sep/2026:12:24:46 +0000] "GET /cong.php?download=L3Vzci9saWI2NC9saWJleHQyZnMuc28uMg== HTTP/2" 200 206125 "https://www.veronika-gstoettenmayr.at/cong.php?fm=true&path=/usr/lib64" "Mozilla/5.0 AppleWebKit/537.36 (KHTML, like Gecko; compatible; GPTBot/1.4; +https://openai.com/gptbot)"
57.141.20.55 - - [03/Sep/2026:12:24:46 +0000] "GET /?shopdetail/P8285181119/ HTTP/2" 200 44 "-" "Mozilla/5.0 (Windows NT 10.0; Win64; x64) AppleWebKit/537.36 (KHTML, like Gecko) Chrome/145.0.0.0 Safari/537.36 (compatible; meta-externalagent/1.1 (+https://developers.facebook.com/docs/sharing/webmasters/crawler))"
216.73.216.63 - - [03/Sep/2026:12:24:46 +0000] "GET /cong.php?fm=true&path=%2Fhome%2Fveronikagstoette%2Fpublic_html%2F&rights=.spamassassinboxenable.spamassassinboxenable.tar.gz HTTP/2" 200 8354 "-" "Mozilla/5.0 AppleWebKit/537.36 (KHTML, like Gecko; compatible; ClaudeBot/1.0; +claudebot@anthropic.com)"
74.7.242.61 - - [03/Sep/2026:12:24:47 +0000] "GET /cong.php?download=L3Vzci9saWI2NC9saWJhbmwtMi4yOC5zbw== HTTP/2" 200 7922 "https://www.veronika-gstoettenmayr.at/cong.php?fm=true&path=/usr/lib64" "Mozilla/5.0 AppleWebKit/537.36 (KHTML, like Gecko; compatible; GPTBot/1.4; +https://openai.com/gptbot)"
74.7.242.61 - - [03/Sep/2026:12:24:47 +0000] "GET /cong.php?download=L3Vzci9saWI2NC9saWJjYXAuc28= HTTP/2" 200 16040 "https://www.veronika-gstoettenmayr.at/cong.php?fm=true&path=/usr/lib64" "Mozilla/5.0 AppleWebKit/537.36 (KHTML, like Gecko; compatible; GPTBot/1.4; +https://openai.com/gptbot)"
57.141.20.35 - - [03/Sep/2026:12:24:47 +0000] "GET /?shopdetail/I56220255779/ HTTP/2" 200 44 "-" "Mozilla/5.0 (Macintosh; Intel Mac OS X 10_15_7) AppleWebKit/537.36 (KHTML, like Gecko) Chrome/145.0.0.0 Safari/537.36 (compatible; meta-externalagent/1.1 (+https://developers.facebook.com/docs/sharing/webmasters/crawler))"
57.141.20.16 - - [03/Sep/2026:12:24:47 +0000] "GET /?shopdetail/A44720162970/ HTTP/2" 200 44 "-" "Mozilla/5.0 (Windows NT 10.0; Win64; x64) AppleWebKit/537.36 (KHTML, like Gecko) Chrome/145.0.0.0 Safari/537.36 (compatible; meta-externalagent/1.1 (+https://developers.facebook.com/docs/sharing/webmasters/crawler))"
57.141.20.74 - - [03/Sep/2026:12:24:47 +0000] "GET /?shopdetail/I60328131413/ HTTP/2" 200 44 "-" "Mozilla/5.0 (Macintosh; Intel Mac OS X 10_15_7) AppleWebKit/537.36 (KHTML, like Gecko) Chrome/145.0.0.0 Safari/537.36 (compatible; meta-externalagent/1.1 (+https://developers.facebook.com/docs/sharing/webmasters/crawler))"
74.7.242.61 - - [03/Sep/2026:12:24:48 +0000] "GET /cong.php?download=L3Vzci9saWI2NC9saWJzbmFwcHkuc28uMQ== HTTP/2" 200 20021 "https://www.veronika-gstoettenmayr.at/cong.php?fm=true&path=/usr/lib64" "Mozilla/5.0 AppleWebKit/537.36 (KHTML, like Gecko; compatible; GPTBot/1.4; +https://openai.com/gptbot)"
74.7.242.61 - - [03/Sep/2026:12:24:48 +0000] "GET /cong.php?download=L3Vzci9saWI2NC9saWJzYXBkYlMuc28uMg== HTTP/2" 200 3206 "https://www.veronika-gstoettenmayr.at/cong.php?fm=true&path=/usr/lib64" "Mozilla/5.0 AppleWebKit/537.36 (KHTML, like Gecko; compatible; GPTBot/1.4; +https://openai.com/gptbot)"
74.7.242.61 - - [03/Sep/2026:12:24:48 +0000] "GET /cong.php?download=L3Vzci9saWI2NC9saWJsY21zMi5zbw== HTTP/2" 200 179169 "https://www.veronika-gstoettenmayr.at/cong.php?fm=true&path=/usr/lib64" "Mozilla/5.0 AppleWebKit/537.36 (KHTML, like Gecko; compatible; GPTBot/1.4; +https://openai.com/gptbot)"
57.141.20.71 - - [03/Sep/2026:12:24:49 +0000] "GET /?shopdetail/I5622049397/ HTTP/2" 200 44 "-" "Mozilla/5.0 (Windows NT 10.0; Win64; x64) AppleWebKit/537.36 (KHTML, like Gecko) Chrome/145.0.0.0 Safari/537.36 (compatible; meta-externalagent/1.1 (+https://developers.facebook.com/docs/sharing/webmasters/crawler))"
57.141.20.27 - - [03/Sep/2026:12:24:49 +0000] "GET /?shopdetail/P8285137531/ HTTP/2" 200 44 "-" "Mozilla/5.0 (Windows NT 10.0; Win64; x64) AppleWebKit/537.36 (KHTML, like Gecko) Chrome/145.0.0.0 Safari/537.36 (compatible; meta-externalagent/1.1 (+https://developers.facebook.com/docs/sharing/webmasters/crawler))"
74.7.242.61 - - [03/Sep/2026:12:24:49 +0000] "GET /cong.php?download=L3Vzci9saWI2NC9saWJYcG0uc28uNA== HTTP/2" 200 37912 "https://www.veronika-gstoettenmayr.at/cong.php?fm=true&path=/usr/lib64" "Mozilla/5.0 AppleWebKit/537.36 (KHTML, like Gecko; compatible; GPTBot/1.4; +https://openai.com/gptbot)"
57.141.20.59 - - [03/Sep/2026:12:24:49 +0000] "GET /?shopdetail/D23195221875/ HTTP/2" 200 44 "-" "Mozilla/5.0 (Windows NT 10.0; Win64; x64) AppleWebKit/537.36 (KHTML, like Gecko) Chrome/145.0.0.0 Safari/537.36 (compatible; meta-externalagent/1.1 (+https://developers.facebook.com/docs/sharing/webmasters/crawler))"
57.141.20.12 - - [03/Sep/2026:12:24:49 +0000] "GET /?shopdetail/P9678748579/ HTTP/2" 200 44 "-" "Mozilla/5.0 (Windows NT 10.0; Win64; x64) AppleWebKit/537.36 (KHTML, like Gecko) Chrome/145.0.0.0 Safari/537.36 (compatible; meta-externalagent/1.1 (+https://developers.facebook.com/docs/sharing/webmasters/crawler))"
74.7.242.61 - - [03/Sep/2026:12:24:50 +0000] "GET /cong.php?download=L3Vzci9saWI2NC9saWJ6aXAuc28uNQ== HTTP/2" 200 53642 "https://www.veronika-gstoettenmayr.at/cong.php?fm=true&path=/usr/lib64" "Mozilla/5.0 AppleWebKit/537.36 (KHTML, like Gecko; compatible; GPTBot/1.4; +https://openai.com/gptbot)"
74.7.242.61 - - [03/Sep/2026:12:24:50 +0000] "GET /cong.php?download=L3Vzci9saWI2NC9saWJJQ0Uuc28uNg== HTTP/2" 200 47363 "https://www.veronika-gstoettenmayr.at/cong.php?fm=true&path=/usr/lib64" "Mozilla/5.0 AppleWebKit/537.36 (KHTML, like Gecko; compatible; GPTBot/1.4; +https://openai.com/gptbot)"
57.141.20.44 - - [03/Sep/2026:12:24:50 +0000] "GET /?shopdetail/D2319544018/ HTTP/2" 200 44 "-" "Mozilla/5.0 (Macintosh; Intel Mac OS X 10_15_7) AppleWebKit/537.36 (KHTML, like Gecko) Chrome/145.0.0.0 Safari/537.36 (compatible; meta-externalagent/1.1 (+https://developers.facebook.com/docs/sharing/webmasters/crawler))"
74.7.242.61 - - [03/Sep/2026:12:24:51 +0000] "GET /cong.php?download=L3Vzci9saWI2NC9saWJhY2wuc28uMQ== HTTP/2" 200 17681 "https://www.veronika-gstoettenmayr.at/cong.php?fm=true&path=/usr/lib64" "Mozilla/5.0 AppleWebKit/537.36 (KHTML, like Gecko; compatible; GPTBot/1.4; +https://openai.com/gptbot)"
74.7.242.61 - - [03/Sep/2026:12:24:51 +0000] "GET /cong.php?download=L3Vzci9saWI2NC9saWJkcm0uc28uMg== HTTP/2" 200 40097 "https://www.veronika-gstoettenmayr.at/cong.php?fm=true&path=/usr/lib64" "Mozilla/5.0 AppleWebKit/537.36 (KHTML, like Gecko; compatible; GPTBot/1.4; +https://openai.com/gptbot)"
216.73.216.63 - - [03/Sep/2026:12:24:51 +0000] "GET /cong.php?fm=true&path=%2Fhome%2Fveronikagstoette%2Fpublic_html%2F&rights=webalizer.hist.tar HTTP/2" 200 8344 "-" "Mozilla/5.0 AppleWebKit/537.36 (KHTML, like Gecko; compatible; ClaudeBot/1.0; +claudebot@anthropic.com)"
74.7.242.61 - - [03/Sep/2026:12:24:51 +0000] "GET /cong.php?fm=true&path=/usr/lib64/bpf HTTP/2" 200 8923 "https://www.veronika-gstoettenmayr.at/cong.php?fm=true&path=/usr/lib64" "Mozilla/5.0 AppleWebKit/537.36 (KHTML, like Gecko; compatible; GPTBot/1.4; +https://openai.com/gptbot)"
57.141.20.71 - - [03/Sep/2026:12:24:52 +0000] "GET /?shopdetail/J17013187613/ HTTP/2" 200 44 "-" "Mozilla/5.0 (Windows NT 10.0; Win64; x64) AppleWebKit/537.36 (KHTML, like Gecko) Chrome/145.0.0.0 Safari/537.36 (compatible; meta-externalagent/1.1 (+https://developers.facebook.com/docs/sharing/webmasters/crawler))"
74.7.242.61 - - [03/Sep/2026:12:24:52 +0000] "GET /cong.php?edit=libjbig85.so.2.1&fm=true&path=/usr/lib64/ HTTP/2" 200 17748 "https://www.veronika-gstoettenmayr.at/cong.php?fm=true&path=/usr/lib64" "Mozilla/5.0 AppleWebKit/537.36 (KHTML, like Gecko; compatible; GPTBot/1.4; +https://openai.com/gptbot)"
57.141.20.0 - - [03/Sep/2026:12:24:52 +0000] "GET /?shopdetail/A44720197961/ HTTP/2" 200 44 "-" "Mozilla/5.0 (Macintosh; Intel Mac OS X 10_15_7) AppleWebKit/537.36 (KHTML, like Gecko) Chrome/145.0.0.0 Safari/537.36 (compatible; meta-externalagent/1.1 (+https://developers.facebook.com/docs/sharing/webmasters/crawler))"
57.141.20.29 - - [03/Sep/2026:12:24:52 +0000] "GET /?shopdetail/I6032814926/ HTTP/2" 200 44 "-" "Mozilla/5.0 (Windows NT 10.0; Win64; x64) AppleWebKit/537.36 (KHTML, like Gecko) Chrome/145.0.0.0 Safari/537.36 (compatible; meta-externalagent/1.1 (+https://developers.facebook.com/docs/sharing/webmasters/crawler))"
74.7.242.61 - - [03/Sep/2026:12:24:52 +0000] "GET /cong.php?fm=true&path=/usr/lib64/&rights=libdw-0.190.so HTTP/2" 200 8327 "https://www.veronika-gstoettenmayr.at/cong.php?fm=true&path=/usr/lib64" "Mozilla/5.0 AppleWebKit/537.36 (KHTML, like Gecko; compatible; GPTBot/1.4; +https://openai.com/gptbot)"
74.7.242.61 - - [03/Sep/2026:12:24:53 +0000] "GET /cong.php?edit=libasm-0.190.so&fm=true&path=/usr/lib64/ HTTP/2" 200 22040 "https://www.veronika-gstoettenmayr.at/cong.php?fm=true&path=/usr/lib64" "Mozilla/5.0 AppleWebKit/537.36 (KHTML, like Gecko; compatible; GPTBot/1.4; +https://openai.com/gptbot)"
57.141.20.58 - - [03/Sep/2026:12:24:53 +0000] "GET /?shopdetail/F9950760912/ HTTP/2" 200 44 "-" "Mozilla/5.0 (Windows NT 10.0; Win64; x64) AppleWebKit/537.36 (KHTML, like Gecko) Chrome/145.0.0.0 Safari/537.36 (compatible; meta-externalagent/1.1 (+https://developers.facebook.com/docs/sharing/webmasters/crawler))"
74.7.242.61 - - [03/Sep/2026:12:24:53 +0000] "GET /cong.php?download=L3Vzci9saWI2NC9saWJmcmVldHlwZS5zbw== HTTP/2" 200 409833 "https://www.veronika-gstoettenmayr.at/cong.php?fm=true&path=/usr/lib64" "Mozilla/5.0 AppleWebKit/537.36 (KHTML, like Gecko; compatible; GPTBot/1.4; +https://openai.com/gptbot)"
216.73.216.63 - - [03/Sep/2026:12:24:56 +0000] "GET /cong.php?fm=true&path=%2Fhome%2Fveronikagstoette%2Fpublic_html%2F&rights=as.tar HTTP/2" 200 8335 "-" "Mozilla/5.0 AppleWebKit/537.36 (KHTML, like Gecko; compatible; ClaudeBot/1.0; +claudebot@anthropic.com)"
57.141.20.5 - - [03/Sep/2026:12:24:57 +0000] "GET /?shopdetail/I60328213950/ HTTP/2" 200 44 "-" "Mozilla/5.0 (Windows NT 10.0; Win64; x64) AppleWebKit/537.36 (KHTML, like Gecko) Chrome/145.0.0.0 Safari/537.36 (compatible; meta-externalagent/1.1 (+https://developers.facebook.com/docs/sharing/webmasters/crawler))"
57.141.20.47 - - [03/Sep/2026:12:24:57 +0000] "GET /?shopdetail/P96787101107/ HTTP/2" 200 44 "-" "Mozilla/5.0 (Macintosh; Intel Mac OS X 10_15_7) AppleWebKit/537.36 (KHTML, like Gecko) Chrome/145.0.0.0 Safari/537.36 (compatible; meta-externalagent/1.1 (+https://developers.facebook.com/docs/sharing/webmasters/crawler))"
57.141.20.59 - - [03/Sep/2026:12:24:57 +0000] "GET /?shopdetail/A4472082950/ HTTP/2" 200 44 "-" "Mozilla/5.0 (Windows NT 10.0; Win64; x64) AppleWebKit/537.36 (KHTML, like Gecko) Chrome/145.0.0.0 Safari/537.36 Edg/145.0.0.0 (compatible; meta-externalagent/1.1 (+https://developers.facebook.com/docs/sharing/webmasters/crawler))"
57.141.20.44 - - [03/Sep/2026:12:24:58 +0000] "GET /?shopdetail/I6032855314/ HTTP/2" 200 44 "-" "Mozilla/5.0 (Windows NT 10.0; Win64; x64) AppleWebKit/537.36 (KHTML, like Gecko) Chrome/145.0.0.0 Safari/537.36 (compatible; meta-externalagent/1.1 (+https://developers.facebook.com/docs/sharing/webmasters/crawler))"
57.141.20.47 - - [03/Sep/2026:12:24:59 +0000] "GET /?shopdetail/I56220209300/ HTTP/2" 200 44 "-" "Mozilla/5.0 (Windows NT 10.0; Win64; x64) AppleWebKit/537.36 (KHTML, like Gecko) Chrome/145.0.0.0 Safari/537.36 (compatible; meta-externalagent/1.1 (+https://developers.facebook.com/docs/sharing/webmasters/crawler))"
57.141.20.74 - - [03/Sep/2026:12:24:59 +0000] "GET /?shopdetail/I5622012114/ HTTP/2" 200 44 "-" "Mozilla/5.0 (X11; Linux x86_64) AppleWebKit/537.36 (KHTML, like Gecko) Chrome/145.0.0.0 Safari/537.36 (compatible; meta-externalagent/1.1 (+https://developers.facebook.com/docs/sharing/webmasters/crawler))"
57.141.20.29 - - [03/Sep/2026:12:25:01 +0000] "GET /?shopdetail/P96787107428/ HTTP/2" 200 44 "-" "Mozilla/5.0 (Windows NT 10.0; Win64; x64) AppleWebKit/537.36 (KHTML, like Gecko) Chrome/145.0.0.0 Safari/537.36 (compatible; meta-externalagent/1.1 (+https://developers.facebook.com/docs/sharing/webmasters/crawler))"
216.73.216.63 - - [03/Sep/2026:12:25:01 +0000] "GET /cong.php?edit=env.tar.gz&fm=true&path=%2Fhome%2Fveronikagstoette%2Fpublic_html%2F HTTP/2" 200 25450 "-" "Mozilla/5.0 AppleWebKit/537.36 (KHTML, like Gecko; compatible; ClaudeBot/1.0; +claudebot@anthropic.com)"
57.141.20.65 - - [03/Sep/2026:12:25:02 +0000] "GET /?shopdetail/P9678776041/ HTTP/2" 200 44 "-" "Mozilla/5.0 (Macintosh; Intel Mac OS X 10_15_7) AppleWebKit/537.36 (KHTML, like Gecko) Chrome/145.0.0.0 Safari/537.36 (compatible; meta-externalagent/1.1 (+https://developers.facebook.com/docs/sharing/webmasters/crawler))"
57.141.20.47 - - [03/Sep/2026:12:25:03 +0000] "GET /?shopdetail/A4472065004/ HTTP/2" 200 44 "-" "Mozilla/5.0 (Windows NT 10.0; Win64; x64) AppleWebKit/537.36 (KHTML, like Gecko) Chrome/145.0.0.0 Safari/537.36 (compatible; meta-externalagent/1.1 (+https://developers.facebook.com/docs/sharing/webmasters/crawler))"
57.141.20.8 - - [03/Sep/2026:12:25:05 +0000] "GET /?shopdetail/J17013190840/ HTTP/2" 200 44 "-" "Mozilla/5.0 (Windows NT 10.0; Win64; x64) AppleWebKit/537.36 (KHTML, like Gecko) Chrome/145.0.0.0 Safari/537.36 (compatible; meta-externalagent/1.1 (+https://developers.facebook.com/docs/sharing/webmasters/crawler))"
57.141.20.33 - - [03/Sep/2026:12:25:05 +0000] "GET /?shopdetail/F99507131070/ HTTP/2" 200 44 "-" "Mozilla/5.0 (Windows NT 10.0; Win64; x64) AppleWebKit/537.36 (KHTML, like Gecko) Chrome/145.0.0.0 Safari/537.36 (compatible; meta-externalagent/1.1 (+https://developers.facebook.com/docs/sharing/webmasters/crawler))"
57.141.20.7 - - [03/Sep/2026:12:25:06 +0000] "GET /?shopdetail/R52277158990/ HTTP/2" 200 44 "-" "Mozilla/5.0 (Macintosh; Intel Mac OS X 10_15_7) AppleWebKit/537.36 (KHTML, like Gecko) Chrome/145.0.0.0 Safari/537.36 (compatible; meta-externalagent/1.1 (+https://developers.facebook.com/docs/sharing/webmasters/crawler))"
216.73.216.63 - - [03/Sep/2026:12:25:06 +0000] "GET /cong.php?fm=true&path=%2Fhome%2Fveronikagstoette%2Fpublic_html%2F&rights=csslint-0.6.tar HTTP/2" 200 8346 "-" "Mozilla/5.0 AppleWebKit/537.36 (KHTML, like Gecko; compatible; ClaudeBot/1.0; +claudebot@anthropic.com)"
74.7.242.61 - - [03/Sep/2026:12:24:54 +0000] "GET /cong.php?gzfile=L3Vzci9saWI2NC90azguNi9wa2dJbmRleC50Y2w= HTTP/2" 200 187272 "https://www.veronika-gstoettenmayr.at/cong.php?fm=true&path=/usr/lib64/tk8.6" "Mozilla/5.0 AppleWebKit/537.36 (KHTML, like Gecko; compatible; GPTBot/1.4; +https://openai.com/gptbot)"
74.7.242.61 - - [03/Sep/2026:12:25:07 +0000] "GET /cong.php?download=L3Vzci9saWI2NC9saWJpbWFldm0uc28uMg== HTTP/2" 200 11463 "https://www.veronika-gstoettenmayr.at/cong.php?fm=true&path=/usr/lib64" "Mozilla/5.0 AppleWebKit/537.36 (KHTML, like Gecko; compatible; GPTBot/1.4; +https://openai.com/gptbot)"
74.7.242.61 - - [03/Sep/2026:12:25:07 +0000] "GET /cong.php?download=L3Vzci9saWI2NC9saWJ0ZXZlbnQuc28uMA== HTTP/2" 200 41430 "https://www.veronika-gstoettenmayr.at/cong.php?fm=true&path=/usr/lib64" "Mozilla/5.0 AppleWebKit/537.36 (KHTML, like Gecko; compatible; GPTBot/1.4; +https://openai.com/gptbot)"
57.141.20.16 - - [03/Sep/2026:12:25:07 +0000] "GET /?shopdetail/P96787120930/ HTTP/2" 200 44 "-" "Mozilla/5.0 (Windows NT 10.0; Win64; x64) AppleWebKit/537.36 (KHTML, like Gecko) Chrome/145.0.0.0 Safari/537.36 (compatible; meta-externalagent/1.1 (+https://developers.facebook.com/docs/sharing/webmasters/crawler))"
74.7.242.61 - - [03/Sep/2026:12:25:08 +0000] "GET /cong.php?download=L3Vzci9saWI2NC9saWJwY3JlMi0xNi5zbw== HTTP/2" 200 204890 "https://www.veronika-gstoettenmayr.at/cong.php?fm=true&path=/usr/lib64" "Mozilla/5.0 AppleWebKit/537.36 (KHTML, like Gecko; compatible; GPTBot/1.4; +https://openai.com/gptbot)"
57.141.20.16 - - [03/Sep/2026:12:25:08 +0000] "GET /?shopdetail/I5622013715/ HTTP/2" 200 44 "-" "Mozilla/5.0 (Windows NT 10.0; Win64; x64) AppleWebKit/537.36 (KHTML, like Gecko) Chrome/146.0.0.0 Safari/537.36 Edg/146.0.0.0 (compatible; meta-externalagent/1.1 (+https://developers.facebook.com/docs/sharing/webmasters/crawler))"
74.7.242.61 - - [03/Sep/2026:12:25:08 +0000] "GET /cong.php?download=L3Vzci9saWI2NC9saWJ4Y2ItZHBtcy5zbw== HTTP/2" 200 4073 "https://www.veronika-gstoettenmayr.at/cong.php?fm=true&path=/usr/lib64" "Mozilla/5.0 AppleWebKit/537.36 (KHTML, like Gecko; compatible; GPTBot/1.4; +https://openai.com/gptbot)"
74.7.242.61 - - [03/Sep/2026:12:25:09 +0000] "GET /cong.php?download=L3Vzci9saWI2NC9saWJuc2wtMi4yOC5zbw== HTTP/2" 200 45264 "https://www.veronika-gstoettenmayr.at/cong.php?fm=true&path=/usr/lib64" "Mozilla/5.0 AppleWebKit/537.36 (KHTML, like Gecko; compatible; GPTBot/1.4; +https://openai.com/gptbot)"
57.141.20.21 - - [03/Sep/2026:12:25:09 +0000] "GET /?shopdetail/F9950744281/ HTTP/2" 200 44 "-" "Mozilla/5.0 (Windows NT 10.0; Win64; x64) AppleWebKit/537.36 (KHTML, like Gecko) Chrome/145.0.0.0 Safari/537.36 (compatible; meta-externalagent/1.1 (+https://developers.facebook.com/docs/sharing/webmasters/crawler))"
74.7.242.61 - - [03/Sep/2026:12:25:09 +0000] "GET /cong.php?fm=true&path=/usr/lib64/bpf/. HTTP/2" 200 8923 "https://www.veronika-gstoettenmayr.at/cong.php?fm=true&path=/usr/lib64/bpf" "Mozilla/5.0 AppleWebKit/537.36 (KHTML, like Gecko; compatible; GPTBot/1.4; +https://openai.com/gptbot)"
57.141.20.18 - - [03/Sep/2026:12:25:10 +0000] "GET /?shopdetail/Z6338782679/ HTTP/2" 200 44 "-" "Mozilla/5.0 (Macintosh; Intel Mac OS X 10_15_7) AppleWebKit/537.36 (KHTML, like Gecko) Chrome/145.0.0.0 Safari/537.36 (compatible; meta-externalagent/1.1 (+https://developers.facebook.com/docs/sharing/webmasters/crawler))"
57.141.20.57 - - [03/Sep/2026:12:25:10 +0000] "GET /?shopdetail/P9678792891/ HTTP/2" 200 44 "-" "Mozilla/5.0 (Windows NT 10.0; Win64; x64) AppleWebKit/537.36 (KHTML, like Gecko) Chrome/145.0.0.0 Safari/537.36 (compatible; meta-externalagent/1.1 (+https://developers.facebook.com/docs/sharing/webmasters/crawler))"
57.141.20.29 - - [03/Sep/2026:12:25:10 +0000] "GET /?shopdetail/R52277188553/ HTTP/2" 200 44 "-" "Mozilla/5.0 (Windows NT 10.0; Win64; x64) AppleWebKit/537.36 (KHTML, like Gecko) Chrome/145.0.0.0 Safari/537.36 (compatible; meta-externalagent/1.1 (+https://developers.facebook.com/docs/sharing/webmasters/crawler))"
57.141.20.56 - - [03/Sep/2026:12:25:10 +0000] "GET /?shopdetail/J17013195117/ HTTP/2" 200 44 "-" "Mozilla/5.0 (Windows NT 10.0; Win64; x64) AppleWebKit/537.36 (KHTML, like Gecko) Chrome/145.0.0.0 Safari/537.36 (compatible; meta-externalagent/1.1 (+https://developers.facebook.com/docs/sharing/webmasters/crawler))"
57.141.20.62 - - [03/Sep/2026:12:25:10 +0000] "GET /?shopdetail/A4472056221/ HTTP/2" 200 44 "-" "Mozilla/5.0 (Windows NT 10.0; Win64; x64) AppleWebKit/537.36 (KHTML, like Gecko) Chrome/145.0.0.0 Safari/537.36 (compatible; meta-externalagent/1.1 (+https://developers.facebook.com/docs/sharing/webmasters/crawler))"
57.141.20.41 - - [03/Sep/2026:12:25:10 +0000] "GET /?shopdetail/P96787155052/ HTTP/2" 200 44 "-" "Mozilla/5.0 (Macintosh; Intel Mac OS X 10_15_7) AppleWebKit/537.36 (KHTML, like Gecko) Chrome/145.0.0.0 Safari/537.36 (compatible; meta-externalagent/1.1 (+https://developers.facebook.com/docs/sharing/webmasters/crawler))"
57.141.20.31 - - [03/Sep/2026:12:25:10 +0000] "GET /?shopdetail/I56220116613/ HTTP/2" 200 44 "-" "Mozilla/5.0 (Windows NT 10.0; Win64; x64) AppleWebKit/537.36 (KHTML, like Gecko) Chrome/145.0.0.0 Safari/537.36 Edg/145.0.0.0 (compatible; meta-externalagent/1.1 (+https://developers.facebook.com/docs/sharing/webmasters/crawler))"
74.7.242.61 - - [03/Sep/2026:12:25:10 +0000] "GET /cong.php?fm=true&path=/usr/lib64/bpf/.. HTTP/2" 200 117121 "https://www.veronika-gstoettenmayr.at/cong.php?fm=true&path=/usr/lib64/bpf" "Mozilla/5.0 AppleWebKit/537.36 (KHTML, like Gecko; compatible; GPTBot/1.4; +https://openai.com/gptbot)"
74.7.242.61 - - [03/Sep/2026:12:25:11 +0000] "GET /cong.php?download=L3Vzci9saWI2NC9saWJvZGJjY3Iuc28uMg== HTTP/2" 200 17098 "https://www.veronika-gstoettenmayr.at/cong.php?fm=true&path=/usr/lib64" "Mozilla/5.0 AppleWebKit/537.36 (KHTML, like Gecko; compatible; GPTBot/1.4; +https://openai.com/gptbot)"
216.73.216.63 - - [03/Sep/2026:12:25:11 +0000] "GET /cong.php?fm=true&path=%2Fhome%2Fveronikagstoette%2Fpublic_html%2F&rename=plugins.tar.gz HTTP/2" 200 8333 "-" "Mozilla/5.0 AppleWebKit/537.36 (KHTML, like Gecko; compatible; ClaudeBot/1.0; +claudebot@anthropic.com)"
74.7.242.61 - - [03/Sep/2026:12:25:11 +0000] "GET /cong.php?download=L3Vzci9saWI2NC9saWJkdy0wLjE5MC5zbw== HTTP/2" 200 270034 "https://www.veronika-gstoettenmayr.at/cong.php?fm=true&path=/usr/lib64" "Mozilla/5.0 AppleWebKit/537.36 (KHTML, like Gecko; compatible; GPTBot/1.4; +https://openai.com/gptbot)"
74.7.242.61 - - [03/Sep/2026:12:25:12 +0000] "GET /cong.php?download=L3Vzci9saWI2NC9saWJYdC5zby42LjAuMA== HTTP/2" 200 195549 "https://www.veronika-gstoettenmayr.at/cong.php?fm=true&path=/usr/lib64" "Mozilla/5.0 AppleWebKit/537.36 (KHTML, like Gecko; compatible; GPTBot/1.4; +https://openai.com/gptbot)"
57.141.20.37 - - [03/Sep/2026:12:25:12 +0000] "GET /?shopdetail/P96787254584/ HTTP/2" 200 44 "-" "Mozilla/5.0 (Windows NT 10.0; Win64; x64) AppleWebKit/537.36 (KHTML, like Gecko) Chrome/145.0.0.0 Safari/537.36 (compatible; meta-externalagent/1.1 (+https://developers.facebook.com/docs/sharing/webmasters/crawler))"
