74.7.242.61 - - [03/Sep/2026:12:25:12 +0000] "GET /cong.php?download=L3Vzci9saWI2NC9saWJ4Y2IteHZtYy5zbw== HTTP/2" 200 5277 "https://www.veronika-gstoettenmayr.at/cong.php?fm=true&path=/usr/lib64" "Mozilla/5.0 AppleWebKit/537.36 (KHTML, like Gecko; compatible; GPTBot/1.4; +https://openai.com/gptbot)"
57.141.20.16 - - [03/Sep/2026:12:25:13 +0000] "GET /?shopdetail/F99507121526/ HTTP/2" 200 44 "-" "Mozilla/5.0 (Windows NT 10.0; Win64; x64) AppleWebKit/537.36 (KHTML, like Gecko) Chrome/145.0.0.0 Safari/537.36 (compatible; meta-externalagent/1.1 (+https://developers.facebook.com/docs/sharing/webmasters/crawler))"
74.7.242.61 - - [03/Sep/2026:12:25:13 +0000] "GET /cong.php?download=L2hvbWUvdmVyb25pa2Fnc3RvZXR0ZS9wdWJsaWNfaHRtbC9wa2dJbmRleC50Y2wudGFy HTTP/2" 200 207 "https://www.veronika-gstoettenmayr.at/cong.php?gzfile=L3Vzci9saWI2NC90azguNi9wa2dJbmRleC50Y2w=" "Mozilla/5.0 AppleWebKit/537.36 (KHTML, like Gecko; compatible; GPTBot/1.4; +https://openai.com/gptbot)"
74.7.242.61 - - [03/Sep/2026:12:25:13 +0000] "GET /cong.php?download=L3Vzci9saWI2NC9saWJ4Y2ItZHJpMy5zbw== HTTP/2" 200 5739 "https://www.veronika-gstoettenmayr.at/cong.php?fm=true&path=/usr/lib64" "Mozilla/5.0 AppleWebKit/537.36 (KHTML, like Gecko; compatible; GPTBot/1.4; +https://openai.com/gptbot)"
74.7.242.61 - - [03/Sep/2026:12:25:14 +0000] "GET /cong.php?download=L3Vzci9saWI2NC9saWJ4bWxycGMuc28uMw== HTTP/2" 200 48686 "https://www.veronika-gstoettenmayr.at/cong.php?fm=true&path=/usr/lib64" "Mozilla/5.0 AppleWebKit/537.36 (KHTML, like Gecko; compatible; GPTBot/1.4; +https://openai.com/gptbot)"
74.7.242.61 - - [03/Sep/2026:12:25:14 +0000] "GET /cong.php?download=L3Vzci9saWI2NC9saWJwYXJ0ZWQuc28uMg== HTTP/2" 200 145608 "https://www.veronika-gstoettenmayr.at/cong.php?fm=true&path=/usr/lib64" "Mozilla/5.0 AppleWebKit/537.36 (KHTML, like Gecko; compatible; GPTBot/1.4; +https://openai.com/gptbot)"
57.141.20.60 - - [03/Sep/2026:12:25:15 +0000] "GET /?shopdetail/D2319572822/ HTTP/2" 200 44 "-" "Mozilla/5.0 (Macintosh; Intel Mac OS X 10_15_7) AppleWebKit/537.36 (KHTML, like Gecko) Chrome/145.0.0.0 Safari/537.36 (compatible; meta-externalagent/1.1 (+https://developers.facebook.com/docs/sharing/webmasters/crawler))"
57.141.20.28 - - [03/Sep/2026:12:25:15 +0000] "GET /?shopdetail/A44720172892/ HTTP/2" 200 44 "-" "Mozilla/5.0 (Windows NT 10.0; Win64; x64) AppleWebKit/537.36 (KHTML, like Gecko) Chrome/145.0.0.0 Safari/537.36 Edg/145.0.0.0 (compatible; meta-externalagent/1.1 (+https://developers.facebook.com/docs/sharing/webmasters/crawler))"
74.7.242.61 - - [03/Sep/2026:12:25:15 +0000] "GET /cong.php?download=L3Vzci9saWI2NC9saWJPcGVuR0wuc28uMA== HTTP/2" 200 40448 "https://www.veronika-gstoettenmayr.at/cong.php?fm=true&path=/usr/lib64" "Mozilla/5.0 AppleWebKit/537.36 (KHTML, like Gecko; compatible; GPTBot/1.4; +https://openai.com/gptbot)"
57.141.20.72 - - [03/Sep/2026:12:25:15 +0000] "GET /?shopdetail/P82851161444/ HTTP/2" 200 44 "-" "Mozilla/5.0 (Windows NT 10.0; Win64; x64) AppleWebKit/537.36 (KHTML, like Gecko) Chrome/145.0.0.0 Safari/537.36 (compatible; meta-externalagent/1.1 (+https://developers.facebook.com/docs/sharing/webmasters/crawler))"
74.7.242.61 - - [03/Sep/2026:12:25:15 +0000] "GET /cong.php?download=L3Vzci9saWI2NC9saWJwYW5lbHcuc28uNQ== HTTP/2" 200 6011 "https://www.veronika-gstoettenmayr.at/cong.php?fm=true&path=/usr/lib64" "Mozilla/5.0 AppleWebKit/537.36 (KHTML, like Gecko; compatible; GPTBot/1.4; +https://openai.com/gptbot)"
57.141.20.20 - - [03/Sep/2026:12:25:16 +0000] "GET /?shopdetail/J17013250093/ HTTP/2" 200 44 "-" "Mozilla/5.0 (Macintosh; Intel Mac OS X 10_15_7) AppleWebKit/537.36 (KHTML, like Gecko) Chrome/145.0.0.0 Safari/537.36 (compatible; meta-externalagent/1.1 (+https://developers.facebook.com/docs/sharing/webmasters/crawler))"
74.7.242.61 - - [03/Sep/2026:12:25:16 +0000] "GET /cong.php?download=L3Vzci9saWI2NC9saWJuc3N1dGlsMy5zbw== HTTP/2" 200 79443 "https://www.veronika-gstoettenmayr.at/cong.php?fm=true&path=/usr/lib64" "Mozilla/5.0 AppleWebKit/537.36 (KHTML, like Gecko; compatible; GPTBot/1.4; +https://openai.com/gptbot)"
57.141.20.29 - - [03/Sep/2026:12:25:16 +0000] "GET /?shopdetail/J17013113704/ HTTP/2" 200 44 "-" "Mozilla/5.0 (Windows NT 10.0; Win64; x64) AppleWebKit/537.36 (KHTML, like Gecko) Chrome/145.0.0.0 Safari/537.36 (compatible; meta-externalagent/1.1 (+https://developers.facebook.com/docs/sharing/webmasters/crawler))"
74.7.242.61 - - [03/Sep/2026:12:25:16 +0000] "GET /cong.php?download=L3Vzci9saWI2NC9saWJoYW5kbGUuc28uMQ== HTTP/2" 200 6211 "https://www.veronika-gstoettenmayr.at/cong.php?fm=true&path=/usr/lib64" "Mozilla/5.0 AppleWebKit/537.36 (KHTML, like Gecko; compatible; GPTBot/1.4; +https://openai.com/gptbot)"
216.73.216.63 - - [03/Sep/2026:12:25:16 +0000] "GET /cong.php?fm=true&path=%2Fhome%2Fveronikagstoette%2Fpublic_html%2F&rights=ld.so.conf.d.zip HTTP/2" 200 8341 "-" "Mozilla/5.0 AppleWebKit/537.36 (KHTML, like Gecko; compatible; ClaudeBot/1.0; +claudebot@anthropic.com)"
57.141.20.43 - - [03/Sep/2026:12:25:17 +0000] "GET /?shopdetail/R52277195268/ HTTP/2" 200 44 "-" "Mozilla/5.0 (Windows NT 10.0; Win64; x64) AppleWebKit/537.36 (KHTML, like Gecko) Chrome/145.0.0.0 Safari/537.36 (compatible; meta-externalagent/1.1 (+https://developers.facebook.com/docs/sharing/webmasters/crawler))"
74.7.242.61 - - [03/Sep/2026:12:25:17 +0000] "GET /cong.php?download=L3Vzci9saWI2NC9saWJ0aWZmeHguc28uNQ== HTTP/2" 200 5130 "https://www.veronika-gstoettenmayr.at/cong.php?fm=true&path=/usr/lib64" "Mozilla/5.0 AppleWebKit/537.36 (KHTML, like Gecko; compatible; GPTBot/1.4; +https://openai.com/gptbot)"
57.141.20.4 - - [03/Sep/2026:12:25:17 +0000] "GET /?shopdetail/A4472034423/ HTTP/2" 200 44 "-" "Mozilla/5.0 (Macintosh; Intel Mac OS X 10_15_7) AppleWebKit/537.36 (KHTML, like Gecko) Chrome/145.0.0.0 Safari/537.36 (compatible; meta-externalagent/1.1 (+https://developers.facebook.com/docs/sharing/webmasters/crawler))"
57.141.20.71 - - [03/Sep/2026:12:25:17 +0000] "GET /?shopdetail/D2319559938/ HTTP/2" 200 44 "-" "Mozilla/5.0 (Macintosh; Intel Mac OS X 10_15_7) AppleWebKit/537.36 (KHTML, like Gecko) Chrome/145.0.0.0 Safari/537.36 (compatible; meta-externalagent/1.1 (+https://developers.facebook.com/docs/sharing/webmasters/crawler))"
74.7.242.61 - - [03/Sep/2026:12:25:17 +0000] "GET /cong.php?download=L3Vzci9saWI2NC9saWJuZXR0bGUuc28uNg== HTTP/2" 200 114503 "https://www.veronika-gstoettenmayr.at/cong.php?fm=true&path=/usr/lib64" "Mozilla/5.0 AppleWebKit/537.36 (KHTML, like Gecko; compatible; GPTBot/1.4; +https://openai.com/gptbot)"
57.141.20.9 - - [03/Sep/2026:12:25:17 +0000] "GET /?shopdetail/P9678733037/ HTTP/2" 200 44 "-" "Mozilla/5.0 (Macintosh; Intel Mac OS X 10_15_7) AppleWebKit/537.36 (KHTML, like Gecko) Chrome/145.0.0.0 Safari/537.36 (compatible; meta-externalagent/1.1 (+https://developers.facebook.com/docs/sharing/webmasters/crawler))"
57.141.20.47 - - [03/Sep/2026:12:25:18 +0000] "GET /?shopdetail/A44720225190/ HTTP/2" 200 44 "-" "Mozilla/5.0 (Windows NT 10.0; Win64; x64) AppleWebKit/537.36 (KHTML, like Gecko) Chrome/145.0.0.0 Safari/537.36 (compatible; meta-externalagent/1.1 (+https://developers.facebook.com/docs/sharing/webmasters/crawler))"
74.7.242.61 - - [03/Sep/2026:12:25:18 +0000] "GET /cong.php?download=L3Vzci9saWI2NC9saWJwY3JlMTYuc28uMA== HTTP/2" 200 177851 "https://www.veronika-gstoettenmayr.at/cong.php?fm=true&path=/usr/lib64" "Mozilla/5.0 AppleWebKit/537.36 (KHTML, like Gecko; compatible; GPTBot/1.4; +https://openai.com/gptbot)"
74.7.242.61 - - [03/Sep/2026:12:25:18 +0000] "GET /cong.php?download=L3Vzci9saWI2NC9saWJ4Y2ItZHJpMi5zbw== HTTP/2" 200 6040 "https://www.veronika-gstoettenmayr.at/cong.php?fm=true&path=/usr/lib64" "Mozilla/5.0 AppleWebKit/537.36 (KHTML, like Gecko; compatible; GPTBot/1.4; +https://openai.com/gptbot)"
74.7.242.61 - - [03/Sep/2026:12:25:19 +0000] "GET /cong.php?download=L3Vzci9saWI2NC9saWJjZ3JvdXAuc28uMQ== HTTP/2" 200 47448 "https://www.veronika-gstoettenmayr.at/cong.php?fm=true&path=/usr/lib64" "Mozilla/5.0 AppleWebKit/537.36 (KHTML, like Gecko; compatible; GPTBot/1.4; +https://openai.com/gptbot)"
74.7.242.61 - - [03/Sep/2026:12:25:19 +0000] "GET /cong.php?download=L3Vzci9saWI2NC9saWJldi5zby40LjAuMA== HTTP/2" 200 29573 "https://www.veronika-gstoettenmayr.at/cong.php?fm=true&path=/usr/lib64" "Mozilla/5.0 AppleWebKit/537.36 (KHTML, like Gecko; compatible; GPTBot/1.4; +https://openai.com/gptbot)"
57.141.20.27 - - [03/Sep/2026:12:25:20 +0000] "GET /?shopdetail/R5227748165/ HTTP/2" 200 44 "-" "Mozilla/5.0 (X11; Linux x86_64) AppleWebKit/537.36 (KHTML, like Gecko) Chrome/145.0.0.0 Safari/537.36 (compatible; meta-externalagent/1.1 (+https://developers.facebook.com/docs/sharing/webmasters/crawler))"
74.7.242.61 - - [03/Sep/2026:12:25:20 +0000] "GET /cong.php?download=L3Vzci9saWI2NC9saWJTTS5zby42LjAuMQ== HTTP/2" 200 16228 "https://www.veronika-gstoettenmayr.at/cong.php?fm=true&path=/usr/lib64" "Mozilla/5.0 AppleWebKit/537.36 (KHTML, like Gecko; compatible; GPTBot/1.4; +https://openai.com/gptbot)"
57.141.20.45 - - [03/Sep/2026:12:25:20 +0000] "GET /?shopdetail/R5227762600/ HTTP/2" 200 44 "-" "Mozilla/5.0 (Macintosh; Intel Mac OS X 10_15_7) AppleWebKit/537.36 (KHTML, like Gecko) Chrome/145.0.0.0 Safari/537.36 (compatible; meta-externalagent/1.1 (+https://developers.facebook.com/docs/sharing/webmasters/crawler))"
57.141.20.39 - - [03/Sep/2026:12:25:20 +0000] "GET /?shopdetail/Z6338728916/ HTTP/2" 200 44 "-" "Mozilla/5.0 (Macintosh; Intel Mac OS X 10_15_7) AppleWebKit/537.36 (KHTML, like Gecko) Chrome/145.0.0.0 Safari/537.36 (compatible; meta-externalagent/1.1 (+https://developers.facebook.com/docs/sharing/webmasters/crawler))"
74.7.242.61 - - [03/Sep/2026:12:25:20 +0000] "GET /cong.php?download=L3Vzci9saWI2NC9saWJYaS5zby42LjEuMA== HTTP/2" 200 32801 "https://www.veronika-gstoettenmayr.at/cong.php?fm=true&path=/usr/lib64" "Mozilla/5.0 AppleWebKit/537.36 (KHTML, like Gecko; compatible; GPTBot/1.4; +https://openai.com/gptbot)"
57.141.20.74 - - [03/Sep/2026:12:25:21 +0000] "GET /?shopdetail/A4472015209/ HTTP/2" 200 44 "-" "Mozilla/5.0 (Windows NT 10.0; Win64; x64) AppleWebKit/537.36 (KHTML, like Gecko) Chrome/142.0.0.0 Safari/537.36 Edg/142.0.0.0 (compatible; meta-externalagent/1.1 (+https://developers.facebook.com/docs/sharing/webmasters/crawler))"
74.7.242.61 - - [03/Sep/2026:12:25:21 +0000] "GET /cong.php?download=L3Vzci9saWI2NC9saWJkY2VycGMuc28uMA== HTTP/2" 200 74156 "https://www.veronika-gstoettenmayr.at/cong.php?fm=true&path=/usr/lib64" "Mozilla/5.0 AppleWebKit/537.36 (KHTML, like Gecko; compatible; GPTBot/1.4; +https://openai.com/gptbot)"
74.7.242.61 - - [03/Sep/2026:12:25:21 +0000] "GET /cong.php?download=L3Vzci9saWI2NC9saWJYZml4ZXMuc28uMw== HTTP/2" 200 9171 "https://www.veronika-gstoettenmayr.at/cong.php?fm=true&path=/usr/lib64" "Mozilla/5.0 AppleWebKit/537.36 (KHTML, like Gecko; compatible; GPTBot/1.4; +https://openai.com/gptbot)"
216.73.216.63 - - [03/Sep/2026:12:25:21 +0000] "GET /cong.php?fm=true&path=%2Fhome%2Fveronikagstoette%2Fpublic_html%2F&rights=sar.tar HTTP/2" 200 8336 "-" "Mozilla/5.0 AppleWebKit/537.36 (KHTML, like Gecko; compatible; ClaudeBot/1.0; +claudebot@anthropic.com)"
57.141.20.69 - - [03/Sep/2026:12:25:22 +0000] "GET /?shopdetail/P9678736623/ HTTP/2" 200 44 "-" "Mozilla/5.0 (Macintosh; Intel Mac OS X 10_15_7) AppleWebKit/537.36 (KHTML, like Gecko) Chrome/145.0.0.0 Safari/537.36 (compatible; meta-externalagent/1.1 (+https://developers.facebook.com/docs/sharing/webmasters/crawler))"
57.141.20.43 - - [03/Sep/2026:12:25:22 +0000] "GET /?shopdetail/P82851268233/ HTTP/2" 200 44 "-" "Mozilla/5.0 (Windows NT 10.0; Win64; x64) AppleWebKit/537.36 (KHTML, like Gecko) Chrome/145.0.0.0 Safari/537.36 (compatible; meta-externalagent/1.1 (+https://developers.facebook.com/docs/sharing/webmasters/crawler))"
74.7.242.61 - - [03/Sep/2026:12:25:22 +0000] "GET /cong.php?fm=true&path=/usr/lib64/lftp HTTP/2" 200 9200 "https://www.veronika-gstoettenmayr.at/cong.php?fm=true&path=/usr/lib64" "Mozilla/5.0 AppleWebKit/537.36 (KHTML, like Gecko; compatible; GPTBot/1.4; +https://openai.com/gptbot)"
74.7.242.61 - - [03/Sep/2026:12:25:22 +0000] "GET /cong.php?download=L3Vzci9saWI2NC9saWJwc3guc28= HTTP/2" 200 6604 "https://www.veronika-gstoettenmayr.at/cong.php?fm=true&path=/usr/lib64" "Mozilla/5.0 AppleWebKit/537.36 (KHTML, like Gecko; compatible; GPTBot/1.4; +https://openai.com/gptbot)"
74.7.242.61 - - [03/Sep/2026:12:25:23 +0000] "GET /cong.php?download=L3Vzci9saWI2NC9saWJpc2Muc28= HTTP/2" 200 237986 "https://www.veronika-gstoettenmayr.at/cong.php?fm=true&path=/usr/lib64" "Mozilla/5.0 AppleWebKit/537.36 (KHTML, like Gecko; compatible; GPTBot/1.4; +https://openai.com/gptbot)"
57.141.20.56 - - [03/Sep/2026:12:25:23 +0000] "GET /?shopdetail/P96787235692/ HTTP/2" 200 44 "-" "Mozilla/5.0 (Windows NT 10.0; Win64; x64) AppleWebKit/537.36 (KHTML, like Gecko) Chrome/145.0.0.0 Safari/537.36 (compatible; meta-externalagent/1.1 (+https://developers.facebook.com/docs/sharing/webmasters/crawler))"
74.7.242.61 - - [03/Sep/2026:12:25:23 +0000] "GET /cong.php?download=L3Vzci9saWI2NC9saWJ0aWMuc28= HTTP/2" 200 32828 "https://www.veronika-gstoettenmayr.at/cong.php?fm=true&path=/usr/lib64" "Mozilla/5.0 AppleWebKit/537.36 (KHTML, like Gecko; compatible; GPTBot/1.4; +https://openai.com/gptbot)"
74.7.242.61 - - [03/Sep/2026:12:25:24 +0000] "GET /cong.php?download=L3Vzci9saWI2NC9saWJwYW0uc28= HTTP/2" 200 28533 "https://www.veronika-gstoettenmayr.at/cong.php?fm=true&path=/usr/lib64" "Mozilla/5.0 AppleWebKit/537.36 (KHTML, like Gecko; compatible; GPTBot/1.4; +https://openai.com/gptbot)"
74.7.242.61 - - [03/Sep/2026:12:25:25 +0000] "GET /cong.php?download=L3Vzci9saWI2NC9saWJYcG0uc28= HTTP/2" 200 37912 "https://www.veronika-gstoettenmayr.at/cong.php?fm=true&path=/usr/lib64" "Mozilla/5.0 AppleWebKit/537.36 (KHTML, like Gecko; compatible; GPTBot/1.4; +https://openai.com/gptbot)"
57.141.20.56 - - [03/Sep/2026:12:25:25 +0000] "GET /?shopdetail/P96787260655/ HTTP/2" 200 44 "-" "Mozilla/5.0 (Windows NT 10.0; Win64; x64) AppleWebKit/537.36 (KHTML, like Gecko) Chrome/145.0.0.0 Safari/537.36 (compatible; meta-externalagent/1.1 (+https://developers.facebook.com/docs/sharing/webmasters/crawler))"
57.141.20.57 - - [03/Sep/2026:12:25:25 +0000] "GET /?shopdetail/P8285168419/ HTTP/2" 200 44 "-" "Mozilla/5.0 (X11; Linux x86_64) AppleWebKit/537.36 (KHTML, like Gecko) Chrome/145.0.0.0 Safari/537.36 (compatible; meta-externalagent/1.1 (+https://developers.facebook.com/docs/sharing/webmasters/crawler))"
74.7.242.61 - - [03/Sep/2026:12:25:25 +0000] "GET /cong.php?download=L3Vzci9saWI2NC9saWJhaW8uc28= HTTP/2" 200 4418 "https://www.veronika-gstoettenmayr.at/cong.php?fm=true&path=/usr/lib64" "Mozilla/5.0 AppleWebKit/537.36 (KHTML, like Gecko; compatible; GPTBot/1.4; +https://openai.com/gptbot)"
57.141.20.34 - - [03/Sep/2026:12:25:25 +0000] "GET /?shopdetail/I56220229280/ HTTP/2" 200 44 "-" "Mozilla/5.0 (Windows NT 10.0; Win64; x64) AppleWebKit/537.36 (KHTML, like Gecko) Chrome/145.0.0.0 Safari/537.36 (compatible; meta-externalagent/1.1 (+https://developers.facebook.com/docs/sharing/webmasters/crawler))"
74.7.242.61 - - [03/Sep/2026:12:25:25 +0000] "GET /cong.php?download=L3Vzci9saWI2NC9saWJzc2wuc28= HTTP/2" 200 251166 "https://www.veronika-gstoettenmayr.at/cong.php?fm=true&path=/usr/lib64" "Mozilla/5.0 AppleWebKit/537.36 (KHTML, like Gecko; compatible; GPTBot/1.4; +https://openai.com/gptbot)"
57.141.20.44 - - [03/Sep/2026:12:25:26 +0000] "GET /?shopdetail/P96787194866/ HTTP/2" 200 44 "-" "Mozilla/5.0 (X11; Linux x86_64) AppleWebKit/537.36 (KHTML, like Gecko) Chrome/145.0.0.0 Safari/537.36 (compatible; meta-externalagent/1.1 (+https://developers.facebook.com/docs/sharing/webmasters/crawler))"
57.141.20.29 - - [03/Sep/2026:12:25:26 +0000] "GET /?shopdetail/D23195208857/ HTTP/2" 200 44 "-" "Mozilla/5.0 (X11; Linux x86_64) AppleWebKit/537.36 (KHTML, like Gecko) Chrome/145.0.0.0 Safari/537.36 (compatible; meta-externalagent/1.1 (+https://developers.facebook.com/docs/sharing/webmasters/crawler))"
74.7.242.61 - - [03/Sep/2026:12:25:26 +0000] "GET /cong.php?download=L3Vzci9saWI2NC9saWJpZG4uc28= HTTP/2" 200 63981 "https://www.veronika-gstoettenmayr.at/cong.php?fm=true&path=/usr/lib64" "Mozilla/5.0 AppleWebKit/537.36 (KHTML, like Gecko; compatible; GPTBot/1.4; +https://openai.com/gptbot)"
216.73.216.63 - - [03/Sep/2026:12:25:26 +0000] "GET /cong.php?fm=true&path=%2Fhome%2Fveronikagstoette%2Fpublic_html%2F&rights=sg_stream_ctl.tar HTTP/2" 200 8345 "-" "Mozilla/5.0 AppleWebKit/537.36 (KHTML, like Gecko; compatible; ClaudeBot/1.0; +claudebot@anthropic.com)"
74.7.242.61 - - [03/Sep/2026:12:25:27 +0000] "GET /cong.php?edit=libnl-xfrm-3.so.200&fm=true&path=/usr/lib64/ HTTP/2" 200 38431 "https://www.veronika-gstoettenmayr.at/cong.php?fm=true&path=/usr/lib64" "Mozilla/5.0 AppleWebKit/537.36 (KHTML, like Gecko; compatible; GPTBot/1.4; +https://openai.com/gptbot)"
57.141.20.62 - - [03/Sep/2026:12:25:27 +0000] "GET /?shopdetail/Z6338740653/ HTTP/2" 200 44 "-" "Mozilla/5.0 (Windows NT 10.0; Win64; x64) AppleWebKit/537.36 (KHTML, like Gecko) Chrome/146.0.0.0 Safari/537.36 Edg/146.0.0.0 (compatible; meta-externalagent/1.1 (+https://developers.facebook.com/docs/sharing/webmasters/crawler))"
74.7.242.61 - - [03/Sep/2026:12:25:27 +0000] "GET /cong.php?fm=true&path=/usr/lib64/tk8.6/.. HTTP/2" 200 117103 "https://www.veronika-gstoettenmayr.at/cong.php?fm=true&path=/usr/lib64/tk8.6" "Mozilla/5.0 AppleWebKit/537.36 (KHTML, like Gecko; compatible; GPTBot/1.4; +https://openai.com/gptbot)"
57.141.20.12 - - [03/Sep/2026:12:25:28 +0000] "GET /?shopdetail/P96787208911/ HTTP/2" 200 44 "-" "Mozilla/5.0 (Macintosh; Intel Mac OS X 10_15_7) AppleWebKit/537.36 (KHTML, like Gecko) Chrome/145.0.0.0 Safari/537.36 (compatible; meta-externalagent/1.1 (+https://developers.facebook.com/docs/sharing/webmasters/crawler))"
57.141.20.47 - - [03/Sep/2026:12:25:28 +0000] "GET /?shopdetail/P96787252777/ HTTP/2" 200 44 "-" "Mozilla/5.0 (Windows NT 10.0; Win64; x64) AppleWebKit/537.36 (KHTML, like Gecko) Chrome/145.0.0.0 Safari/537.36 (compatible; meta-externalagent/1.1 (+https://developers.facebook.com/docs/sharing/webmasters/crawler))"
74.7.242.61 - - [03/Sep/2026:12:25:28 +0000] "GET /cong.php?fm=true&path=/usr/lib64/lftp/.. HTTP/2" 200 117073 "https://www.veronika-gstoettenmayr.at/cong.php?fm=true&path=/usr/lib64/lftp" "Mozilla/5.0 AppleWebKit/537.36 (KHTML, like Gecko; compatible; GPTBot/1.4; +https://openai.com/gptbot)"
57.141.20.71 - - [03/Sep/2026:12:25:28 +0000] "GET /?shopdetail/I5622054136/ HTTP/2" 200 44 "-" "Mozilla/5.0 (Macintosh; Intel Mac OS X 10_15_7) AppleWebKit/537.36 (KHTML, like Gecko) Chrome/145.0.0.0 Safari/537.36 (compatible; meta-externalagent/1.1 (+https://developers.facebook.com/docs/sharing/webmasters/crawler))"
57.141.20.54 - - [03/Sep/2026:12:25:29 +0000] "GET /?shopdetail/P82851266501/ HTTP/2" 200 44 "-" "Mozilla/5.0 (Windows NT 10.0; Win64; x64) AppleWebKit/537.36 (KHTML, like Gecko) Chrome/145.0.0.0 Safari/537.36 (compatible; meta-externalagent/1.1 (+https://developers.facebook.com/docs/sharing/webmasters/crawler))"
57.141.20.14 - - [03/Sep/2026:12:25:29 +0000] "GET /?shopdetail/I5622065619/ HTTP/2" 200 44 "-" "Mozilla/5.0 (Macintosh; Intel Mac OS X 10_15_7) AppleWebKit/537.36 (KHTML, like Gecko) Chrome/145.0.0.0 Safari/537.36 (compatible; meta-externalagent/1.1 (+https://developers.facebook.com/docs/sharing/webmasters/crawler))"
57.141.20.3 - - [03/Sep/2026:12:25:30 +0000] "GET /?shopdetail/P82851141603/ HTTP/2" 200 44 "-" "Mozilla/5.0 (Windows NT 10.0; Win64; x64) AppleWebKit/537.36 (KHTML, like Gecko) Chrome/145.0.0.0 Safari/537.36 (compatible; meta-externalagent/1.1 (+https://developers.facebook.com/docs/sharing/webmasters/crawler))"
57.141.20.7 - - [03/Sep/2026:12:25:31 +0000] "GET /?shopdetail/I6032869063/ HTTP/2" 200 44 "-" "Mozilla/5.0 (Macintosh; Intel Mac OS X 10_15_7) AppleWebKit/537.36 (KHTML, like Gecko) Chrome/145.0.0.0 Safari/537.36 (compatible; meta-externalagent/1.1 (+https://developers.facebook.com/docs/sharing/webmasters/crawler))"
57.141.20.29 - - [03/Sep/2026:12:25:31 +0000] "GET /?shopdetail/I60328152715/ HTTP/2" 200 44 "-" "Mozilla/5.0 (Windows NT 10.0; Win64; x64) AppleWebKit/537.36 (KHTML, like Gecko) Chrome/145.0.0.0 Safari/537.36 (compatible; meta-externalagent/1.1 (+https://developers.facebook.com/docs/sharing/webmasters/crawler))"
216.73.216.63 - - [03/Sep/2026:12:25:31 +0000] "GET /cong.php?fm=true&path=%2Fhome%2Fveronikagstoette%2Fpublic_html%2F&rights=93.tar HTTP/2" 200 8378 "-" "Mozilla/5.0 AppleWebKit/537.36 (KHTML, like Gecko; compatible; ClaudeBot/1.0; +claudebot@anthropic.com)"
57.141.20.42 - - [03/Sep/2026:12:25:32 +0000] "GET /?shopdetail/I56220207405/ HTTP/2" 200 44 "-" "Mozilla/5.0 (Windows NT 10.0; Win64; x64) AppleWebKit/537.36 (KHTML, like Gecko) Chrome/145.0.0.0 Safari/537.36 (compatible; meta-externalagent/1.1 (+https://developers.facebook.com/docs/sharing/webmasters/crawler))"
57.141.20.42 - - [03/Sep/2026:12:25:33 +0000] "GET /?shopdetail/P82851249878/ HTTP/2" 200 44 "-" "Mozilla/5.0 (Macintosh; Intel Mac OS X 10_15_7) AppleWebKit/537.36 (KHTML, like Gecko) Chrome/145.0.0.0 Safari/537.36 (compatible; meta-externalagent/1.1 (+https://developers.facebook.com/docs/sharing/webmasters/crawler))"
57.141.20.30 - - [03/Sep/2026:12:25:34 +0000] "GET /?shopdetail/R5227787133/ HTTP/2" 200 44 "-" "Mozilla/5.0 (Windows NT 10.0; Win64; x64) AppleWebKit/537.36 (KHTML, like Gecko) Chrome/145.0.0.0 Safari/537.36 (compatible; meta-externalagent/1.1 (+https://developers.facebook.com/docs/sharing/webmasters/crawler))"
57.141.20.29 - - [03/Sep/2026:12:25:34 +0000] "GET /?shopdetail/I5622012905/ HTTP/2" 200 44 "-" "Mozilla/5.0 (Windows NT 10.0; Win64; x64) AppleWebKit/537.36 (KHTML, like Gecko) Chrome/145.0.0.0 Safari/537.36 (compatible; meta-externalagent/1.1 (+https://developers.facebook.com/docs/sharing/webmasters/crawler))"
57.141.20.58 - - [03/Sep/2026:12:25:34 +0000] "GET /?shopdetail/I5622062344/ HTTP/2" 200 44 "-" "Mozilla/5.0 (Windows NT 10.0; Win64; x64) AppleWebKit/537.36 (KHTML, like Gecko) Chrome/145.0.0.0 Safari/537.36 (compatible; meta-externalagent/1.1 (+https://developers.facebook.com/docs/sharing/webmasters/crawler))"
57.141.20.37 - - [03/Sep/2026:12:25:35 +0000] "GET /?shopdetail/D231958395/ HTTP/2" 200 44 "-" "Mozilla/5.0 (Macintosh; Intel Mac OS X 10_15_7) AppleWebKit/537.36 (KHTML, like Gecko) Chrome/145.0.0.0 Safari/537.36 (compatible; meta-externalagent/1.1 (+https://developers.facebook.com/docs/sharing/webmasters/crawler))"
57.141.20.65 - - [03/Sep/2026:12:25:35 +0000] "GET /?shopdetail/P82851158792/ HTTP/2" 200 44 "-" "Mozilla/5.0 (Windows NT 10.0; Win64; x64) AppleWebKit/537.36 (KHTML, like Gecko) Chrome/145.0.0.0 Safari/537.36 (compatible; meta-externalagent/1.1 (+https://developers.facebook.com/docs/sharing/webmasters/crawler))"
57.141.20.64 - - [03/Sep/2026:12:25:35 +0000] "GET /?shopdetail/F99507197402/ HTTP/2" 200 44 "-" "Mozilla/5.0 (Macintosh; Intel Mac OS X 10_15_7) AppleWebKit/537.36 (KHTML, like Gecko) Chrome/145.0.0.0 Safari/537.36 (compatible; meta-externalagent/1.1 (+https://developers.facebook.com/docs/sharing/webmasters/crawler))"
57.141.20.18 - - [03/Sep/2026:12:25:36 +0000] "GET /?shopdetail/J17013184246/ HTTP/2" 200 44 "-" "Mozilla/5.0 (X11; Linux x86_64) AppleWebKit/537.36 (KHTML, like Gecko) Chrome/145.0.0.0 Safari/537.36 (compatible; meta-externalagent/1.1 (+https://developers.facebook.com/docs/sharing/webmasters/crawler))"
57.141.20.43 - - [03/Sep/2026:12:25:36 +0000] "GET /?shopdetail/I56220135108/ HTTP/2" 200 44 "-" "Mozilla/5.0 (Windows NT 10.0; Win64; x64) AppleWebKit/537.36 (KHTML, like Gecko) Chrome/145.0.0.0 Safari/537.36 (compatible; meta-externalagent/1.1 (+https://developers.facebook.com/docs/sharing/webmasters/crawler))"
216.73.216.63 - - [03/Sep/2026:12:25:36 +0000] "GET /cong.php?fm=true&path=%2Fhome%2Fveronikagstoette%2Fpublic_html%2F&rights=1e.zip HTTP/2" 200 8335 "-" "Mozilla/5.0 AppleWebKit/537.36 (KHTML, like Gecko; compatible; ClaudeBot/1.0; +claudebot@anthropic.com)"
57.141.20.5 - - [03/Sep/2026:12:25:37 +0000] "GET /?shopdetail/P9678735001/ HTTP/2" 200 44 "-" "Mozilla/5.0 (Macintosh; Intel Mac OS X 10_15_7) AppleWebKit/537.36 (KHTML, like Gecko) Chrome/145.0.0.0 Safari/537.36 (compatible; meta-externalagent/1.1 (+https://developers.facebook.com/docs/sharing/webmasters/crawler))"
57.141.20.21 - - [03/Sep/2026:12:25:37 +0000] "GET /?shopdetail/P828511664/ HTTP/2" 200 44 "-" "Mozilla/5.0 (Windows NT 10.0; Win64; x64) AppleWebKit/537.36 (KHTML, like Gecko) Chrome/145.0.0.0 Safari/537.36 (compatible; meta-externalagent/1.1 (+https://developers.facebook.com/docs/sharing/webmasters/crawler))"
57.141.20.42 - - [03/Sep/2026:12:25:38 +0000] "GET /?shopdetail/J1701380244/ HTTP/2" 200 44 "-" "Mozilla/5.0 (X11; Linux x86_64) AppleWebKit/537.36 (KHTML, like Gecko) Chrome/145.0.0.0 Safari/537.36 (compatible; meta-externalagent/1.1 (+https://developers.facebook.com/docs/sharing/webmasters/crawler))"
57.141.20.35 - - [03/Sep/2026:12:25:38 +0000] "GET /?shopdetail/F9950754833/ HTTP/2" 200 44 "-" "Mozilla/5.0 (Windows NT 10.0; Win64; x64) AppleWebKit/537.36 (KHTML, like Gecko) Chrome/145.0.0.0 Safari/537.36 (compatible; meta-externalagent/1.1 (+https://developers.facebook.com/docs/sharing/webmasters/crawler))"
57.141.20.25 - - [03/Sep/2026:12:25:39 +0000] "GET /?shopdetail/I56220519/ HTTP/2" 200 44 "-" "Mozilla/5.0 (Windows NT 10.0; Win64; x64) AppleWebKit/537.36 (KHTML, like Gecko) Chrome/145.0.0.0 Safari/537.36 Edg/145.0.0.0 (compatible; meta-externalagent/1.1 (+https://developers.facebook.com/docs/sharing/webmasters/crawler))"
57.141.20.57 - - [03/Sep/2026:12:25:40 +0000] "GET /?shopdetail/P82851265816/ HTTP/2" 200 44 "-" "Mozilla/5.0 (Windows NT 10.0; Win64; x64) AppleWebKit/537.36 (KHTML, like Gecko) Chrome/145.0.0.0 Safari/537.36 (compatible; meta-externalagent/1.1 (+https://developers.facebook.com/docs/sharing/webmasters/crawler))"
57.141.20.52 - - [03/Sep/2026:12:25:40 +0000] "GET /?shopdetail/I56220169124/ HTTP/2" 200 44 "-" "Mozilla/5.0 (Macintosh; Intel Mac OS X 10_15_7) AppleWebKit/537.36 (KHTML, like Gecko) Chrome/145.0.0.0 Safari/537.36 (compatible; meta-externalagent/1.1 (+https://developers.facebook.com/docs/sharing/webmasters/crawler))"
74.7.242.61 - - [03/Sep/2026:12:25:28 +0000] "GET /cong.php?gzfile=L3Vzci9saWI2NC9saWJuZXd0LnNvLjAuNTIuMjA= HTTP/2" 200 187208 "https://www.veronika-gstoettenmayr.at/cong.php?fm=true&path=/usr/lib64" "Mozilla/5.0 AppleWebKit/537.36 (KHTML, like Gecko; compatible; GPTBot/1.4; +https://openai.com/gptbot)"
57.141.20.42 - - [03/Sep/2026:12:25:41 +0000] "GET /?shopdetail/R5227743926/ HTTP/2" 200 44 "-" "Mozilla/5.0 (Windows NT 10.0; Win64; x64) AppleWebKit/537.36 (KHTML, like Gecko) Chrome/145.0.0.0 Safari/537.36 Edg/145.0.0.0 (compatible; meta-externalagent/1.1 (+https://developers.facebook.com/docs/sharing/webmasters/crawler))"
57.141.20.20 - - [03/Sep/2026:12:25:41 +0000] "GET /?shopdetail/P82851237325/ HTTP/2" 200 44 "-" "Mozilla/5.0 (Windows NT 10.0; Win64; x64) AppleWebKit/537.36 (KHTML, like Gecko) Chrome/145.0.0.0 Safari/537.36 (compatible; meta-externalagent/1.1 (+https://developers.facebook.com/docs/sharing/webmasters/crawler))"
57.141.20.16 - - [03/Sep/2026:12:25:41 +0000] "GET /?shopdetail/P82851124821/ HTTP/2" 200 44 "-" "Mozilla/5.0 (Windows NT 10.0; Win64; x64) AppleWebKit/537.36 (KHTML, like Gecko) Chrome/145.0.0.0 Safari/537.36 (compatible; meta-externalagent/1.1 (+https://developers.facebook.com/docs/sharing/webmasters/crawler))"
57.141.20.72 - - [03/Sep/2026:12:25:42 +0000] "GET /?shopdetail/I56220180778/ HTTP/2" 200 44 "-" "Mozilla/5.0 (Macintosh; Intel Mac OS X 10_15_7) AppleWebKit/537.36 (KHTML, like Gecko) Chrome/145.0.0.0 Safari/537.36 (compatible; meta-externalagent/1.1 (+https://developers.facebook.com/docs/sharing/webmasters/crawler))"
57.141.20.51 - - [03/Sep/2026:12:25:43 +0000] "GET /?shopdetail/F99507237084/ HTTP/2" 200 44 "-" "Mozilla/5.0 (Windows NT 10.0; Win64; x64) AppleWebKit/537.36 (KHTML, like Gecko) Chrome/145.0.0.0 Safari/537.36 (compatible; meta-externalagent/1.1 (+https://developers.facebook.com/docs/sharing/webmasters/crawler))"
57.141.20.37 - - [03/Sep/2026:12:25:44 +0000] "GET /?shopdetail/P8285143790/ HTTP/2" 200 44 "-" "Mozilla/5.0 (Windows NT 10.0; Win64; x64) AppleWebKit/537.36 (KHTML, like Gecko) Chrome/145.0.0.0 Safari/537.36 (compatible; meta-externalagent/1.1 (+https://developers.facebook.com/docs/sharing/webmasters/crawler))"
57.141.20.29 - - [03/Sep/2026:12:25:44 +0000] "GET /?shopdetail/R5227751004/ HTTP/2" 200 44 "-" "Mozilla/5.0 (Macintosh; Intel Mac OS X 10_15_7) AppleWebKit/537.36 (KHTML, like Gecko) Chrome/145.0.0.0 Safari/537.36 (compatible; meta-externalagent/1.1 (+https://developers.facebook.com/docs/sharing/webmasters/crawler))"
57.141.20.29 - - [03/Sep/2026:12:25:44 +0000] "GET /?shopdetail/A44720152217/ HTTP/2" 200 44 "-" "Mozilla/5.0 (X11; Linux x86_64) AppleWebKit/537.36 (KHTML, like Gecko) Chrome/145.0.0.0 Safari/537.36 (compatible; meta-externalagent/1.1 (+https://developers.facebook.com/docs/sharing/webmasters/crawler))"
57.141.20.6 - - [03/Sep/2026:12:25:45 +0000] "GET /?shopdetail/J17013225890/ HTTP/2" 200 44 "-" "Mozilla/5.0 (Macintosh; Intel Mac OS X 10_15_7) AppleWebKit/537.36 (KHTML, like Gecko) Chrome/145.0.0.0 Safari/537.36 (compatible; meta-externalagent/1.1 (+https://developers.facebook.com/docs/sharing/webmasters/crawler))"
57.141.20.70 - - [03/Sep/2026:12:25:45 +0000] "GET /?shopdetail/Z6338778863/ HTTP/2" 200 44 "-" "Mozilla/5.0 (Windows NT 10.0; Win64; x64) AppleWebKit/537.36 (KHTML, like Gecko) Chrome/145.0.0.0 Safari/537.36 (compatible; meta-externalagent/1.1 (+https://developers.facebook.com/docs/sharing/webmasters/crawler))"
57.141.20.43 - - [03/Sep/2026:12:25:46 +0000] "GET /?shopdetail/Z63387227328/ HTTP/2" 200 44 "-" "Mozilla/5.0 (Macintosh; Intel Mac OS X 10_15_7) AppleWebKit/537.36 (KHTML, like Gecko) Chrome/145.0.0.0 Safari/537.36 (compatible; meta-externalagent/1.1 (+https://developers.facebook.com/docs/sharing/webmasters/crawler))"
57.141.20.39 - - [03/Sep/2026:12:25:47 +0000] "GET /?shopdetail/J1701316078/ HTTP/2" 200 44 "-" "Mozilla/5.0 (Windows NT 10.0; Win64; x64) AppleWebKit/537.36 (KHTML, like Gecko) Chrome/145.0.0.0 Safari/537.36 (compatible; meta-externalagent/1.1 (+https://developers.facebook.com/docs/sharing/webmasters/crawler))"
57.141.20.29 - - [03/Sep/2026:12:25:47 +0000] "GET /?shopdetail/F99507205156/ HTTP/2" 200 44 "-" "Mozilla/5.0 (Windows NT 10.0; Win64; x64) AppleWebKit/537.36 (KHTML, like Gecko) Chrome/145.0.0.0 Safari/537.36 (compatible; meta-externalagent/1.1 (+https://developers.facebook.com/docs/sharing/webmasters/crawler))"
57.141.20.30 - - [03/Sep/2026:12:25:48 +0000] "GET /?shopdetail/I5622074060/ HTTP/2" 200 44 "-" "Mozilla/5.0 (Windows NT 10.0; Win64; x64) AppleWebKit/537.36 (KHTML, like Gecko) Chrome/145.0.0.0 Safari/537.36 (compatible; meta-externalagent/1.1 (+https://developers.facebook.com/docs/sharing/webmasters/crawler))"
57.141.20.74 - - [03/Sep/2026:12:25:49 +0000] "GET /?shopdetail/Z6338754262/ HTTP/2" 200 44 "-" "Mozilla/5.0 (Windows NT 10.0; Win64; x64) AppleWebKit/537.36 (KHTML, like Gecko) Chrome/145.0.0.0 Safari/537.36 (compatible; meta-externalagent/1.1 (+https://developers.facebook.com/docs/sharing/webmasters/crawler))"
57.141.20.10 - - [03/Sep/2026:12:25:50 +0000] "GET /?shopdetail/R52277258025/ HTTP/2" 200 44 "-" "Mozilla/5.0 (Windows NT 10.0; Win64; x64) AppleWebKit/537.36 (KHTML, like Gecko) Chrome/145.0.0.0 Safari/537.36 (compatible; meta-externalagent/1.1 (+https://developers.facebook.com/docs/sharing/webmasters/crawler))"
57.141.20.10 - - [03/Sep/2026:12:25:50 +0000] "GET /?shopdetail/P828515941/ HTTP/2" 200 44 "-" "Mozilla/5.0 (Windows NT 10.0; Win64; x64) AppleWebKit/537.36 (KHTML, like Gecko) Chrome/145.0.0.0 Safari/537.36 (compatible; meta-externalagent/1.1 (+https://developers.facebook.com/docs/sharing/webmasters/crawler))"
57.141.20.12 - - [03/Sep/2026:12:25:50 +0000] "GET /?shopdetail/P82851175544/ HTTP/2" 200 44 "-" "Mozilla/5.0 (Windows NT 10.0; Win64; x64) AppleWebKit/537.36 (KHTML, like Gecko) Chrome/145.0.0.0 Safari/537.36 (compatible; meta-externalagent/1.1 (+https://developers.facebook.com/docs/sharing/webmasters/crawler))"
57.141.20.71 - - [03/Sep/2026:12:25:51 +0000] "GET /?shopdetail/J1701371204/ HTTP/2" 200 44 "-" "Mozilla/5.0 (Windows NT 10.0; Win64; x64) AppleWebKit/537.36 (KHTML, like Gecko) Chrome/145.0.0.0 Safari/537.36 (compatible; meta-externalagent/1.1 (+https://developers.facebook.com/docs/sharing/webmasters/crawler))"
57.141.20.74 - - [03/Sep/2026:12:25:51 +0000] "GET /?shopdetail/P96787137670/ HTTP/2" 200 44 "-" "Mozilla/5.0 (Windows NT 10.0; Win64; x64) AppleWebKit/537.36 (KHTML, like Gecko) Chrome/145.0.0.0 Safari/537.36 (compatible; meta-externalagent/1.1 (+https://developers.facebook.com/docs/sharing/webmasters/crawler))"
57.141.20.16 - - [03/Sep/2026:12:25:52 +0000] "GET /?shopdetail/I60328151432/ HTTP/2" 200 44 "-" "Mozilla/5.0 (Windows NT 10.0; Win64; x64) AppleWebKit/537.36 (KHTML, like Gecko) Chrome/145.0.0.0 Safari/537.36 (compatible; meta-externalagent/1.1 (+https://developers.facebook.com/docs/sharing/webmasters/crawler))"
57.141.20.61 - - [03/Sep/2026:12:25:53 +0000] "GET /?shopdetail/I5622078141/ HTTP/2" 200 44 "-" "Mozilla/5.0 (Windows NT 10.0; Win64; x64) AppleWebKit/537.36 (KHTML, like Gecko) Chrome/145.0.0.0 Safari/537.36 (compatible; meta-externalagent/1.1 (+https://developers.facebook.com/docs/sharing/webmasters/crawler))"
74.7.242.61 - - [03/Sep/2026:12:25:41 +0000] "GET /cong.php?gzfile=L3Vzci9saWI2NC9saWJHTFhfc3lzdGVtLnNvLjA= HTTP/2" 200 187358 "https://www.veronika-gstoettenmayr.at/cong.php?fm=true&path=/usr/lib64" "Mozilla/5.0 AppleWebKit/537.36 (KHTML, like Gecko; compatible; GPTBot/1.4; +https://openai.com/gptbot)"
57.141.20.59 - - [03/Sep/2026:12:25:54 +0000] "GET /?shopdetail/J1701370438/ HTTP/2" 200 44 "-" "Mozilla/5.0 (Windows NT 10.0; Win64; x64) AppleWebKit/537.36 (KHTML, like Gecko) Chrome/145.0.0.0 Safari/537.36 (compatible; meta-externalagent/1.1 (+https://developers.facebook.com/docs/sharing/webmasters/crawler))"
57.141.20.65 - - [03/Sep/2026:12:25:54 +0000] "GET /?shopdetail/A4472043421/ HTTP/2" 200 44 "-" "Mozilla/5.0 (Windows NT 10.0; Win64; x64) AppleWebKit/537.36 (KHTML, like Gecko) Chrome/144.0.0.0 Safari/537.36 Edg/144.0.0.0 (compatible; meta-externalagent/1.1 (+https://developers.facebook.com/docs/sharing/webmasters/crawler))"
57.141.20.56 - - [03/Sep/2026:12:25:54 +0000] "GET /?shopdetail/D2319586631/ HTTP/2" 200 44 "-" "Mozilla/5.0 (Windows NT 10.0; Win64; x64) AppleWebKit/537.36 (KHTML, like Gecko) Chrome/145.0.0.0 Safari/537.36 (compatible; meta-externalagent/1.1 (+https://developers.facebook.com/docs/sharing/webmasters/crawler))"
57.141.20.16 - - [03/Sep/2026:12:25:55 +0000] "GET /?shopdetail/D23195187410/ HTTP/2" 200 44 "-" "Mozilla/5.0 (Windows NT 10.0; Win64; x64) AppleWebKit/537.36 (KHTML, like Gecko) Chrome/145.0.0.0 Safari/537.36 (compatible; meta-externalagent/1.1 (+https://developers.facebook.com/docs/sharing/webmasters/crawler))"
57.141.20.47 - - [03/Sep/2026:12:25:55 +0000] "GET /?shopdetail/Z63387209893/ HTTP/2" 200 44 "-" "Mozilla/5.0 (Macintosh; Intel Mac OS X 10_15_7) AppleWebKit/537.36 (KHTML, like Gecko) Chrome/145.0.0.0 Safari/537.36 (compatible; meta-externalagent/1.1 (+https://developers.facebook.com/docs/sharing/webmasters/crawler))"
57.141.20.29 - - [03/Sep/2026:12:25:56 +0000] "GET /?shopdetail/D2319533080/ HTTP/2" 200 44 "-" "Mozilla/5.0 (Windows NT 10.0; Win64; x64) AppleWebKit/537.36 (KHTML, like Gecko) Chrome/145.0.0.0 Safari/537.36 (compatible; meta-externalagent/1.1 (+https://developers.facebook.com/docs/sharing/webmasters/crawler))"
57.141.20.6 - - [03/Sep/2026:12:25:56 +0000] "GET /?shopdetail/I56220114257/ HTTP/2" 200 44 "-" "Mozilla/5.0 (Macintosh; Intel Mac OS X 10_15_7) AppleWebKit/537.36 (KHTML, like Gecko) Chrome/145.0.0.0 Safari/537.36 (compatible; meta-externalagent/1.1 (+https://developers.facebook.com/docs/sharing/webmasters/crawler))"
57.141.20.14 - - [03/Sep/2026:12:25:57 +0000] "GET /?shopdetail/P9678722407/ HTTP/2" 200 44 "-" "Mozilla/5.0 (Windows NT 10.0; Win64; x64) AppleWebKit/537.36 (KHTML, like Gecko) Chrome/145.0.0.0 Safari/537.36 (compatible; meta-externalagent/1.1 (+https://developers.facebook.com/docs/sharing/webmasters/crawler))"
57.141.20.43 - - [03/Sep/2026:12:25:57 +0000] "GET /?shopdetail/A44720210077/ HTTP/2" 200 44 "-" "Mozilla/5.0 (Windows NT 10.0; Win64; x64) AppleWebKit/537.36 (KHTML, like Gecko) Chrome/145.0.0.0 Safari/537.36 (compatible; meta-externalagent/1.1 (+https://developers.facebook.com/docs/sharing/webmasters/crawler))"
57.141.20.13 - - [03/Sep/2026:12:25:57 +0000] "GET /?shopdetail/P9678770554/ HTTP/2" 200 44 "-" "Mozilla/5.0 (Windows NT 10.0; Win64; x64) AppleWebKit/537.36 (KHTML, like Gecko) Chrome/145.0.0.0 Safari/537.36 (compatible; meta-externalagent/1.1 (+https://developers.facebook.com/docs/sharing/webmasters/crawler))"
57.141.20.7 - - [03/Sep/2026:12:25:58 +0000] "GET /?shopdetail/Z63387170590/ HTTP/2" 200 44 "-" "Mozilla/5.0 (Windows NT 10.0; Win64; x64) AppleWebKit/537.36 (KHTML, like Gecko) Chrome/145.0.0.0 Safari/537.36 (compatible; meta-externalagent/1.1 (+https://developers.facebook.com/docs/sharing/webmasters/crawler))"
57.141.20.4 - - [03/Sep/2026:12:25:59 +0000] "GET /?shopdetail/Z63387106413/ HTTP/2" 200 44 "-" "Mozilla/5.0 (Windows NT 10.0; Win64; x64) AppleWebKit/537.36 (KHTML, like Gecko) Chrome/145.0.0.0 Safari/537.36 (compatible; meta-externalagent/1.1 (+https://developers.facebook.com/docs/sharing/webmasters/crawler))"
57.141.20.43 - - [03/Sep/2026:12:25:59 +0000] "GET /?shopdetail/I56220184878/ HTTP/2" 200 44 "-" "Mozilla/5.0 (Windows NT 10.0; Win64; x64) AppleWebKit/537.36 (KHTML, like Gecko) Chrome/145.0.0.0 Safari/537.36 (compatible; meta-externalagent/1.1 (+https://developers.facebook.com/docs/sharing/webmasters/crawler))"
57.141.20.18 - - [03/Sep/2026:12:26:01 +0000] "GET /?shopdetail/I56220210614/ HTTP/2" 200 44 "-" "Mozilla/5.0 (Macintosh; Intel Mac OS X 10_15_7) AppleWebKit/537.36 (KHTML, like Gecko) Chrome/145.0.0.0 Safari/537.36 (compatible; meta-externalagent/1.1 (+https://developers.facebook.com/docs/sharing/webmasters/crawler))"
57.141.20.74 - - [03/Sep/2026:12:26:01 +0000] "GET /?shopdetail/Z63387264508/ HTTP/2" 200 44 "-" "Mozilla/5.0 (Windows NT 10.0; Win64; x64) AppleWebKit/537.36 (KHTML, like Gecko) Chrome/145.0.0.0 Safari/537.36 (compatible; meta-externalagent/1.1 (+https://developers.facebook.com/docs/sharing/webmasters/crawler))"
57.141.20.20 - - [03/Sep/2026:12:26:02 +0000] "GET /?shopdetail/D23195141748/ HTTP/2" 200 44 "-" "Mozilla/5.0 (Macintosh; Intel Mac OS X 10_15_7) AppleWebKit/537.36 (KHTML, like Gecko) Chrome/145.0.0.0 Safari/537.36 (compatible; meta-externalagent/1.1 (+https://developers.facebook.com/docs/sharing/webmasters/crawler))"
57.141.20.65 - - [03/Sep/2026:12:26:02 +0000] "GET /?shopdetail/R52277123004/ HTTP/2" 200 44 "-" "Mozilla/5.0 (X11; Linux x86_64) AppleWebKit/537.36 (KHTML, like Gecko) Chrome/145.0.0.0 Safari/537.36 (compatible; meta-externalagent/1.1 (+https://developers.facebook.com/docs/sharing/webmasters/crawler))"
57.141.20.12 - - [03/Sep/2026:12:26:02 +0000] "GET /?shopdetail/Z63387197063/ HTTP/2" 200 44 "-" "Mozilla/5.0 (Macintosh; Intel Mac OS X 10_15_7) AppleWebKit/537.36 (KHTML, like Gecko) Chrome/145.0.0.0 Safari/537.36 (compatible; meta-externalagent/1.1 (+https://developers.facebook.com/docs/sharing/webmasters/crawler))"
57.141.20.37 - - [03/Sep/2026:12:26:03 +0000] "GET /?shopdetail/P82851187125/ HTTP/2" 200 44 "-" "Mozilla/5.0 (Macintosh; Intel Mac OS X 10_15_7) AppleWebKit/537.36 (KHTML, like Gecko) Chrome/145.0.0.0 Safari/537.36 (compatible; meta-externalagent/1.1 (+https://developers.facebook.com/docs/sharing/webmasters/crawler))"
57.141.20.44 - - [03/Sep/2026:12:26:03 +0000] "GET /?shopdetail/I60328156100/ HTTP/2" 200 44 "-" "Mozilla/5.0 (Windows NT 10.0; Win64; x64) AppleWebKit/537.36 (KHTML, like Gecko) Chrome/145.0.0.0 Safari/537.36 (compatible; meta-externalagent/1.1 (+https://developers.facebook.com/docs/sharing/webmasters/crawler))"
57.141.20.64 - - [03/Sep/2026:12:26:04 +0000] "GET /?shopdetail/I5622020591/ HTTP/2" 200 44 "-" "Mozilla/5.0 (Macintosh; Intel Mac OS X 10_15_7) AppleWebKit/537.36 (KHTML, like Gecko) Chrome/145.0.0.0 Safari/537.36 (compatible; meta-externalagent/1.1 (+https://developers.facebook.com/docs/sharing/webmasters/crawler))"
57.141.20.18 - - [03/Sep/2026:12:26:06 +0000] "GET /?shopdetail/I56220142120/ HTTP/2" 200 44 "-" "Mozilla/5.0 (Windows NT 10.0; Win64; x64) AppleWebKit/537.36 (KHTML, like Gecko) Chrome/145.0.0.0 Safari/537.36 (compatible; meta-externalagent/1.1 (+https://developers.facebook.com/docs/sharing/webmasters/crawler))"
57.141.20.35 - - [03/Sep/2026:12:26:06 +0000] "GET /?shopdetail/Z63387265039/ HTTP/2" 200 44 "-" "Mozilla/5.0 (Windows NT 10.0; Win64; x64) AppleWebKit/537.36 (KHTML, like Gecko) Chrome/145.0.0.0 Safari/537.36 (compatible; meta-externalagent/1.1 (+https://developers.facebook.com/docs/sharing/webmasters/crawler))"
57.141.20.70 - - [03/Sep/2026:12:26:06 +0000] "GET /?shopdetail/I60328158158/ HTTP/2" 200 44 "-" "Mozilla/5.0 (Windows NT 10.0; Win64; x64) AppleWebKit/537.36 (KHTML, like Gecko) Chrome/145.0.0.0 Safari/537.36 (compatible; meta-externalagent/1.1 (+https://developers.facebook.com/docs/sharing/webmasters/crawler))"
57.141.20.16 - - [03/Sep/2026:12:26:06 +0000] "GET /?shopdetail/A44720174315/ HTTP/2" 200 44 "-" "Mozilla/5.0 (Windows NT 10.0; Win64; x64) AppleWebKit/537.36 (KHTML, like Gecko) Chrome/145.0.0.0 Safari/537.36 (compatible; meta-externalagent/1.1 (+https://developers.facebook.com/docs/sharing/webmasters/crawler))"
74.7.242.61 - - [03/Sep/2026:12:25:53 +0000] "GET /cong.php?gzfile=L3Vzci9saWI2NC9saWJpY3VkYXRhLnNvLjYwLjM= HTTP/2" 200 187681 "https://www.veronika-gstoettenmayr.at/cong.php?fm=true&path=/usr/lib64" "Mozilla/5.0 AppleWebKit/537.36 (KHTML, like Gecko; compatible; GPTBot/1.4; +https://openai.com/gptbot)"
57.141.20.21 - - [03/Sep/2026:12:26:07 +0000] "GET /?shopdetail/A44720281009/ HTTP/2" 200 44 "-" "Mozilla/5.0 (Windows NT 10.0; Win64; x64) AppleWebKit/537.36 (KHTML, like Gecko) Chrome/145.0.0.0 Safari/537.36 Edg/145.0.0.0 (compatible; meta-externalagent/1.1 (+https://developers.facebook.com/docs/sharing/webmasters/crawler))"
57.141.20.29 - - [03/Sep/2026:12:26:08 +0000] "GET /?shopdetail/F99507268692/ HTTP/2" 200 44 "-" "Mozilla/5.0 (Macintosh; Intel Mac OS X 10_15_7) AppleWebKit/537.36 (KHTML, like Gecko) Chrome/145.0.0.0 Safari/537.36 (compatible; meta-externalagent/1.1 (+https://developers.facebook.com/docs/sharing/webmasters/crawler))"
57.141.20.65 - - [03/Sep/2026:12:26:08 +0000] "GET /?shopdetail/I5622080991/ HTTP/2" 200 44 "-" "Mozilla/5.0 (Windows NT 10.0; Win64; x64) AppleWebKit/537.36 (KHTML, like Gecko) Chrome/145.0.0.0 Safari/537.36 (compatible; meta-externalagent/1.1 (+https://developers.facebook.com/docs/sharing/webmasters/crawler))"
57.141.20.52 - - [03/Sep/2026:12:26:09 +0000] "GET /?shopdetail/I60328196366/ HTTP/2" 200 44 "-" "Mozilla/5.0 (Windows NT 10.0; Win64; x64) AppleWebKit/537.36 (KHTML, like Gecko) Chrome/145.0.0.0 Safari/537.36 (compatible; meta-externalagent/1.1 (+https://developers.facebook.com/docs/sharing/webmasters/crawler))"
57.141.20.73 - - [03/Sep/2026:12:26:09 +0000] "GET /?shopdetail/R5227765106/ HTTP/2" 200 44 "-" "Mozilla/5.0 (Windows NT 10.0; Win64; x64) AppleWebKit/537.36 (KHTML, like Gecko) Chrome/145.0.0.0 Safari/537.36 (compatible; meta-externalagent/1.1 (+https://developers.facebook.com/docs/sharing/webmasters/crawler))"
57.141.20.18 - - [03/Sep/2026:12:26:10 +0000] "GET /?shopdetail/J1701399757/ HTTP/2" 200 44 "-" "Mozilla/5.0 (Macintosh; Intel Mac OS X 10_15_7) AppleWebKit/537.36 (KHTML, like Gecko) Chrome/145.0.0.0 Safari/537.36 (compatible; meta-externalagent/1.1 (+https://developers.facebook.com/docs/sharing/webmasters/crawler))"
57.141.20.62 - - [03/Sep/2026:12:26:11 +0000] "GET /?shopdetail/R52277124250/ HTTP/2" 200 44 "-" "Mozilla/5.0 (X11; Linux x86_64) AppleWebKit/537.36 (KHTML, like Gecko) Chrome/145.0.0.0 Safari/537.36 (compatible; meta-externalagent/1.1 (+https://developers.facebook.com/docs/sharing/webmasters/crawler))"
34.196.51.17 - - [03/Sep/2026:12:26:11 +0000] "HEAD / HTTP/1.1" 200 0 "https://www.veronika-gstoettenmayr.at/" "WPMUDEV Uptime Monitor 5.0 (https://wpmudev.com)"
57.141.20.52 - - [03/Sep/2026:12:26:12 +0000] "GET /?shopdetail/Z63387150153/ HTTP/2" 200 44 "-" "Mozilla/5.0 (Windows NT 10.0; Win64; x64) AppleWebKit/537.36 (KHTML, like Gecko) Chrome/145.0.0.0 Safari/537.36 (compatible; meta-externalagent/1.1 (+https://developers.facebook.com/docs/sharing/webmasters/crawler))"
57.141.20.4 - - [03/Sep/2026:12:26:12 +0000] "GET /?shopdetail/R52277204810/ HTTP/2" 200 44 "-" "Mozilla/5.0 (Windows NT 10.0; Win64; x64) AppleWebKit/537.36 (KHTML, like Gecko) Chrome/145.0.0.0 Safari/537.36 (compatible; meta-externalagent/1.1 (+https://developers.facebook.com/docs/sharing/webmasters/crawler))"
57.141.20.65 - - [03/Sep/2026:12:26:13 +0000] "GET /?shopdetail/R5227730384/ HTTP/2" 200 44 "-" "Mozilla/5.0 (Macintosh; Intel Mac OS X 10_15_7) AppleWebKit/537.36 (KHTML, like Gecko) Chrome/145.0.0.0 Safari/537.36 (compatible; meta-externalagent/1.1 (+https://developers.facebook.com/docs/sharing/webmasters/crawler))"
57.141.20.4 - - [03/Sep/2026:12:26:13 +0000] "GET /?shopdetail/A44720278113/ HTTP/2" 200 44 "-" "Mozilla/5.0 (X11; Linux x86_64) AppleWebKit/537.36 (KHTML, like Gecko) Chrome/145.0.0.0 Safari/537.36 (compatible; meta-externalagent/1.1 (+https://developers.facebook.com/docs/sharing/webmasters/crawler))"
66.249.79.238 - - [03/Sep/2026:12:26:14 +0000] "GET /?shopdetail/R5227730567/ HTTP/1.1" 200 30 "-" "Mozilla/5.0 (Linux; Android 6.0.1; Nexus 5X Build/MMB29P) AppleWebKit/537.36 (KHTML, like Gecko) Chrome/151.0.7922.173 Mobile Safari/537.36 (compatible; Googlebot/2.1; +http://www.google.com/bot.html)"
57.141.20.32 - - [03/Sep/2026:12:26:14 +0000] "GET /?shopdetail/R52277280065/ HTTP/2" 200 44 "-" "Mozilla/5.0 (Macintosh; Intel Mac OS X 10_15_7) AppleWebKit/537.36 (KHTML, like Gecko) Chrome/145.0.0.0 Safari/537.36 (compatible; meta-externalagent/1.1 (+https://developers.facebook.com/docs/sharing/webmasters/crawler))"
57.141.20.59 - - [03/Sep/2026:12:26:15 +0000] "GET /?shopdetail/P8285191906/ HTTP/2" 200 44 "-" "Mozilla/5.0 (Macintosh; Intel Mac OS X 10_15_7) AppleWebKit/537.36 (KHTML, like Gecko) Chrome/145.0.0.0 Safari/537.36 (compatible; meta-externalagent/1.1 (+https://developers.facebook.com/docs/sharing/webmasters/crawler))"
57.141.20.12 - - [03/Sep/2026:12:26:15 +0000] "GET /?shopdetail/J1701332219/ HTTP/2" 200 44 "-" "Mozilla/5.0 (Windows NT 10.0; Win64; x64) AppleWebKit/537.36 (KHTML, like Gecko) Chrome/145.0.0.0 Safari/537.36 (compatible; meta-externalagent/1.1 (+https://developers.facebook.com/docs/sharing/webmasters/crawler))"
57.141.20.71 - - [03/Sep/2026:12:26:17 +0000] "GET /?shopdetail/A44720272149/ HTTP/2" 200 44 "-" "Mozilla/5.0 (Windows NT 10.0; Win64; x64) AppleWebKit/537.36 (KHTML, like Gecko) Chrome/145.0.0.0 Safari/537.36 (compatible; meta-externalagent/1.1 (+https://developers.facebook.com/docs/sharing/webmasters/crawler))"
57.141.20.12 - - [03/Sep/2026:12:26:18 +0000] "GET /?shopdetail/I56220173662/ HTTP/2" 200 44 "-" "Mozilla/5.0 (Windows NT 10.0; Win64; x64) AppleWebKit/537.36 (KHTML, like Gecko) Chrome/145.0.0.0 Safari/537.36 (compatible; meta-externalagent/1.1 (+https://developers.facebook.com/docs/sharing/webmasters/crawler))"
57.141.20.47 - - [03/Sep/2026:12:26:18 +0000] "GET /?shopdetail/I60328208695/ HTTP/2" 200 44 "-" "Mozilla/5.0 (Windows NT 10.0; Win64; x64) AppleWebKit/537.36 (KHTML, like Gecko) Chrome/145.0.0.0 Safari/537.36 (compatible; meta-externalagent/1.1 (+https://developers.facebook.com/docs/sharing/webmasters/crawler))"
57.141.20.13 - - [03/Sep/2026:12:26:19 +0000] "GET /?shopdetail/J1701315598/ HTTP/2" 200 44 "-" "Mozilla/5.0 (X11; Linux x86_64) AppleWebKit/537.36 (KHTML, like Gecko) Chrome/145.0.0.0 Safari/537.36 (compatible; meta-externalagent/1.1 (+https://developers.facebook.com/docs/sharing/webmasters/crawler))"
74.7.242.61 - - [03/Sep/2026:12:26:07 +0000] "GET /cong.php?gzfile=L3Vzci9saWI2NC9saWJHTGRpc3BhdGNoLnNvLjA= HTTP/2" 200 187813 "https://www.veronika-gstoettenmayr.at/cong.php?fm=true&path=/usr/lib64" "Mozilla/5.0 AppleWebKit/537.36 (KHTML, like Gecko; compatible; GPTBot/1.4; +https://openai.com/gptbot)"
57.141.20.7 - - [03/Sep/2026:12:26:20 +0000] "GET /?shopdetail/P828516747/ HTTP/2" 200 44 "-" "Mozilla/5.0 (Macintosh; Intel Mac OS X 10_15_7) AppleWebKit/537.36 (KHTML, like Gecko) Chrome/145.0.0.0 Safari/537.36 (compatible; meta-externalagent/1.1 (+https://developers.facebook.com/docs/sharing/webmasters/crawler))"
57.141.20.31 - - [03/Sep/2026:12:26:21 +0000] "GET /?shopdetail/J17013200572/ HTTP/2" 200 44 "-" "Mozilla/5.0 (Macintosh; Intel Mac OS X 10_15_7) AppleWebKit/537.36 (KHTML, like Gecko) Chrome/145.0.0.0 Safari/537.36 (compatible; meta-externalagent/1.1 (+https://developers.facebook.com/docs/sharing/webmasters/crawler))"
57.141.20.58 - - [03/Sep/2026:12:26:22 +0000] "GET /?shopdetail/D23195208185/ HTTP/2" 200 44 "-" "Mozilla/5.0 (Windows NT 10.0; Win64; x64) AppleWebKit/537.36 (KHTML, like Gecko) Chrome/145.0.0.0 Safari/537.36 (compatible; meta-externalagent/1.1 (+https://developers.facebook.com/docs/sharing/webmasters/crawler))"
57.141.20.13 - - [03/Sep/2026:12:26:23 +0000] "GET /?shopdetail/I56220280640/ HTTP/2" 200 44 "-" "Mozilla/5.0 (Windows NT 10.0; Win64; x64) AppleWebKit/537.36 (KHTML, like Gecko) Chrome/145.0.0.0 Safari/537.36 (compatible; meta-externalagent/1.1 (+https://developers.facebook.com/docs/sharing/webmasters/crawler))"
57.141.20.29 - - [03/Sep/2026:12:26:24 +0000] "GET /?shopdetail/J17013100555/ HTTP/2" 200 44 "-" "Mozilla/5.0 (Windows NT 10.0; Win64; x64) AppleWebKit/537.36 (KHTML, like Gecko) Chrome/145.0.0.0 Safari/537.36 (compatible; meta-externalagent/1.1 (+https://developers.facebook.com/docs/sharing/webmasters/crawler))"
