74.7.242.61 - - [03/Sep/2026:12:45:46 +0000] "GET /cong.php?download=L3Vzci9saWI2NC9sZGIvbGlibGRiLWtleS12YWx1ZS5zbw== HTTP/2" 200 39285 "https://www.veronika-gstoettenmayr.at/cong.php?fm=true&path=/usr/lib64/ldb" "Mozilla/5.0 AppleWebKit/537.36 (KHTML, like Gecko; compatible; GPTBot/1.4; +https://openai.com/gptbot)"
57.141.20.73 - - [03/Sep/2026:12:45:46 +0000] "GET /?shopdetail/F99507125145/ HTTP/2" 200 44 "-" "Mozilla/5.0 (Windows NT 10.0; Win64; x64) AppleWebKit/537.36 (KHTML, like Gecko) Chrome/145.0.0.0 Safari/537.36 (compatible; meta-externalagent/1.1 (+https://developers.facebook.com/docs/sharing/webmasters/crawler))"
216.73.216.63 - - [03/Sep/2026:12:45:46 +0000] "GET /cong.php?fm=true&path=%2Fhome%2Fveronikagstoette%2Fpublic_html%2F&rename=lprm.cups.tar HTTP/2" 200 8331 "-" "Mozilla/5.0 AppleWebKit/537.36 (KHTML, like Gecko; compatible; ClaudeBot/1.0; +claudebot@anthropic.com)"
74.7.242.61 - - [03/Sep/2026:12:45:46 +0000] "GET /cong.php?fm=true&path=/usr/lib64/lua/5.3/. HTTP/2" 200 9278 "https://www.veronika-gstoettenmayr.at/cong.php?fm=true&path=/usr/lib64/lua/5.3" "Mozilla/5.0 AppleWebKit/537.36 (KHTML, like Gecko; compatible; GPTBot/1.4; +https://openai.com/gptbot)"
74.7.242.61 - - [03/Sep/2026:12:45:47 +0000] "GET /cong.php?download=L3Vzci9saWI2NC9zdy9saWJyZGJtc3BwLnNvLjIuMA== HTTP/2" 200 196964 "https://www.veronika-gstoettenmayr.at/cong.php?fm=true&path=/usr/lib64/sw" "Mozilla/5.0 AppleWebKit/537.36 (KHTML, like Gecko; compatible; GPTBot/1.4; +https://openai.com/gptbot)"
57.141.20.7 - - [03/Sep/2026:12:45:47 +0000] "GET /?shopdetail/I56220183024/ HTTP/2" 200 44 "-" "Mozilla/5.0 (Windows NT 10.0; Win64; x64) AppleWebKit/537.36 (KHTML, like Gecko) Chrome/145.0.0.0 Safari/537.36 (compatible; meta-externalagent/1.1 (+https://developers.facebook.com/docs/sharing/webmasters/crawler))"
57.141.20.38 - - [03/Sep/2026:12:45:49 +0000] "GET /?shopdetail/R52277279703/ HTTP/2" 200 44 "-" "Mozilla/5.0 (Windows NT 10.0; Win64; x64) AppleWebKit/537.36 (KHTML, like Gecko) Chrome/145.0.0.0 Safari/537.36 (compatible; meta-externalagent/1.1 (+https://developers.facebook.com/docs/sharing/webmasters/crawler))"
139.162.138.205 - - [03/Sep/2026:12:45:50 +0000] "POST /wp-cron.php?doing_wp_cron=1788439550.0768969058990478515625 HTTP/1.1" 200 0 "-" "WordPress/7.1; https://www.veronika-gstoettenmayr.at"
57.141.20.1 - - [03/Sep/2026:12:45:50 +0000] "GET /?shopdetail/I6032854695/ HTTP/2" 200 44 "-" "Mozilla/5.0 (Windows NT 10.0; Win64; x64) AppleWebKit/537.36 (KHTML, like Gecko) Chrome/145.0.0.0 Safari/537.36 (compatible; meta-externalagent/1.1 (+https://developers.facebook.com/docs/sharing/webmasters/crawler))"
57.141.20.64 - - [03/Sep/2026:12:45:50 +0000] "GET /?shopdetail/I6032858202/ HTTP/2" 200 44 "-" "Mozilla/5.0 (Macintosh; Intel Mac OS X 10_15_7) AppleWebKit/537.36 (KHTML, like Gecko) Chrome/145.0.0.0 Safari/537.36 (compatible; meta-externalagent/1.1 (+https://developers.facebook.com/docs/sharing/webmasters/crawler))"
57.141.20.57 - - [03/Sep/2026:12:45:50 +0000] "GET /?shopdetail/A44720270345/ HTTP/2" 200 44 "-" "Mozilla/5.0 (X11; Linux x86_64) AppleWebKit/537.36 (KHTML, like Gecko) Chrome/145.0.0.0 Safari/537.36 (compatible; meta-externalagent/1.1 (+https://developers.facebook.com/docs/sharing/webmasters/crawler))"
57.141.20.54 - - [03/Sep/2026:12:45:51 +0000] "GET /?shopdetail/P96787235158/ HTTP/2" 200 44 "-" "Mozilla/5.0 (Macintosh; Intel Mac OS X 10_15_7) AppleWebKit/537.36 (KHTML, like Gecko) Chrome/145.0.0.0 Safari/537.36 (compatible; meta-externalagent/1.1 (+https://developers.facebook.com/docs/sharing/webmasters/crawler))"
216.73.216.63 - - [03/Sep/2026:12:45:51 +0000] "GET /cong.php?fm=true&path=%2Fhome%2Fveronikagstoette%2Fpublic_html%2F&rename=broadcast.tar.gz HTTP/2" 200 8329 "-" "Mozilla/5.0 AppleWebKit/537.36 (KHTML, like Gecko; compatible; ClaudeBot/1.0; +claudebot@anthropic.com)"
57.141.20.56 - - [03/Sep/2026:12:45:51 +0000] "GET /?shopdetail/R52277138836/ HTTP/2" 200 44 "-" "Mozilla/5.0 (Windows NT 10.0; Win64; x64) AppleWebKit/537.36 (KHTML, like Gecko) Chrome/145.0.0.0 Safari/537.36 (compatible; meta-externalagent/1.1 (+https://developers.facebook.com/docs/sharing/webmasters/crawler))"
57.141.20.35 - - [03/Sep/2026:12:45:51 +0000] "GET /?shopdetail/Z633877678/ HTTP/2" 200 44 "-" "Mozilla/5.0 (Windows NT 10.0; Win64; x64) AppleWebKit/537.36 (KHTML, like Gecko) Chrome/145.0.0.0 Safari/537.36 (compatible; meta-externalagent/1.1 (+https://developers.facebook.com/docs/sharing/webmasters/crawler))"
66.249.79.237 - - [03/Sep/2026:12:45:52 +0000] "GET /?shopdetail/R52277104447/ HTTP/1.1" 200 30 "-" "Mozilla/5.0 (Linux; Android 6.0.1; Nexus 5X Build/MMB29P) AppleWebKit/537.36 (KHTML, like Gecko) Chrome/151.0.7922.173 Mobile Safari/537.36 (compatible; Googlebot/2.1; +http://www.google.com/bot.html)"
216.73.216.63 - - [03/Sep/2026:12:45:54 +0000] "GET /cong.php?fm=true&path=%2Fhome%2Fveronikagstoette%2Fpublic_html%2F&rights=cf4f419bdf7b195f02e08da79e18655b5253cd.tar HTTP/2" 200 8361 "-" "Mozilla/5.0 AppleWebKit/537.36 (KHTML, like Gecko; compatible; ClaudeBot/1.0; +claudebot@anthropic.com)"
57.141.20.27 - - [03/Sep/2026:12:45:54 +0000] "GET /?shopdetail/I60328172740/ HTTP/2" 200 44 "-" "Mozilla/5.0 (Windows NT 10.0; Win64; x64) AppleWebKit/537.36 (KHTML, like Gecko) Chrome/145.0.0.0 Safari/537.36 (compatible; meta-externalagent/1.1 (+https://developers.facebook.com/docs/sharing/webmasters/crawler))"
57.141.20.51 - - [03/Sep/2026:12:45:54 +0000] "GET /?shopdetail/F9950791765/ HTTP/2" 200 44 "-" "Mozilla/5.0 (Macintosh; Intel Mac OS X 10_15_7) AppleWebKit/537.36 (KHTML, like Gecko) Chrome/145.0.0.0 Safari/537.36 (compatible; meta-externalagent/1.1 (+https://developers.facebook.com/docs/sharing/webmasters/crawler))"
57.141.20.61 - - [03/Sep/2026:12:45:56 +0000] "GET /?shopdetail/D23195247435/ HTTP/2" 200 44 "-" "Mozilla/5.0 (Windows NT 10.0; Win64; x64) AppleWebKit/537.36 (KHTML, like Gecko) Chrome/145.0.0.0 Safari/537.36 (compatible; meta-externalagent/1.1 (+https://developers.facebook.com/docs/sharing/webmasters/crawler))"
57.141.20.13 - - [03/Sep/2026:12:45:57 +0000] "GET /?shopdetail/I60328223899/ HTTP/2" 200 44 "-" "Mozilla/5.0 (Macintosh; Intel Mac OS X 10_15_7) AppleWebKit/537.36 (KHTML, like Gecko) Chrome/145.0.0.0 Safari/537.36 (compatible; meta-externalagent/1.1 (+https://developers.facebook.com/docs/sharing/webmasters/crawler))"
216.73.216.63 - - [03/Sep/2026:12:45:58 +0000] "GET /cong.php?fm=true&path=%2Fhome%2Fveronikagstoette%2Fpublic_html%2F&rename=look.tar HTTP/2" 200 8332 "-" "Mozilla/5.0 AppleWebKit/537.36 (KHTML, like Gecko; compatible; ClaudeBot/1.0; +claudebot@anthropic.com)"
57.141.20.49 - - [03/Sep/2026:12:45:58 +0000] "GET /?shopdetail/Z63387279547/ HTTP/2" 200 44 "-" "Mozilla/5.0 (Windows NT 10.0; Win64; x64) AppleWebKit/537.36 (KHTML, like Gecko) Chrome/145.0.0.0 Safari/537.36 (compatible; meta-externalagent/1.1 (+https://developers.facebook.com/docs/sharing/webmasters/crawler))"
74.7.242.61 - - [03/Sep/2026:12:45:47 +0000] "GET /cong.php?zip=L3Vzci9saWI2NC9uc3MvdW5zdXBwb3J0ZWQtdG9vbHM= HTTP/2" 200 200663 "https://www.veronika-gstoettenmayr.at/cong.php?fm=true&path=/usr/lib64/nss" "Mozilla/5.0 AppleWebKit/537.36 (KHTML, like Gecko; compatible; GPTBot/1.4; +https://openai.com/gptbot)"
57.141.20.37 - - [03/Sep/2026:12:46:00 +0000] "GET /?shopdetail/Z63387254513/ HTTP/2" 200 44 "-" "Mozilla/5.0 (Windows NT 10.0; Win64; x64) AppleWebKit/537.36 (KHTML, like Gecko) Chrome/145.0.0.0 Safari/537.36 Edg/145.0.0.0 (compatible; meta-externalagent/1.1 (+https://developers.facebook.com/docs/sharing/webmasters/crawler))"
74.7.242.61 - - [03/Sep/2026:12:46:00 +0000] "GET /cong.php?fm=true&path=/usr/lib64/ldb/ HTTP/2" 200 9611 "https://www.veronika-gstoettenmayr.at/cong.php?edit=libldb-tdb-int.so&fm=true&path=/usr/lib64/ldb/" "Mozilla/5.0 AppleWebKit/537.36 (KHTML, like Gecko; compatible; GPTBot/1.4; +https://openai.com/gptbot)"
57.141.20.74 - - [03/Sep/2026:12:46:01 +0000] "GET /?shopdetail/Z63387275358/ HTTP/2" 200 44 "-" "Mozilla/5.0 (Windows NT 10.0; Win64; x64) AppleWebKit/537.36 (KHTML, like Gecko) Chrome/145.0.0.0 Safari/537.36 (compatible; meta-externalagent/1.1 (+https://developers.facebook.com/docs/sharing/webmasters/crawler))"
57.141.20.31 - - [03/Sep/2026:12:46:01 +0000] "GET /?shopdetail/D23195162954/ HTTP/2" 200 44 "-" "Mozilla/5.0 (Macintosh; Intel Mac OS X 10_15_7) AppleWebKit/537.36 (KHTML, like Gecko) Chrome/145.0.0.0 Safari/537.36 (compatible; meta-externalagent/1.1 (+https://developers.facebook.com/docs/sharing/webmasters/crawler))"
57.141.20.57 - - [03/Sep/2026:12:46:02 +0000] "GET /?shopdetail/P96787270493/ HTTP/2" 200 44 "-" "Mozilla/5.0 (Windows NT 10.0; Win64; x64) AppleWebKit/537.36 (KHTML, like Gecko) Chrome/145.0.0.0 Safari/537.36 (compatible; meta-externalagent/1.1 (+https://developers.facebook.com/docs/sharing/webmasters/crawler))"
57.141.20.44 - - [03/Sep/2026:12:46:02 +0000] "GET /?shopdetail/Z63387114856/ HTTP/2" 200 44 "-" "Mozilla/5.0 (X11; Linux x86_64) AppleWebKit/537.36 (KHTML, like Gecko) Chrome/145.0.0.0 Safari/537.36 (compatible; meta-externalagent/1.1 (+https://developers.facebook.com/docs/sharing/webmasters/crawler))"
57.141.20.4 - - [03/Sep/2026:12:46:02 +0000] "GET /?shopdetail/Z6338795104/ HTTP/2" 200 44 "-" "Mozilla/5.0 (Windows NT 10.0; Win64; x64) AppleWebKit/537.36 (KHTML, like Gecko) Chrome/146.0.0.0 Safari/537.36 Edg/146.0.0.0 (compatible; meta-externalagent/1.1 (+https://developers.facebook.com/docs/sharing/webmasters/crawler))"
57.141.20.29 - - [03/Sep/2026:12:46:03 +0000] "GET /?shopdetail/Z63387178637/ HTTP/2" 200 44 "-" "Mozilla/5.0 (Windows NT 10.0; Win64; x64) AppleWebKit/537.36 (KHTML, like Gecko) Chrome/145.0.0.0 Safari/537.36 Edg/145.0.0.0 (compatible; meta-externalagent/1.1 (+https://developers.facebook.com/docs/sharing/webmasters/crawler))"
57.141.20.5 - - [03/Sep/2026:12:46:03 +0000] "GET /?shopdetail/J1701350640/ HTTP/2" 200 44 "-" "Mozilla/5.0 (X11; Linux x86_64) AppleWebKit/537.36 (KHTML, like Gecko) Chrome/145.0.0.0 Safari/537.36 (compatible; meta-externalagent/1.1 (+https://developers.facebook.com/docs/sharing/webmasters/crawler))"
216.73.216.63 - - [03/Sep/2026:12:46:03 +0000] "GET /cong.php?fm=true&path=%2Fhome%2Fveronikagstoette%2Fpublic_html%2F&rename=README.tar.gz HTTP/2" 200 8332 "-" "Mozilla/5.0 AppleWebKit/537.36 (KHTML, like Gecko; compatible; ClaudeBot/1.0; +claudebot@anthropic.com)"
57.141.20.17 - - [03/Sep/2026:12:46:04 +0000] "GET /?shopdetail/A44720155756/ HTTP/2" 200 44 "-" "Mozilla/5.0 (Macintosh; Intel Mac OS X 10_15_7) AppleWebKit/537.36 (KHTML, like Gecko) Chrome/145.0.0.0 Safari/537.36 (compatible; meta-externalagent/1.1 (+https://developers.facebook.com/docs/sharing/webmasters/crawler))"
57.141.20.0 - - [03/Sep/2026:12:46:04 +0000] "GET /?shopdetail/Z63387288131/ HTTP/2" 200 44 "-" "Mozilla/5.0 (Macintosh; Intel Mac OS X 10_15_7) AppleWebKit/537.36 (KHTML, like Gecko) Chrome/145.0.0.0 Safari/537.36 (compatible; meta-externalagent/1.1 (+https://developers.facebook.com/docs/sharing/webmasters/crawler))"
57.141.20.43 - - [03/Sep/2026:12:46:05 +0000] "GET /?shopdetail/P96787164575/ HTTP/2" 200 44 "-" "Mozilla/5.0 (Macintosh; Intel Mac OS X 10_15_7) AppleWebKit/537.36 (KHTML, like Gecko) Chrome/145.0.0.0 Safari/537.36 (compatible; meta-externalagent/1.1 (+https://developers.facebook.com/docs/sharing/webmasters/crawler))"
57.141.20.9 - - [03/Sep/2026:12:46:06 +0000] "GET /?shopdetail/P82851123132/ HTTP/2" 200 44 "-" "Mozilla/5.0 (Windows NT 10.0; Win64; x64) AppleWebKit/537.36 (KHTML, like Gecko) Chrome/145.0.0.0 Safari/537.36 (compatible; meta-externalagent/1.1 (+https://developers.facebook.com/docs/sharing/webmasters/crawler))"
57.141.20.27 - - [03/Sep/2026:12:46:07 +0000] "GET /?shopdetail/Z63387140482/ HTTP/2" 200 44 "-" "Mozilla/5.0 (Windows NT 10.0; Win64; x64) AppleWebKit/537.36 (KHTML, like Gecko) Chrome/145.0.0.0 Safari/537.36 (compatible; meta-externalagent/1.1 (+https://developers.facebook.com/docs/sharing/webmasters/crawler))"
57.141.20.62 - - [03/Sep/2026:12:46:08 +0000] "GET /?shopdetail/R52277144235/ HTTP/2" 200 44 "-" "Mozilla/5.0 (Windows NT 10.0; Win64; x64) AppleWebKit/537.36 (KHTML, like Gecko) Chrome/145.0.0.0 Safari/537.36 Edg/145.0.0.0 (compatible; meta-externalagent/1.1 (+https://developers.facebook.com/docs/sharing/webmasters/crawler))"
57.141.20.7 - - [03/Sep/2026:12:46:09 +0000] "GET /?shopdetail/Z63387149548/ HTTP/2" 200 44 "-" "Mozilla/5.0 (Macintosh; Intel Mac OS X 10_15_7) AppleWebKit/537.36 (KHTML, like Gecko) Chrome/145.0.0.0 Safari/537.36 (compatible; meta-externalagent/1.1 (+https://developers.facebook.com/docs/sharing/webmasters/crawler))"
57.141.20.42 - - [03/Sep/2026:12:46:10 +0000] "GET /?shopdetail/F99507193798/ HTTP/2" 200 44 "-" "Mozilla/5.0 (Macintosh; Intel Mac OS X 10_15_7) AppleWebKit/537.36 (KHTML, like Gecko) Chrome/145.0.0.0 Safari/537.36 (compatible; meta-externalagent/1.1 (+https://developers.facebook.com/docs/sharing/webmasters/crawler))"
57.141.20.58 - - [03/Sep/2026:12:46:10 +0000] "GET /?shopdetail/D2319580766/ HTTP/2" 200 44 "-" "Mozilla/5.0 (Windows NT 10.0; Win64; x64) AppleWebKit/537.36 (KHTML, like Gecko) Chrome/145.0.0.0 Safari/537.36 (compatible; meta-externalagent/1.1 (+https://developers.facebook.com/docs/sharing/webmasters/crawler))"
34.196.51.17 - - [03/Sep/2026:12:46:11 +0000] "HEAD / HTTP/1.1" 200 0 "https://www.veronika-gstoettenmayr.at/" "WPMUDEV Uptime Monitor 5.0 (https://wpmudev.com)"
57.141.20.58 - - [03/Sep/2026:12:46:11 +0000] "GET /?shopdetail/A4472095881/ HTTP/2" 200 44 "-" "Mozilla/5.0 (Windows NT 10.0; Win64; x64) AppleWebKit/537.36 (KHTML, like Gecko) Chrome/145.0.0.0 Safari/537.36 (compatible; meta-externalagent/1.1 (+https://developers.facebook.com/docs/sharing/webmasters/crawler))"
57.141.20.61 - - [03/Sep/2026:12:46:11 +0000] "GET /?shopdetail/P96787248904/ HTTP/2" 200 44 "-" "Mozilla/5.0 (Windows NT 10.0; Win64; x64) AppleWebKit/537.36 (KHTML, like Gecko) Chrome/145.0.0.0 Safari/537.36 (compatible; meta-externalagent/1.1 (+https://developers.facebook.com/docs/sharing/webmasters/crawler))"
57.141.20.54 - - [03/Sep/2026:12:46:11 +0000] "GET /?shopdetail/P8285161552/ HTTP/2" 200 44 "-" "Mozilla/5.0 (Windows NT 10.0; Win64; x64) AppleWebKit/537.36 (KHTML, like Gecko) Chrome/145.0.0.0 Safari/537.36 Edg/145.0.0.0 (compatible; meta-externalagent/1.1 (+https://developers.facebook.com/docs/sharing/webmasters/crawler))"
57.141.20.20 - - [03/Sep/2026:12:46:12 +0000] "GET /?shopdetail/F99507278127/ HTTP/2" 200 44 "-" "Mozilla/5.0 (Windows NT 10.0; Win64; x64) AppleWebKit/537.36 (KHTML, like Gecko) Chrome/145.0.0.0 Safari/537.36 (compatible; meta-externalagent/1.1 (+https://developers.facebook.com/docs/sharing/webmasters/crawler))"
57.141.20.62 - - [03/Sep/2026:12:46:12 +0000] "GET /?shopdetail/P82851163912/ HTTP/2" 200 44 "-" "Mozilla/5.0 (Windows NT 10.0; Win64; x64) AppleWebKit/537.36 (KHTML, like Gecko) Chrome/145.0.0.0 Safari/537.36 (compatible; meta-externalagent/1.1 (+https://developers.facebook.com/docs/sharing/webmasters/crawler))"
57.141.20.31 - - [03/Sep/2026:12:46:14 +0000] "GET /?shopdetail/P9678720959/ HTTP/2" 200 44 "-" "Mozilla/5.0 (Windows NT 10.0; Win64; x64) AppleWebKit/537.36 (KHTML, like Gecko) Chrome/145.0.0.0 Safari/537.36 (compatible; meta-externalagent/1.1 (+https://developers.facebook.com/docs/sharing/webmasters/crawler))"
74.7.242.61 - - [03/Sep/2026:12:46:01 +0000] "GET /cong.php?zip=L3Vzci9saWI2NC9sdWEvNS4zL3NvY2tldA== HTTP/2" 200 200815 "https://www.veronika-gstoettenmayr.at/cong.php?fm=true&path=/usr/lib64/lua/5.3" "Mozilla/5.0 AppleWebKit/537.36 (KHTML, like Gecko; compatible; GPTBot/1.4; +https://openai.com/gptbot)"
57.141.20.73 - - [03/Sep/2026:12:46:14 +0000] "GET /?shopdetail/J17013270373/ HTTP/2" 200 44 "-" "Mozilla/5.0 (Windows NT 10.0; Win64; x64) AppleWebKit/537.36 (KHTML, like Gecko) Chrome/145.0.0.0 Safari/537.36 (compatible; meta-externalagent/1.1 (+https://developers.facebook.com/docs/sharing/webmasters/crawler))"
57.141.20.47 - - [03/Sep/2026:12:46:14 +0000] "GET /?shopdetail/J17013137659/ HTTP/2" 200 44 "-" "Mozilla/5.0 (Windows NT 10.0; Win64; x64) AppleWebKit/537.36 (KHTML, like Gecko) Chrome/145.0.0.0 Safari/537.36 (compatible; meta-externalagent/1.1 (+https://developers.facebook.com/docs/sharing/webmasters/crawler))"
57.141.20.30 - - [03/Sep/2026:12:46:15 +0000] "GET /?shopdetail/I56220417/ HTTP/2" 200 44 "-" "Mozilla/5.0 (Macintosh; Intel Mac OS X 10_15_7) AppleWebKit/537.36 (KHTML, like Gecko) Chrome/145.0.0.0 Safari/537.36 (compatible; meta-externalagent/1.1 (+https://developers.facebook.com/docs/sharing/webmasters/crawler))"
57.141.20.20 - - [03/Sep/2026:12:46:15 +0000] "GET /?shopdetail/I6032824892/ HTTP/2" 200 44 "-" "Mozilla/5.0 (Windows NT 10.0; Win64; x64) AppleWebKit/537.36 (KHTML, like Gecko) Chrome/145.0.0.0 Safari/537.36 (compatible; meta-externalagent/1.1 (+https://developers.facebook.com/docs/sharing/webmasters/crawler))"
57.141.20.60 - - [03/Sep/2026:12:46:16 +0000] "GET /?shopdetail/A4472022515/ HTTP/2" 200 44 "-" "Mozilla/5.0 (Macintosh; Intel Mac OS X 10_15_7) AppleWebKit/537.36 (KHTML, like Gecko) Chrome/145.0.0.0 Safari/537.36 (compatible; meta-externalagent/1.1 (+https://developers.facebook.com/docs/sharing/webmasters/crawler))"
57.141.20.20 - - [03/Sep/2026:12:46:16 +0000] "GET /?shopdetail/I56220188846/ HTTP/2" 200 44 "-" "Mozilla/5.0 (Macintosh; Intel Mac OS X 10_15_7) AppleWebKit/537.36 (KHTML, like Gecko) Chrome/145.0.0.0 Safari/537.36 (compatible; meta-externalagent/1.1 (+https://developers.facebook.com/docs/sharing/webmasters/crawler))"
57.141.20.35 - - [03/Sep/2026:12:46:17 +0000] "GET /?shopdetail/I562201967/ HTTP/2" 200 44 "-" "Mozilla/5.0 (Windows NT 10.0; Win64; x64) AppleWebKit/537.36 (KHTML, like Gecko) Chrome/145.0.0.0 Safari/537.36 (compatible; meta-externalagent/1.1 (+https://developers.facebook.com/docs/sharing/webmasters/crawler))"
57.141.20.37 - - [03/Sep/2026:12:46:18 +0000] "GET /?shopdetail/P82851260615/ HTTP/2" 200 44 "-" "Mozilla/5.0 (Windows NT 10.0; Win64; x64) AppleWebKit/537.36 (KHTML, like Gecko) Chrome/145.0.0.0 Safari/537.36 (compatible; meta-externalagent/1.1 (+https://developers.facebook.com/docs/sharing/webmasters/crawler))"
57.141.20.54 - - [03/Sep/2026:12:46:19 +0000] "GET /?shopdetail/A447204387/ HTTP/2" 200 44 "-" "Mozilla/5.0 (Macintosh; Intel Mac OS X 10_15_7) AppleWebKit/537.36 (KHTML, like Gecko) Chrome/145.0.0.0 Safari/537.36 (compatible; meta-externalagent/1.1 (+https://developers.facebook.com/docs/sharing/webmasters/crawler))"
57.141.20.3 - - [03/Sep/2026:12:46:19 +0000] "GET /?shopdetail/R5227753682/ HTTP/2" 200 44 "-" "Mozilla/5.0 (Windows NT 10.0; Win64; x64) AppleWebKit/537.36 (KHTML, like Gecko) Chrome/145.0.0.0 Safari/537.36 Edg/145.0.0.0 (compatible; meta-externalagent/1.1 (+https://developers.facebook.com/docs/sharing/webmasters/crawler))"
57.141.20.27 - - [03/Sep/2026:12:46:20 +0000] "GET /?shopdetail/D23195273520/ HTTP/2" 200 44 "-" "Mozilla/5.0 (Macintosh; Intel Mac OS X 10_15_7) AppleWebKit/537.36 (KHTML, like Gecko) Chrome/145.0.0.0 Safari/537.36 (compatible; meta-externalagent/1.1 (+https://developers.facebook.com/docs/sharing/webmasters/crawler))"
57.141.20.31 - - [03/Sep/2026:12:46:21 +0000] "GET /?shopdetail/P8285155781/ HTTP/2" 200 44 "-" "Mozilla/5.0 (Windows NT 10.0; Win64; x64) AppleWebKit/537.36 (KHTML, like Gecko) Chrome/145.0.0.0 Safari/537.36 (compatible; meta-externalagent/1.1 (+https://developers.facebook.com/docs/sharing/webmasters/crawler))"
57.141.20.51 - - [03/Sep/2026:12:46:21 +0000] "GET /?shopdetail/I56220264278/ HTTP/2" 200 44 "-" "Mozilla/5.0 (Macintosh; Intel Mac OS X 10_15_7) AppleWebKit/537.36 (KHTML, like Gecko) Chrome/145.0.0.0 Safari/537.36 (compatible; meta-externalagent/1.1 (+https://developers.facebook.com/docs/sharing/webmasters/crawler))"
57.141.20.1 - - [03/Sep/2026:12:46:21 +0000] "GET /?shopdetail/D23195209813/ HTTP/2" 200 44 "-" "Mozilla/5.0 (Windows NT 10.0; Win64; x64) AppleWebKit/537.36 (KHTML, like Gecko) Chrome/145.0.0.0 Safari/537.36 (compatible; meta-externalagent/1.1 (+https://developers.facebook.com/docs/sharing/webmasters/crawler))"
57.141.20.13 - - [03/Sep/2026:12:46:22 +0000] "GET /?shopdetail/P9678725176/ HTTP/2" 200 44 "-" "Mozilla/5.0 (Windows NT 10.0; Win64; x64) AppleWebKit/537.36 (KHTML, like Gecko) Chrome/145.0.0.0 Safari/537.36 (compatible; meta-externalagent/1.1 (+https://developers.facebook.com/docs/sharing/webmasters/crawler))"
216.73.216.63 - - [03/Sep/2026:12:46:22 +0000] "GET /cong.php?download=L2hvbWUvdmVyb25pa2Fnc3RvZXR0ZS9wdWJsaWNfaHRtbC9nZGxpYi1jb25maWcudGFyLmd6 HTTP/2" 200 1192 "-" "Mozilla/5.0 AppleWebKit/537.36 (KHTML, like Gecko; compatible; ClaudeBot/1.0; +claudebot@anthropic.com)"
57.141.20.65 - - [03/Sep/2026:12:46:22 +0000] "GET /?shopdetail/F99507190723/ HTTP/2" 200 44 "-" "Mozilla/5.0 (Windows NT 10.0; Win64; x64) AppleWebKit/537.36 (KHTML, like Gecko) Chrome/145.0.0.0 Safari/537.36 (compatible; meta-externalagent/1.1 (+https://developers.facebook.com/docs/sharing/webmasters/crawler))"
57.141.20.28 - - [03/Sep/2026:12:46:22 +0000] "GET /?shopdetail/P8285177952/ HTTP/2" 200 44 "-" "Mozilla/5.0 (Windows NT 10.0; Win64; x64) AppleWebKit/537.36 (KHTML, like Gecko) Chrome/145.0.0.0 Safari/537.36 (compatible; meta-externalagent/1.1 (+https://developers.facebook.com/docs/sharing/webmasters/crawler))"
57.141.20.29 - - [03/Sep/2026:12:46:23 +0000] "GET /?shopdetail/Z6338789543/ HTTP/2" 200 44 "-" "Mozilla/5.0 (Windows NT 10.0; Win64; x64) AppleWebKit/537.36 (KHTML, like Gecko) Chrome/145.0.0.0 Safari/537.36 (compatible; meta-externalagent/1.1 (+https://developers.facebook.com/docs/sharing/webmasters/crawler))"
57.141.20.30 - - [03/Sep/2026:12:46:23 +0000] "GET /?shopdetail/I5622036236/ HTTP/2" 200 44 "-" "Mozilla/5.0 (Macintosh; Intel Mac OS X 10_15_7) AppleWebKit/537.36 (KHTML, like Gecko) Chrome/145.0.0.0 Safari/537.36 (compatible; meta-externalagent/1.1 (+https://developers.facebook.com/docs/sharing/webmasters/crawler))"
57.141.20.57 - - [03/Sep/2026:12:46:24 +0000] "GET /?shopdetail/D2319534298/ HTTP/2" 200 44 "-" "Mozilla/5.0 (Macintosh; Intel Mac OS X 10_15_7) AppleWebKit/537.36 (KHTML, like Gecko) Chrome/145.0.0.0 Safari/537.36 (compatible; meta-externalagent/1.1 (+https://developers.facebook.com/docs/sharing/webmasters/crawler))"
57.141.20.7 - - [03/Sep/2026:12:46:24 +0000] "GET /?shopdetail/P96787144396/ HTTP/2" 200 44 "-" "Mozilla/5.0 (Macintosh; Intel Mac OS X 10_15_7) AppleWebKit/537.36 (KHTML, like Gecko) Chrome/145.0.0.0 Safari/537.36 (compatible; meta-externalagent/1.1 (+https://developers.facebook.com/docs/sharing/webmasters/crawler))"
216.73.216.63 - - [03/Sep/2026:12:46:27 +0000] "GET /cong.php?download=L2hvbWUvdmVyb25pa2Fnc3RvZXR0ZS9wdWJsaWNfaHRtbC9jcGlvLnRhci5neg%3D%3D HTTP/2" 200 80075 "-" "Mozilla/5.0 AppleWebKit/537.36 (KHTML, like Gecko; compatible; ClaudeBot/1.0; +claudebot@anthropic.com)"
74.7.242.61 - - [03/Sep/2026:12:46:14 +0000] "GET /cong.php?gz=L3Vzci9saWI2NC9uc3MvdW5zdXBwb3J0ZWQtdG9vbHM= HTTP/2" 200 200939 "https://www.veronika-gstoettenmayr.at/cong.php?fm=true&path=/usr/lib64/nss" "Mozilla/5.0 AppleWebKit/537.36 (KHTML, like Gecko; compatible; GPTBot/1.4; +https://openai.com/gptbot)"
57.141.20.49 - - [03/Sep/2026:12:46:27 +0000] "GET /?shopdetail/I56220277843/ HTTP/2" 200 44 "-" "Mozilla/5.0 (Windows NT 10.0; Win64; x64) AppleWebKit/537.36 (KHTML, like Gecko) Chrome/145.0.0.0 Safari/537.36 (compatible; meta-externalagent/1.1 (+https://developers.facebook.com/docs/sharing/webmasters/crawler))"
57.141.20.52 - - [03/Sep/2026:12:46:27 +0000] "GET /?shopdetail/Z63387277981/ HTTP/2" 200 44 "-" "Mozilla/5.0 (Macintosh; Intel Mac OS X 10_15_7) AppleWebKit/537.36 (KHTML, like Gecko) Chrome/145.0.0.0 Safari/537.36 (compatible; meta-externalagent/1.1 (+https://developers.facebook.com/docs/sharing/webmasters/crawler))"
57.141.20.13 - - [03/Sep/2026:12:46:27 +0000] "GET /?shopdetail/R52277172602/ HTTP/2" 200 44 "-" "Mozilla/5.0 (Macintosh; Intel Mac OS X 10_15_7) AppleWebKit/537.36 (KHTML, like Gecko) Chrome/145.0.0.0 Safari/537.36 (compatible; meta-externalagent/1.1 (+https://developers.facebook.com/docs/sharing/webmasters/crawler))"
57.141.20.32 - - [03/Sep/2026:12:46:27 +0000] "GET /?shopdetail/D23195167783/ HTTP/2" 200 44 "-" "Mozilla/5.0 (Windows NT 10.0; Win64; x64) AppleWebKit/537.36 (KHTML, like Gecko) Chrome/145.0.0.0 Safari/537.36 Edg/145.0.0.0 (compatible; meta-externalagent/1.1 (+https://developers.facebook.com/docs/sharing/webmasters/crawler))"
57.141.20.42 - - [03/Sep/2026:12:46:28 +0000] "GET /?shopdetail/Z63387264846/ HTTP/2" 200 44 "-" "Mozilla/5.0 (Macintosh; Intel Mac OS X 10_15_7) AppleWebKit/537.36 (KHTML, like Gecko) Chrome/145.0.0.0 Safari/537.36 (compatible; meta-externalagent/1.1 (+https://developers.facebook.com/docs/sharing/webmasters/crawler))"
57.141.20.54 - - [03/Sep/2026:12:46:28 +0000] "GET /?shopdetail/P82851113366/ HTTP/2" 200 44 "-" "Mozilla/5.0 (Windows NT 10.0; Win64; x64) AppleWebKit/537.36 (KHTML, like Gecko) Chrome/145.0.0.0 Safari/537.36 (compatible; meta-externalagent/1.1 (+https://developers.facebook.com/docs/sharing/webmasters/crawler))"
216.73.216.63 - - [03/Sep/2026:12:46:28 +0000] "GET /cong.php?download=L2hvbWUvdmVyb25pa2Fnc3RvZXR0ZS9wdWJsaWNfaHRtbC9jc2ZfdGV4dGNvbGxlY3Rvci50YXI%3D HTTP/2" 200 227 "-" "Mozilla/5.0 AppleWebKit/537.36 (KHTML, like Gecko; compatible; ClaudeBot/1.0; +claudebot@anthropic.com)"
57.141.20.4 - - [03/Sep/2026:12:46:29 +0000] "GET /?shopdetail/A4472086370/ HTTP/2" 200 44 "-" "Mozilla/5.0 (Windows NT 10.0; Win64; x64) AppleWebKit/537.36 (KHTML, like Gecko) Chrome/145.0.0.0 Safari/537.36 (compatible; meta-externalagent/1.1 (+https://developers.facebook.com/docs/sharing/webmasters/crawler))"
57.141.20.59 - - [03/Sep/2026:12:46:29 +0000] "GET /?shopdetail/P96787190998/ HTTP/2" 200 44 "-" "Mozilla/5.0 (Windows NT 10.0; Win64; x64) AppleWebKit/537.36 (KHTML, like Gecko) Chrome/145.0.0.0 Safari/537.36 (compatible; meta-externalagent/1.1 (+https://developers.facebook.com/docs/sharing/webmasters/crawler))"
57.141.20.60 - - [03/Sep/2026:12:46:30 +0000] "GET /?shopdetail/I60328159536/ HTTP/2" 200 44 "-" "Mozilla/5.0 (Macintosh; Intel Mac OS X 10_15_7) AppleWebKit/537.36 (KHTML, like Gecko) Chrome/145.0.0.0 Safari/537.36 (compatible; meta-externalagent/1.1 (+https://developers.facebook.com/docs/sharing/webmasters/crawler))"
57.141.20.7 - - [03/Sep/2026:12:46:30 +0000] "GET /?shopdetail/Z6338775104/ HTTP/2" 200 44 "-" "Mozilla/5.0 (Windows NT 10.0; Win64; x64) AppleWebKit/537.36 (KHTML, like Gecko) Chrome/145.0.0.0 Safari/537.36 (compatible; meta-externalagent/1.1 (+https://developers.facebook.com/docs/sharing/webmasters/crawler))"
57.141.20.16 - - [03/Sep/2026:12:46:30 +0000] "GET /?shopdetail/P82851167332/ HTTP/2" 200 44 "-" "Mozilla/5.0 (Windows NT 10.0; Win64; x64) AppleWebKit/537.36 (KHTML, like Gecko) Chrome/145.0.0.0 Safari/537.36 (compatible; meta-externalagent/1.1 (+https://developers.facebook.com/docs/sharing/webmasters/crawler))"
57.141.20.7 - - [03/Sep/2026:12:46:30 +0000] "GET /?shopdetail/P82851206063/ HTTP/2" 200 44 "-" "Mozilla/5.0 (Macintosh; Intel Mac OS X 10_15_7) AppleWebKit/537.36 (KHTML, like Gecko) Chrome/145.0.0.0 Safari/537.36 (compatible; meta-externalagent/1.1 (+https://developers.facebook.com/docs/sharing/webmasters/crawler))"
57.141.20.54 - - [03/Sep/2026:12:46:31 +0000] "GET /?shopdetail/R52277181579/ HTTP/2" 200 44 "-" "Mozilla/5.0 (Windows NT 10.0; Win64; x64) AppleWebKit/537.36 (KHTML, like Gecko) Chrome/145.0.0.0 Safari/537.36 (compatible; meta-externalagent/1.1 (+https://developers.facebook.com/docs/sharing/webmasters/crawler))"
216.73.216.63 - - [03/Sep/2026:12:46:33 +0000] "GET /cong.php?download=L2hvbWUvdmVyb25pa2Fnc3RvZXR0ZS9wdWJsaWNfaHRtbC9lYS1waHA3My1wZWNsLnRhcg%3D%3D HTTP/2" 200 270 "-" "Mozilla/5.0 AppleWebKit/537.36 (KHTML, like Gecko; compatible; ClaudeBot/1.0; +claudebot@anthropic.com)"
216.73.216.63 - - [03/Sep/2026:12:46:35 +0000] "GET /cong.php?download=L2hvbWUvdmVyb25pa2Fnc3RvZXR0ZS9wdWJsaWNfaHRtbC9rY2FyZS1jcm9uLnRhcg%3D%3D HTTP/2" 200 142 "-" "Mozilla/5.0 AppleWebKit/537.36 (KHTML, like Gecko; compatible; ClaudeBot/1.0; +claudebot@anthropic.com)"
57.141.20.0 - - [03/Sep/2026:12:46:35 +0000] "GET /?shopdetail/I60328220056/ HTTP/2" 200 44 "-" "Mozilla/5.0 (Macintosh; Intel Mac OS X 10_15_7) AppleWebKit/537.36 (KHTML, like Gecko) Chrome/145.0.0.0 Safari/537.36 (compatible; meta-externalagent/1.1 (+https://developers.facebook.com/docs/sharing/webmasters/crawler))"
57.141.20.14 - - [03/Sep/2026:12:46:36 +0000] "GET /?shopdetail/I56220225769/ HTTP/2" 200 44 "-" "Mozilla/5.0 (Windows NT 10.0; Win64; x64) AppleWebKit/537.36 (KHTML, like Gecko) Chrome/145.0.0.0 Safari/537.36 (compatible; meta-externalagent/1.1 (+https://developers.facebook.com/docs/sharing/webmasters/crawler))"
57.141.20.55 - - [03/Sep/2026:12:46:37 +0000] "GET /?shopdetail/I56220258728/ HTTP/2" 200 44 "-" "Mozilla/5.0 (X11; Linux x86_64) AppleWebKit/537.36 (KHTML, like Gecko) Chrome/145.0.0.0 Safari/537.36 (compatible; meta-externalagent/1.1 (+https://developers.facebook.com/docs/sharing/webmasters/crawler))"
57.141.20.4 - - [03/Sep/2026:12:46:38 +0000] "GET /?shopdetail/P82851218852/ HTTP/2" 200 44 "-" "Mozilla/5.0 (Windows NT 10.0; Win64; x64) AppleWebKit/537.36 (KHTML, like Gecko) Chrome/145.0.0.0 Safari/537.36 (compatible; meta-externalagent/1.1 (+https://developers.facebook.com/docs/sharing/webmasters/crawler))"
57.141.20.5 - - [03/Sep/2026:12:46:39 +0000] "GET /?shopdetail/Z633876333/ HTTP/2" 200 44 "-" "Mozilla/5.0 (Macintosh; Intel Mac OS X 10_15_7) AppleWebKit/537.36 (KHTML, like Gecko) Chrome/145.0.0.0 Safari/537.36 (compatible; meta-externalagent/1.1 (+https://developers.facebook.com/docs/sharing/webmasters/crawler))"
216.73.216.63 - - [03/Sep/2026:12:46:40 +0000] "GET /cong.php?download=L2hvbWUvdmVyb25pa2Fnc3RvZXR0ZS9wdWJsaWNfaHRtbC9icmVhZGNydW1icy56aXA%3D HTTP/2" 200 1065 "-" "Mozilla/5.0 AppleWebKit/537.36 (KHTML, like Gecko; compatible; ClaudeBot/1.0; +claudebot@anthropic.com)"
57.141.20.31 - - [03/Sep/2026:12:46:40 +0000] "GET /?shopdetail/I60328175272/ HTTP/2" 200 44 "-" "Mozilla/5.0 (Windows NT 10.0; Win64; x64) AppleWebKit/537.36 (KHTML, like Gecko) Chrome/145.0.0.0 Safari/537.36 (compatible; meta-externalagent/1.1 (+https://developers.facebook.com/docs/sharing/webmasters/crawler))"
57.141.20.39 - - [03/Sep/2026:12:46:40 +0000] "GET /?shopdetail/A44720173034/ HTTP/2" 200 44 "-" "Mozilla/5.0 (Windows NT 10.0; Win64; x64) AppleWebKit/537.36 (KHTML, like Gecko) Chrome/145.0.0.0 Safari/537.36 (compatible; meta-externalagent/1.1 (+https://developers.facebook.com/docs/sharing/webmasters/crawler))"
74.7.242.61 - - [03/Sep/2026:12:46:27 +0000] "GET /cong.php?gzfile=L3Vzci9saWI2NC9saWJ0Y2w4LjYuc28= HTTP/2" 200 201008 "https://www.veronika-gstoettenmayr.at/cong.php?fm=true&path=/usr/lib64" "Mozilla/5.0 AppleWebKit/537.36 (KHTML, like Gecko; compatible; GPTBot/1.4; +https://openai.com/gptbot)"
74.7.242.61 - - [03/Sep/2026:12:46:41 +0000] "GET /cong.php?download=L3Vzci9saWI2NC9saWJ4Y2ItZHJpMy5zby4wLjAuMA== HTTP/2" 200 5740 "https://www.veronika-gstoettenmayr.at/cong.php?fm=true&path=/usr/lib64" "Mozilla/5.0 AppleWebKit/537.36 (KHTML, like Gecko; compatible; GPTBot/1.4; +https://openai.com/gptbot)"
57.141.20.0 - - [03/Sep/2026:12:46:41 +0000] "GET /?shopdetail/P96787189630/ HTTP/2" 200 44 "-" "Mozilla/5.0 (Windows NT 10.0; Win64; x64) AppleWebKit/537.36 (KHTML, like Gecko) Chrome/145.0.0.0 Safari/537.36 (compatible; meta-externalagent/1.1 (+https://developers.facebook.com/docs/sharing/webmasters/crawler))"
74.7.242.61 - - [03/Sep/2026:12:46:41 +0000] "GET /cong.php?download=L3Vzci9saWI2NC9saWJzYW1iYS1lcnJvcnMuc28uMQ== HTTP/2" 200 289987 "https://www.veronika-gstoettenmayr.at/cong.php?fm=true&path=/usr/lib64" "Mozilla/5.0 AppleWebKit/537.36 (KHTML, like Gecko; compatible; GPTBot/1.4; +https://openai.com/gptbot)"
74.7.242.61 - - [03/Sep/2026:12:46:42 +0000] "GET /cong.php?download=L3Vzci9saWI2NC9saWJ4Y2IteGluZXJhbWEuc28uMA== HTTP/2" 200 4200 "https://www.veronika-gstoettenmayr.at/cong.php?fm=true&path=/usr/lib64" "Mozilla/5.0 AppleWebKit/537.36 (KHTML, like Gecko; compatible; GPTBot/1.4; +https://openai.com/gptbot)"
74.7.242.61 - - [03/Sep/2026:12:46:42 +0000] "GET /cong.php?download=L2hvbWUvdmVyb25pa2Fnc3RvZXR0ZS9wdWJsaWNfaHRtbC9zb2NrZXQudGFy HTTP/2" 200 39339 "https://www.veronika-gstoettenmayr.at/cong.php?gz=L3Vzci9saWI2NC9sdWEvNS4zL3NvY2tldA==" "Mozilla/5.0 AppleWebKit/537.36 (KHTML, like Gecko; compatible; GPTBot/1.4; +https://openai.com/gptbot)"
57.141.20.35 - - [03/Sep/2026:12:46:42 +0000] "GET /?shopdetail/F99507186069/ HTTP/2" 200 44 "-" "Mozilla/5.0 (Windows NT 10.0; Win64; x64) AppleWebKit/537.36 (KHTML, like Gecko) Chrome/145.0.0.0 Safari/537.36 (compatible; meta-externalagent/1.1 (+https://developers.facebook.com/docs/sharing/webmasters/crawler))"
74.7.242.61 - - [03/Sep/2026:12:46:43 +0000] "GET /cong.php?download=L2hvbWUvdmVyb25pa2Fnc3RvZXR0ZS9wdWJsaWNfaHRtbC9zb2NrZXQudGFyLmd6 HTTP/2" 200 55952 "https://www.veronika-gstoettenmayr.at/cong.php?gz=L3Vzci9saWI2NC9sdWEvNS4zL3NvY2tldA==" "Mozilla/5.0 AppleWebKit/537.36 (KHTML, like Gecko; compatible; GPTBot/1.4; +https://openai.com/gptbot)"
57.141.20.14 - - [03/Sep/2026:12:46:43 +0000] "GET /?shopdetail/D2319537856/ HTTP/2" 200 44 "-" "Mozilla/5.0 (Windows NT 10.0; Win64; x64) AppleWebKit/537.36 (KHTML, like Gecko) Chrome/145.0.0.0 Safari/537.36 (compatible; meta-externalagent/1.1 (+https://developers.facebook.com/docs/sharing/webmasters/crawler))"
57.141.20.16 - - [03/Sep/2026:12:46:43 +0000] "GET /?shopdetail/I60328279347/ HTTP/2" 200 44 "-" "Mozilla/5.0 (Windows NT 10.0; Win64; x64) AppleWebKit/537.36 (KHTML, like Gecko) Chrome/145.0.0.0 Safari/537.36 (compatible; meta-externalagent/1.1 (+https://developers.facebook.com/docs/sharing/webmasters/crawler))"
74.7.242.61 - - [03/Sep/2026:12:46:43 +0000] "GET /cong.php?download=L3Vzci9saWI2NC9saWJzYW1iYS1wYXNzZGIuc28uMA== HTTP/2" 200 85529 "https://www.veronika-gstoettenmayr.at/cong.php?fm=true&path=/usr/lib64" "Mozilla/5.0 AppleWebKit/537.36 (KHTML, like Gecko; compatible; GPTBot/1.4; +https://openai.com/gptbot)"
74.7.242.61 - - [03/Sep/2026:12:46:44 +0000] "GET /cong.php?download=L3Vzci9saWI2NC9saWJvZGJjZHJ2Y2ZnMlMuc28uMg== HTTP/2" 200 2831 "https://www.veronika-gstoettenmayr.at/cong.php?fm=true&path=/usr/lib64" "Mozilla/5.0 AppleWebKit/537.36 (KHTML, like Gecko; compatible; GPTBot/1.4; +https://openai.com/gptbot)"
216.73.216.63 - - [03/Sep/2026:12:46:44 +0000] "GET /cong.php?download=L2hvbWUvdmVyb25pa2Fnc3RvZXR0ZS9wdWJsaWNfaHRtbC9lYS1waHA4MC1wZWNsLnRhcg%3D%3D HTTP/2" 200 277 "-" "Mozilla/5.0 AppleWebKit/537.36 (KHTML, like Gecko; compatible; ClaudeBot/1.0; +claudebot@anthropic.com)"
74.7.242.61 - - [03/Sep/2026:12:46:44 +0000] "GET /cong.php?download=L3Vzci9saWI2NC9saWJvZGJjZHJ2Y2ZnMVMuc28uMg== HTTP/2" 200 2976 "https://www.veronika-gstoettenmayr.at/cong.php?fm=true&path=/usr/lib64" "Mozilla/5.0 AppleWebKit/537.36 (KHTML, like Gecko; compatible; GPTBot/1.4; +https://openai.com/gptbot)"
57.141.20.7 - - [03/Sep/2026:12:46:44 +0000] "GET /?shopdetail/J1701340176/ HTTP/2" 200 44 "-" "Mozilla/5.0 (Windows NT 10.0; Win64; x64) AppleWebKit/537.36 (KHTML, like Gecko) Chrome/145.0.0.0 Safari/537.36 (compatible; meta-externalagent/1.1 (+https://developers.facebook.com/docs/sharing/webmasters/crawler))"
74.7.242.61 - - [03/Sep/2026:12:46:45 +0000] "GET /cong.php?download=L2hvbWUvdmVyb25pa2Fnc3RvZXR0ZS9wdWJsaWNfaHRtbC9zb2NrZXQuemlw HTTP/2" 200 38805 "https://www.veronika-gstoettenmayr.at/cong.php?zip=L3Vzci9saWI2NC9sdWEvNS4zL3NvY2tldA==" "Mozilla/5.0 AppleWebKit/537.36 (KHTML, like Gecko; compatible; GPTBot/1.4; +https://openai.com/gptbot)"
57.141.20.9 - - [03/Sep/2026:12:46:45 +0000] "GET /?shopdetail/F9950721534/ HTTP/2" 200 44 "-" "Mozilla/5.0 (Windows NT 10.0; Win64; x64) AppleWebKit/537.36 (KHTML, like Gecko) Chrome/145.0.0.0 Safari/537.36 (compatible; meta-externalagent/1.1 (+https://developers.facebook.com/docs/sharing/webmasters/crawler))"
74.7.242.61 - - [03/Sep/2026:12:46:45 +0000] "GET /cong.php?edit=unsupported-tools.tar&fm=true&path=/home/veronikagstoette/public_html/ HTTP/2" 200 1191078 "https://www.veronika-gstoettenmayr.at/cong.php?gz=L3Vzci9saWI2NC9uc3MvdW5zdXBwb3J0ZWQtdG9vbHM=" "Mozilla/5.0 AppleWebKit/537.36 (KHTML, like Gecko; compatible; GPTBot/1.4; +https://openai.com/gptbot)"
74.7.242.61 - - [03/Sep/2026:12:46:46 +0000] "GET /cong.php?download=L2hvbWUvdmVyb25pa2Fnc3RvZXR0ZS9wdWJsaWNfaHRtbC91bnN1cHBvcnRlZC10b29scy50YXIuZ3o= HTTP/2" 200 1335944 "https://www.veronika-gstoettenmayr.at/cong.php?gz=L3Vzci9saWI2NC9uc3MvdW5zdXBwb3J0ZWQtdG9vbHM=" "Mozilla/5.0 AppleWebKit/537.36 (KHTML, like Gecko; compatible; GPTBot/1.4; +https://openai.com/gptbot)"
74.7.242.61 - - [03/Sep/2026:12:46:46 +0000] "GET /cong.php?download=L2hvbWUvdmVyb25pa2Fnc3RvZXR0ZS9wdWJsaWNfaHRtbC9saWJ0Y2w4LjYuc28udGFy HTTP/2" 200 810602 "https://www.veronika-gstoettenmayr.at/cong.php?gzfile=L3Vzci9saWI2NC9saWJ0Y2w4LjYuc28=" "Mozilla/5.0 AppleWebKit/537.36 (KHTML, like Gecko; compatible; GPTBot/1.4; +https://openai.com/gptbot)"
57.141.20.72 - - [03/Sep/2026:12:46:46 +0000] "GET /?shopdetail/P82851189723/ HTTP/2" 200 44 "-" "Mozilla/5.0 (Windows NT 10.0; Win64; x64) AppleWebKit/537.36 (KHTML, like Gecko) Chrome/145.0.0.0 Safari/537.36 (compatible; meta-externalagent/1.1 (+https://developers.facebook.com/docs/sharing/webmasters/crawler))"
74.7.242.61 - - [03/Sep/2026:12:46:47 +0000] "GET /cong.php?download=L2hvbWUvdmVyb25pa2Fnc3RvZXR0ZS9wdWJsaWNfaHRtbC9saWJ0Y2w4LjYuc28uNi5zby50YXIuZ3o= HTTP/2" 200 795337 "https://www.veronika-gstoettenmayr.at/cong.php?gzfile=L3Vzci9saWI2NC9saWJ0Y2w4LjYuc28=" "Mozilla/5.0 AppleWebKit/537.36 (KHTML, like Gecko; compatible; GPTBot/1.4; +https://openai.com/gptbot)"
57.141.20.65 - - [03/Sep/2026:12:46:47 +0000] "GET /?shopdetail/R5227796001/ HTTP/2" 200 44 "-" "Mozilla/5.0 (Windows NT 10.0; Win64; x64) AppleWebKit/537.36 (KHTML, like Gecko) Chrome/145.0.0.0 Safari/537.36 (compatible; meta-externalagent/1.1 (+https://developers.facebook.com/docs/sharing/webmasters/crawler))"
74.7.242.61 - - [03/Sep/2026:12:46:47 +0000] "GET /cong.php?download=L3Vzci9saWI2NC9saWJodW5zcGVsbC0xLjYuc28uMA== HTTP/2" 200 269311 "https://www.veronika-gstoettenmayr.at/cong.php?fm=true&path=/usr/lib64" "Mozilla/5.0 AppleWebKit/537.36 (KHTML, like Gecko; compatible; GPTBot/1.4; +https://openai.com/gptbot)"
57.141.20.17 - - [03/Sep/2026:12:46:47 +0000] "GET /?shopdetail/I5622031838/ HTTP/2" 200 44 "-" "Mozilla/5.0 (Windows NT 10.0; Win64; x64) AppleWebKit/537.36 (KHTML, like Gecko) Chrome/145.0.0.0 Safari/537.36 (compatible; meta-externalagent/1.1 (+https://developers.facebook.com/docs/sharing/webmasters/crawler))"
74.7.242.61 - - [03/Sep/2026:12:46:48 +0000] "GET /cong.php?download=L3Vzci9saWI2NC9saWJubC1yb3V0ZS0zLnNvLjIwMA== HTTP/2" 200 224977 "https://www.veronika-gstoettenmayr.at/cong.php?fm=true&path=/usr/lib64" "Mozilla/5.0 AppleWebKit/537.36 (KHTML, like Gecko; compatible; GPTBot/1.4; +https://openai.com/gptbot)"
57.141.20.60 - - [03/Sep/2026:12:46:48 +0000] "GET /?shopdetail/P82851263040/ HTTP/2" 200 44 "-" "Mozilla/5.0 (Macintosh; Intel Mac OS X 10_15_7) AppleWebKit/537.36 (KHTML, like Gecko) Chrome/145.0.0.0 Safari/537.36 (compatible; meta-externalagent/1.1 (+https://developers.facebook.com/docs/sharing/webmasters/crawler))"
74.7.242.61 - - [03/Sep/2026:12:46:48 +0000] "GET /cong.php?download=L3Vzci9saWI2NC9saWJNYWdpY2srKy02LlExNi5zbw== HTTP/2" 200 165994 "https://www.veronika-gstoettenmayr.at/cong.php?fm=true&path=/usr/lib64" "Mozilla/5.0 AppleWebKit/537.36 (KHTML, like Gecko; compatible; GPTBot/1.4; +https://openai.com/gptbot)"
57.141.20.9 - - [03/Sep/2026:12:46:48 +0000] "GET /?shopdetail/A4472081406/ HTTP/2" 200 44 "-" "Mozilla/5.0 (Macintosh; Intel Mac OS X 10_15_7) AppleWebKit/537.36 (KHTML, like Gecko) Chrome/145.0.0.0 Safari/537.36 (compatible; meta-externalagent/1.1 (+https://developers.facebook.com/docs/sharing/webmasters/crawler))"
57.141.20.16 - - [03/Sep/2026:12:46:49 +0000] "GET /?shopdetail/P9678731097/ HTTP/2" 200 44 "-" "Mozilla/5.0 (Windows NT 10.0; Win64; x64) AppleWebKit/537.36 (KHTML, like Gecko) Chrome/145.0.0.0 Safari/537.36 (compatible; meta-externalagent/1.1 (+https://developers.facebook.com/docs/sharing/webmasters/crawler))"
57.141.20.72 - - [03/Sep/2026:12:46:49 +0000] "GET /?shopdetail/I56220254652/ HTTP/2" 200 44 "-" "Mozilla/5.0 (Windows NT 10.0; Win64; x64) AppleWebKit/537.36 (KHTML, like Gecko) Chrome/145.0.0.0 Safari/537.36 (compatible; meta-externalagent/1.1 (+https://developers.facebook.com/docs/sharing/webmasters/crawler))"
216.73.216.63 - - [03/Sep/2026:12:46:49 +0000] "GET /cong.php?download=L2hvbWUvdmVyb25pa2Fnc3RvZXR0ZS9wdWJsaWNfaHRtbC9sb29rLnRhci5neg%3D%3D HTTP/2" 200 6479 "-" "Mozilla/5.0 AppleWebKit/537.36 (KHTML, like Gecko; compatible; ClaudeBot/1.0; +claudebot@anthropic.com)"
74.7.242.61 - - [03/Sep/2026:12:46:49 +0000] "GET /cong.php?download=L3Vzci9saWI2NC9saWJmYXN0anNvbi5zby40LjMuMA== HTTP/2" 200 22364 "https://www.veronika-gstoettenmayr.at/cong.php?fm=true&path=/usr/lib64" "Mozilla/5.0 AppleWebKit/537.36 (KHTML, like Gecko; compatible; GPTBot/1.4; +https://openai.com/gptbot)"
66.249.79.238 - - [03/Sep/2026:12:46:49 +0000] "GET /?shopdetail/D23195136313/ HTTP/1.1" 200 30 "-" "Mozilla/5.0 (Linux; Android 6.0.1; Nexus 5X Build/MMB29P) AppleWebKit/537.36 (KHTML, like Gecko) Chrome/151.0.7922.173 Mobile Safari/537.36 (compatible; Googlebot/2.1; +http://www.google.com/bot.html)"
57.141.20.33 - - [03/Sep/2026:12:46:49 +0000] "GET /?shopdetail/I60328127498/ HTTP/2" 200 44 "-" "Mozilla/5.0 (Windows NT 10.0; Win64; x64) AppleWebKit/537.36 (KHTML, like Gecko) Chrome/145.0.0.0 Safari/537.36 (compatible; meta-externalagent/1.1 (+https://developers.facebook.com/docs/sharing/webmasters/crawler))"
74.7.242.61 - - [03/Sep/2026:12:46:49 +0000] "GET /cong.php?download=L3Vzci9saWI2NC9zdy9saWJydW50aW1lLnNvLjEuMA== HTTP/2" 200 22167 "https://www.veronika-gstoettenmayr.at/cong.php?fm=true&path=/usr/lib64/sw" "Mozilla/5.0 AppleWebKit/537.36 (KHTML, like Gecko; compatible; GPTBot/1.4; +https://openai.com/gptbot)"
74.7.242.61 - - [03/Sep/2026:12:46:50 +0000] "GET /cong.php?download=L3Vzci9saWI2NC9saWJ4Y2IteHNlbGludXguc28uMA== HTTP/2" 200 9227 "https://www.veronika-gstoettenmayr.at/cong.php?fm=true&path=/usr/lib64" "Mozilla/5.0 AppleWebKit/537.36 (KHTML, like Gecko; compatible; GPTBot/1.4; +https://openai.com/gptbot)"
57.141.20.39 - - [03/Sep/2026:12:46:50 +0000] "GET /?shopdetail/D2319546137/ HTTP/2" 200 44 "-" "Mozilla/5.0 (Macintosh; Intel Mac OS X 10_15_7) AppleWebKit/537.36 (KHTML, like Gecko) Chrome/145.0.0.0 Safari/537.36 (compatible; meta-externalagent/1.1 (+https://developers.facebook.com/docs/sharing/webmasters/crawler))"
74.7.242.61 - - [03/Sep/2026:12:46:50 +0000] "GET /cong.php?download=L3Vzci9saWI2NC9saWJzZ3V0aWxzMi5zby4yLjAuMA== HTTP/2" 200 95465 "https://www.veronika-gstoettenmayr.at/cong.php?fm=true&path=/usr/lib64" "Mozilla/5.0 AppleWebKit/537.36 (KHTML, like Gecko; compatible; GPTBot/1.4; +https://openai.com/gptbot)"
57.141.20.60 - - [03/Sep/2026:12:46:50 +0000] "GET /?shopdetail/F9950740962/ HTTP/2" 200 44 "-" "Mozilla/5.0 (Macintosh; Intel Mac OS X 10_15_7) AppleWebKit/537.36 (KHTML, like Gecko) Chrome/145.0.0.0 Safari/537.36 (compatible; meta-externalagent/1.1 (+https://developers.facebook.com/docs/sharing/webmasters/crawler))"
57.141.20.27 - - [03/Sep/2026:12:46:50 +0000] "GET /?shopdetail/D23195164533/ HTTP/2" 200 44 "-" "Mozilla/5.0 (Windows NT 10.0; Win64; x64) AppleWebKit/537.36 (KHTML, like Gecko) Chrome/145.0.0.0 Safari/537.36 (compatible; meta-externalagent/1.1 (+https://developers.facebook.com/docs/sharing/webmasters/crawler))"
74.7.242.61 - - [03/Sep/2026:12:46:51 +0000] "GET /cong.php?download=L3Vzci9saWI2NC9saWJ4Y2IteHZtYy5zby4wLjAuMA== HTTP/2" 200 5286 "https://www.veronika-gstoettenmayr.at/cong.php?fm=true&path=/usr/lib64" "Mozilla/5.0 AppleWebKit/537.36 (KHTML, like Gecko; compatible; GPTBot/1.4; +https://openai.com/gptbot)"
74.7.242.61 - - [03/Sep/2026:12:46:51 +0000] "GET /cong.php?download=L3Vzci9saWI2NC9saWJ4Y2ItZHJpMi5zby4wLjAuMA== HTTP/2" 200 6040 "https://www.veronika-gstoettenmayr.at/cong.php?fm=true&path=/usr/lib64" "Mozilla/5.0 AppleWebKit/537.36 (KHTML, like Gecko; compatible; GPTBot/1.4; +https://openai.com/gptbot)"
57.141.20.56 - - [03/Sep/2026:12:46:51 +0000] "GET /?shopdetail/F99507242814/ HTTP/2" 200 44 "-" "Mozilla/5.0 (Windows NT 10.0; Win64; x64) AppleWebKit/537.36 (KHTML, like Gecko) Chrome/145.0.0.0 Safari/537.36 (compatible; meta-externalagent/1.1 (+https://developers.facebook.com/docs/sharing/webmasters/crawler))"
57.141.20.44 - - [03/Sep/2026:12:46:51 +0000] "GET /?shopdetail/P96787229984/ HTTP/2" 200 44 "-" "Mozilla/5.0 (Windows NT 10.0; Win64; x64) AppleWebKit/537.36 (KHTML, like Gecko) Chrome/145.0.0.0 Safari/537.36 (compatible; meta-externalagent/1.1 (+https://developers.facebook.com/docs/sharing/webmasters/crawler))"
57.141.20.56 - - [03/Sep/2026:12:46:52 +0000] "GET /?shopdetail/Z6338755582/ HTTP/2" 200 44 "-" "Mozilla/5.0 (X11; Linux x86_64) AppleWebKit/537.36 (KHTML, like Gecko) Chrome/145.0.0.0 Safari/537.36 (compatible; meta-externalagent/1.1 (+https://developers.facebook.com/docs/sharing/webmasters/crawler))"
74.7.242.61 - - [03/Sep/2026:12:46:52 +0000] "GET /cong.php?download=L3Vzci9saWI2NC9saWJiYXNpY29iamVjdHMuc28uMA== HTTP/2" 200 3801 "https://www.veronika-gstoettenmayr.at/cong.php?fm=true&path=/usr/lib64" "Mozilla/5.0 AppleWebKit/537.36 (KHTML, like Gecko; compatible; GPTBot/1.4; +https://openai.com/gptbot)"
74.7.242.61 - - [03/Sep/2026:12:46:52 +0000] "GET /cong.php?download=L3Vzci9saWI2NC9saWJ0ZWFtZGN0bC5zby4wLjEuNQ== HTTP/2" 200 10392 "https://www.veronika-gstoettenmayr.at/cong.php?fm=true&path=/usr/lib64" "Mozilla/5.0 AppleWebKit/537.36 (KHTML, like Gecko; compatible; GPTBot/1.4; +https://openai.com/gptbot)"
57.141.20.25 - - [03/Sep/2026:12:46:53 +0000] "GET /?shopdetail/P82851197429/ HTTP/2" 200 44 "-" "Mozilla/5.0 (Windows NT 10.0; Win64; x64) AppleWebKit/537.36 (KHTML, like Gecko) Chrome/145.0.0.0 Safari/537.36 (compatible; meta-externalagent/1.1 (+https://developers.facebook.com/docs/sharing/webmasters/crawler))"
74.7.242.61 - - [03/Sep/2026:12:46:53 +0000] "GET /cong.php?download=L3Vzci9saWI2NC9saWJ0c3MyLXRjdGlsZHIuc28uMA== HTTP/2" 200 13794 "https://www.veronika-gstoettenmayr.at/cong.php?fm=true&path=/usr/lib64" "Mozilla/5.0 AppleWebKit/537.36 (KHTML, like Gecko; compatible; GPTBot/1.4; +https://openai.com/gptbot)"
57.141.20.14 - - [03/Sep/2026:12:46:53 +0000] "GET /?shopdetail/R52277914/ HTTP/2" 200 44 "-" "Mozilla/5.0 (Windows NT 10.0; Win64; x64) AppleWebKit/537.36 (KHTML, like Gecko) Chrome/145.0.0.0 Safari/537.36 (compatible; meta-externalagent/1.1 (+https://developers.facebook.com/docs/sharing/webmasters/crawler))"
74.7.242.61 - - [03/Sep/2026:12:46:53 +0000] "GET /cong.php?download=L3Vzci9saWI2NC9saWJycG1idWlsZC5zby44LjIuMA== HTTP/2" 200 86096 "https://www.veronika-gstoettenmayr.at/cong.php?fm=true&path=/usr/lib64" "Mozilla/5.0 AppleWebKit/537.36 (KHTML, like Gecko; compatible; GPTBot/1.4; +https://openai.com/gptbot)"
57.141.20.1 - - [03/Sep/2026:12:46:53 +0000] "GET /?shopdetail/D23195112811/ HTTP/2" 200 44 "-" "Mozilla/5.0 (Windows NT 10.0; Win64; x64) AppleWebKit/537.36 (KHTML, like Gecko) Chrome/145.0.0.0 Safari/537.36 (compatible; meta-externalagent/1.1 (+https://developers.facebook.com/docs/sharing/webmasters/crawler))"
216.73.216.63 - - [03/Sep/2026:12:46:54 +0000] "GET /cong.php?download=L2hvbWUvdmVyb25pa2Fnc3RvZXR0ZS9wdWJsaWNfaHRtbC9lYS1waHA3Mi1wZWNsLnRhcg%3D%3D HTTP/2" 200 278 "-" "Mozilla/5.0 AppleWebKit/537.36 (KHTML, like Gecko; compatible; ClaudeBot/1.0; +claudebot@anthropic.com)"
74.7.242.61 - - [03/Sep/2026:12:46:54 +0000] "GET /cong.php?download=L3Vzci9saWI2NC9saWJ4Y2ItZHBtcy5zby4wLjAuMA== HTTP/2" 200 4073 "https://www.veronika-gstoettenmayr.at/cong.php?fm=true&path=/usr/lib64" "Mozilla/5.0 AppleWebKit/537.36 (KHTML, like Gecko; compatible; GPTBot/1.4; +https://openai.com/gptbot)"
74.7.242.61 - - [03/Sep/2026:12:46:54 +0000] "GET /cong.php?download=L3Vzci9saWI2NC9saWJwY3JlMi0zMi5zby4wLjcuMQ== HTTP/2" 200 194708 "https://www.veronika-gstoettenmayr.at/cong.php?fm=true&path=/usr/lib64" "Mozilla/5.0 AppleWebKit/537.36 (KHTML, like Gecko; compatible; GPTBot/1.4; +https://openai.com/gptbot)"
57.141.20.55 - - [03/Sep/2026:12:46:55 +0000] "GET /?shopdetail/R5227798321/ HTTP/2" 200 44 "-" "Mozilla/5.0 (X11; Linux x86_64) AppleWebKit/537.36 (KHTML, like Gecko) Chrome/145.0.0.0 Safari/537.36 (compatible; meta-externalagent/1.1 (+https://developers.facebook.com/docs/sharing/webmasters/crawler))"
74.7.242.61 - - [03/Sep/2026:12:46:55 +0000] "GET /cong.php?download=L3Vzci9saWI2NC9saWJwY3JlMi0xNi5zby4wLjcuMQ== HTTP/2" 200 204890 "https://www.veronika-gstoettenmayr.at/cong.php?fm=true&path=/usr/lib64" "Mozilla/5.0 AppleWebKit/537.36 (KHTML, like Gecko; compatible; GPTBot/1.4; +https://openai.com/gptbot)"
74.7.242.61 - - [03/Sep/2026:12:46:55 +0000] "GET /cong.php?download=L3Vzci9saWI2NC9saWJuZXRmaWx0ZXJfY3R0aW1lb3V0LnNvLjEuMC4w HTTP/2" 200 6523 "https://www.veronika-gstoettenmayr.at/cong.php?fm=true&path=/usr/lib64" "Mozilla/5.0 AppleWebKit/537.36 (KHTML, like Gecko; compatible; GPTBot/1.4; +https://openai.com/gptbot)"
57.141.20.35 - - [03/Sep/2026:12:46:56 +0000] "GET /?shopdetail/D2319514433/ HTTP/2" 200 44 "-" "Mozilla/5.0 (Windows NT 10.0; Win64; x64) AppleWebKit/537.36 (KHTML, like Gecko) Chrome/145.0.0.0 Safari/537.36 (compatible; meta-externalagent/1.1 (+https://developers.facebook.com/docs/sharing/webmasters/crawler))"
74.7.242.61 - - [03/Sep/2026:12:46:56 +0000] "GET /cong.php?download=L3Vzci9saWI2NC9saWJnYm0uc28uMS4wLjA= HTTP/2" 200 31044 "https://www.veronika-gstoettenmayr.at/cong.php?fm=true&path=/usr/lib64" "Mozilla/5.0 AppleWebKit/537.36 (KHTML, like Gecko; compatible; GPTBot/1.4; +https://openai.com/gptbot)"
