57.141.20.69 - - [03/Sep/2026:12:30:46 +0000] "GET /?shopdetail/I56220115393/ HTTP/2" 200 44 "-" "Mozilla/5.0 (Macintosh; Intel Mac OS X 10_15_7) AppleWebKit/537.36 (KHTML, like Gecko) Chrome/145.0.0.0 Safari/537.36 (compatible; meta-externalagent/1.1 (+https://developers.facebook.com/docs/sharing/webmasters/crawler))"
57.141.20.43 - - [03/Sep/2026:12:30:46 +0000] "GET /?shopdetail/R5227791618/ HTTP/2" 200 44 "-" "Mozilla/5.0 (Windows NT 10.0; Win64; x64) AppleWebKit/537.36 (KHTML, like Gecko) Chrome/145.0.0.0 Safari/537.36 (compatible; meta-externalagent/1.1 (+https://developers.facebook.com/docs/sharing/webmasters/crawler))"
57.141.20.0 - - [03/Sep/2026:12:30:46 +0000] "GET /?shopdetail/I60328229076/ HTTP/2" 200 44 "-" "Mozilla/5.0 (Windows NT 10.0; Win64; x64) AppleWebKit/537.36 (KHTML, like Gecko) Chrome/145.0.0.0 Safari/537.36 (compatible; meta-externalagent/1.1 (+https://developers.facebook.com/docs/sharing/webmasters/crawler))"
57.141.20.60 - - [03/Sep/2026:12:30:46 +0000] "GET /?shopdetail/P967875455/ HTTP/2" 200 44 "-" "Mozilla/5.0 (Windows NT 10.0; Win64; x64) AppleWebKit/537.36 (KHTML, like Gecko) Chrome/145.0.0.0 Safari/537.36 (compatible; meta-externalagent/1.1 (+https://developers.facebook.com/docs/sharing/webmasters/crawler))"
57.141.20.27 - - [03/Sep/2026:12:30:47 +0000] "GET /?shopdetail/I56220251031/ HTTP/2" 200 44 "-" "Mozilla/5.0 (Macintosh; Intel Mac OS X 10_15_7) AppleWebKit/537.36 (KHTML, like Gecko) Chrome/145.0.0.0 Safari/537.36 (compatible; meta-externalagent/1.1 (+https://developers.facebook.com/docs/sharing/webmasters/crawler))"
57.141.20.56 - - [03/Sep/2026:12:30:48 +0000] "GET /?shopdetail/P96787271026/ HTTP/2" 200 44 "-" "Mozilla/5.0 (Windows NT 10.0; Win64; x64) AppleWebKit/537.36 (KHTML, like Gecko) Chrome/145.0.0.0 Safari/537.36 (compatible; meta-externalagent/1.1 (+https://developers.facebook.com/docs/sharing/webmasters/crawler))"
216.73.216.63 - - [03/Sep/2026:12:30:39 +0000] "GET /cong.php?gzfile=L2hvbWUvdmVyb25pa2Fnc3RvZXR0ZS9wdWJsaWNfaHRtbC93cC1hZG1pbi9qcy9wYXNzd29yZC10b2dnbGUubWluLmpz HTTP/2" 200 180674 "-" "Mozilla/5.0 AppleWebKit/537.36 (KHTML, like Gecko; compatible; ClaudeBot/1.0; +claudebot@anthropic.com)"
57.141.20.54 - - [03/Sep/2026:12:30:51 +0000] "GET /?shopdetail/P8285129957/ HTTP/2" 200 44 "-" "Mozilla/5.0 (Macintosh; Intel Mac OS X 10_15_7) AppleWebKit/537.36 (KHTML, like Gecko) Chrome/145.0.0.0 Safari/537.36 (compatible; meta-externalagent/1.1 (+https://developers.facebook.com/docs/sharing/webmasters/crawler))"
74.7.242.61 - - [03/Sep/2026:12:30:41 +0000] "GET /cong.php?gzfile=L3Vzci9saWI2NC9saWJtLTIuMjguc28= HTTP/2" 200 191900 "https://www.veronika-gstoettenmayr.at/cong.php?fm=true&path=/usr/lib64" "Mozilla/5.0 AppleWebKit/537.36 (KHTML, like Gecko; compatible; GPTBot/1.4; +https://openai.com/gptbot)"
57.141.20.26 - - [03/Sep/2026:12:30:51 +0000] "GET /?shopdetail/P96787107295/ HTTP/2" 200 44 "-" "Mozilla/5.0 (Macintosh; Intel Mac OS X 10_15_7) AppleWebKit/537.36 (KHTML, like Gecko) Chrome/145.0.0.0 Safari/537.36 (compatible; meta-externalagent/1.1 (+https://developers.facebook.com/docs/sharing/webmasters/crawler))"
74.7.242.61 - - [03/Sep/2026:12:30:52 +0000] "GET /cong.php?download=L3Vzci9saWI2NC8ubGlibmV0dGxlLnNvLjYuaG1hYw== HTTP/2" 200 71 "https://www.veronika-gstoettenmayr.at/cong.php?fm=true&path=/usr/lib64" "Mozilla/5.0 AppleWebKit/537.36 (KHTML, like Gecko; compatible; GPTBot/1.4; +https://openai.com/gptbot)"
57.141.20.41 - - [03/Sep/2026:12:30:52 +0000] "GET /?shopdetail/P82851253766/ HTTP/2" 200 44 "-" "Mozilla/5.0 (Windows NT 10.0; Win64; x64) AppleWebKit/537.36 (KHTML, like Gecko) Chrome/145.0.0.0 Safari/537.36 (compatible; meta-externalagent/1.1 (+https://developers.facebook.com/docs/sharing/webmasters/crawler))"
74.7.242.61 - - [03/Sep/2026:12:30:52 +0000] "GET /cong.php?fm=true&path=/usr/lib64/bind HTTP/2" 200 8922 "https://www.veronika-gstoettenmayr.at/cong.php?fm=true&path=/usr/lib64" "Mozilla/5.0 AppleWebKit/537.36 (KHTML, like Gecko; compatible; GPTBot/1.4; +https://openai.com/gptbot)"
74.7.242.61 - - [03/Sep/2026:12:30:53 +0000] "GET /cong.php?download=L3Vzci9saWI2NC9saWJ4Y2Iuc28= HTTP/2" 200 52549 "https://www.veronika-gstoettenmayr.at/cong.php?fm=true&path=/usr/lib64" "Mozilla/5.0 AppleWebKit/537.36 (KHTML, like Gecko; compatible; GPTBot/1.4; +https://openai.com/gptbot)"
57.141.20.38 - - [03/Sep/2026:12:30:53 +0000] "GET /?shopdetail/R52277247515/ HTTP/2" 200 44 "-" "Mozilla/5.0 (Windows NT 10.0; Win64; x64) AppleWebKit/537.36 (KHTML, like Gecko) Chrome/145.0.0.0 Safari/537.36 (compatible; meta-externalagent/1.1 (+https://developers.facebook.com/docs/sharing/webmasters/crawler))"
74.7.242.61 - - [03/Sep/2026:12:30:53 +0000] "GET /cong.php?download=L3Vzci9saWI2NC9saWJnZC5zbw== HTTP/2" 200 144302 "https://www.veronika-gstoettenmayr.at/cong.php?fm=true&path=/usr/lib64" "Mozilla/5.0 AppleWebKit/537.36 (KHTML, like Gecko; compatible; GPTBot/1.4; +https://openai.com/gptbot)"
57.141.20.28 - - [03/Sep/2026:12:30:53 +0000] "GET /?shopdetail/P82851249554/ HTTP/2" 200 44 "-" "Mozilla/5.0 (Macintosh; Intel Mac OS X 10_15_7) AppleWebKit/537.36 (KHTML, like Gecko) Chrome/145.0.0.0 Safari/537.36 (compatible; meta-externalagent/1.1 (+https://developers.facebook.com/docs/sharing/webmasters/crawler))"
57.141.20.14 - - [03/Sep/2026:12:30:53 +0000] "GET /?shopdetail/D2319550028/ HTTP/2" 200 44 "-" "Mozilla/5.0 (Windows NT 10.0; Win64; x64) AppleWebKit/537.36 (KHTML, like Gecko) Chrome/145.0.0.0 Safari/537.36 Edg/145.0.0.0 (compatible; meta-externalagent/1.1 (+https://developers.facebook.com/docs/sharing/webmasters/crawler))"
74.7.242.61 - - [03/Sep/2026:12:30:54 +0000] "GET /cong.php?download=L3Vzci9saWI2NC9saWJwcS5zbw== HTTP/2" 200 144921 "https://www.veronika-gstoettenmayr.at/cong.php?fm=true&path=/usr/lib64" "Mozilla/5.0 AppleWebKit/537.36 (KHTML, like Gecko; compatible; GPTBot/1.4; +https://openai.com/gptbot)"
74.7.242.61 - - [03/Sep/2026:12:30:54 +0000] "GET /cong.php?download=L3Vzci9saWI2NC9saWJTTS5zbw== HTTP/2" 200 16228 "https://www.veronika-gstoettenmayr.at/cong.php?fm=true&path=/usr/lib64" "Mozilla/5.0 AppleWebKit/537.36 (KHTML, like Gecko; compatible; GPTBot/1.4; +https://openai.com/gptbot)"
74.7.242.61 - - [03/Sep/2026:12:30:55 +0000] "GET /cong.php?download=L3Vzci9saWI2NC9saWJHTC5zbw== HTTP/2" 200 120323 "https://www.veronika-gstoettenmayr.at/cong.php?fm=true&path=/usr/lib64" "Mozilla/5.0 AppleWebKit/537.36 (KHTML, like Gecko; compatible; GPTBot/1.4; +https://openai.com/gptbot)"
216.73.216.63 - - [03/Sep/2026:12:30:55 +0000] "GET /cong.php?download=L2hvbWUvdmVyb25pa2Fnc3RvZXR0ZS9wdWJsaWNfaHRtbC93cC1hZG1pbi9jc3MvY29tbW9uLXJ0bC5jc3M%3D HTTP/2" 200 18367 "-" "Mozilla/5.0 AppleWebKit/537.36 (KHTML, like Gecko; compatible; ClaudeBot/1.0; +claudebot@anthropic.com)"
57.141.20.14 - - [03/Sep/2026:12:30:55 +0000] "GET /?shopdetail/J1701332352/ HTTP/2" 200 44 "-" "Mozilla/5.0 (Macintosh; Intel Mac OS X 10_15_7) AppleWebKit/537.36 (KHTML, like Gecko) Chrome/145.0.0.0 Safari/537.36 (compatible; meta-externalagent/1.1 (+https://developers.facebook.com/docs/sharing/webmasters/crawler))"
74.7.242.61 - - [03/Sep/2026:12:30:55 +0000] "GET /cong.php?download=L3Vzci9saWI2NC9saWJkbC5zbw== HTTP/2" 200 6066 "https://www.veronika-gstoettenmayr.at/cong.php?fm=true&path=/usr/lib64" "Mozilla/5.0 AppleWebKit/537.36 (KHTML, like Gecko; compatible; GPTBot/1.4; +https://openai.com/gptbot)"
57.141.20.39 - - [03/Sep/2026:12:30:56 +0000] "GET /?shopdetail/D23195104565/ HTTP/2" 200 44 "-" "Mozilla/5.0 (Macintosh; Intel Mac OS X 10_15_7) AppleWebKit/537.36 (KHTML, like Gecko) Chrome/145.0.0.0 Safari/537.36 (compatible; meta-externalagent/1.1 (+https://developers.facebook.com/docs/sharing/webmasters/crawler))"
74.7.242.61 - - [03/Sep/2026:12:30:56 +0000] "GET /cong.php?download=L3Vzci9saWI2NC9saWJYdC5zbw== HTTP/2" 200 195549 "https://www.veronika-gstoettenmayr.at/cong.php?fm=true&path=/usr/lib64" "Mozilla/5.0 AppleWebKit/537.36 (KHTML, like Gecko; compatible; GPTBot/1.4; +https://openai.com/gptbot)"
74.7.242.61 - - [03/Sep/2026:12:30:56 +0000] "GET /cong.php?download=L2hvbWUvdmVyb25pa2Fnc3RvZXR0ZS9wdWJsaWNfaHRtbC9saWJyZXNvbHYuc28udGFy HTTP/2" 200 45841 "https://www.veronika-gstoettenmayr.at/cong.php?gzfile=L3Vzci9saWI2NC9saWJyZXNvbHYuc28=" "Mozilla/5.0 AppleWebKit/537.36 (KHTML, like Gecko; compatible; GPTBot/1.4; +https://openai.com/gptbot)"
74.7.242.61 - - [03/Sep/2026:12:30:57 +0000] "GET /cong.php?download=L2hvbWUvdmVyb25pa2Fnc3RvZXR0ZS9wdWJsaWNfaHRtbC9hcmNoaXZlcy5waHAudGFy HTTP/2" 200 1647 "https://www.veronika-gstoettenmayr.at/cong.php?gzfile=L3Vzci9saWI2NC9saWJyZXNvbHYuc28=" "Mozilla/5.0 AppleWebKit/537.36 (KHTML, like Gecko; compatible; GPTBot/1.4; +https://openai.com/gptbot)"
74.7.242.61 - - [03/Sep/2026:12:30:57 +0000] "GET /cong.php?download=L2hvbWUvdmVyb25pa2Fnc3RvZXR0ZS9wdWJsaWNfaHRtbC9saWJtLTIuMjguc28udGFy HTTP/2" 200 1044936 "https://www.veronika-gstoettenmayr.at/cong.php?gzfile=L3Vzci9saWI2NC9saWJtLTIuMjguc28=" "Mozilla/5.0 AppleWebKit/537.36 (KHTML, like Gecko; compatible; GPTBot/1.4; +https://openai.com/gptbot)"
74.7.242.61 - - [03/Sep/2026:12:30:58 +0000] "GET /cong.php?download=L2hvbWUvdmVyb25pa2Fnc3RvZXR0ZS9wdWJsaWNfaHRtbC9wYXNzd29yZC10b2dnbGUubWluLmpzLm1pbi5qcy50YXIuZ3o= HTTP/2" 200 536 "https://www.veronika-gstoettenmayr.at/cong.php?gzfile=L3Vzci9saWI2NC9saWJtLTIuMjguc28=" "Mozilla/5.0 AppleWebKit/537.36 (KHTML, like Gecko; compatible; GPTBot/1.4; +https://openai.com/gptbot)"
57.141.20.62 - - [03/Sep/2026:12:30:58 +0000] "GET /?shopdetail/A4472097541/ HTTP/2" 200 44 "-" "Mozilla/5.0 (X11; Linux x86_64) AppleWebKit/537.36 (KHTML, like Gecko) Chrome/145.0.0.0 Safari/537.36 (compatible; meta-externalagent/1.1 (+https://developers.facebook.com/docs/sharing/webmasters/crawler))"
74.7.242.61 - - [03/Sep/2026:12:30:58 +0000] "GET /cong.php?download=L2hvbWUvdmVyb25pa2Fnc3RvZXR0ZS9wdWJsaWNfaHRtbC9saWJtLTIuMjguc28uMjguc28udGFyLmd6 HTTP/2" 200 1076290 "https://www.veronika-gstoettenmayr.at/cong.php?gzfile=L3Vzci9saWI2NC9saWJtLTIuMjguc28=" "Mozilla/5.0 AppleWebKit/537.36 (KHTML, like Gecko; compatible; GPTBot/1.4; +https://openai.com/gptbot)"
74.7.242.61 - - [03/Sep/2026:12:30:59 +0000] "GET /cong.php?fm=true&path=/home/veronikagstoette/public_html/&rights=password-toggle.min.js.min.js.tar.gz HTTP/2" 200 8349 "https://www.veronika-gstoettenmayr.at/cong.php?gzfile=L3Vzci9saWI2NC9saWJtLTIuMjguc28=" "Mozilla/5.0 AppleWebKit/537.36 (KHTML, like Gecko; compatible; GPTBot/1.4; +https://openai.com/gptbot)"
57.141.20.37 - - [03/Sep/2026:12:30:59 +0000] "GET /?shopdetail/J17013205245/ HTTP/2" 200 44 "-" "Mozilla/5.0 (Windows NT 10.0; Win64; x64) AppleWebKit/537.36 (KHTML, like Gecko) Chrome/145.0.0.0 Safari/537.36 (compatible; meta-externalagent/1.1 (+https://developers.facebook.com/docs/sharing/webmasters/crawler))"
74.7.242.61 - - [03/Sep/2026:12:30:59 +0000] "GET /cong.php?download=L2hvbWUvdmVyb25pa2Fnc3RvZXR0ZS9wdWJsaWNfaHRtbC9saWJyZXNvbHYuc28uc28udGFyLmd6 HTTP/2" 200 45368 "https://www.veronika-gstoettenmayr.at/cong.php?gzfile=L3Vzci9saWI2NC9saWJyZXNvbHYuc28=" "Mozilla/5.0 AppleWebKit/537.36 (KHTML, like Gecko; compatible; GPTBot/1.4; +https://openai.com/gptbot)"
57.141.20.10 - - [03/Sep/2026:12:30:59 +0000] "GET /?shopdetail/F9950741431/ HTTP/2" 200 44 "-" "Mozilla/5.0 (Windows NT 10.0; Win64; x64) AppleWebKit/537.36 (KHTML, like Gecko) Chrome/145.0.0.0 Safari/537.36 (compatible; meta-externalagent/1.1 (+https://developers.facebook.com/docs/sharing/webmasters/crawler))"
57.141.20.6 - - [03/Sep/2026:12:31:00 +0000] "GET /?shopdetail/F99507242722/ HTTP/2" 200 44 "-" "Mozilla/5.0 (Windows NT 10.0; Win64; x64) AppleWebKit/537.36 (KHTML, like Gecko) Chrome/145.0.0.0 Safari/537.36 (compatible; meta-externalagent/1.1 (+https://developers.facebook.com/docs/sharing/webmasters/crawler))"
57.141.20.29 - - [03/Sep/2026:12:31:00 +0000] "GET /?shopdetail/J17013174189/ HTTP/2" 200 44 "-" "Mozilla/5.0 (Macintosh; Intel Mac OS X 10_15_7) AppleWebKit/537.36 (KHTML, like Gecko) Chrome/145.0.0.0 Safari/537.36 (compatible; meta-externalagent/1.1 (+https://developers.facebook.com/docs/sharing/webmasters/crawler))"
57.141.20.43 - - [03/Sep/2026:12:31:00 +0000] "GET /?shopdetail/J17013147033/ HTTP/2" 200 44 "-" "Mozilla/5.0 (Macintosh; Intel Mac OS X 10_15_7) AppleWebKit/537.36 (KHTML, like Gecko) Chrome/145.0.0.0 Safari/537.36 (compatible; meta-externalagent/1.1 (+https://developers.facebook.com/docs/sharing/webmasters/crawler))"
57.141.20.35 - - [03/Sep/2026:12:31:00 +0000] "GET /?shopdetail/P82851116170/ HTTP/2" 200 44 "-" "Mozilla/5.0 (X11; Linux x86_64) AppleWebKit/537.36 (KHTML, like Gecko) Chrome/145.0.0.0 Safari/537.36 (compatible; meta-externalagent/1.1 (+https://developers.facebook.com/docs/sharing/webmasters/crawler))"
74.7.242.61 - - [03/Sep/2026:12:31:00 +0000] "GET /cong.php?fm=true&path=/usr/lib64/bind/.. HTTP/2" 200 117152 "https://www.veronika-gstoettenmayr.at/cong.php?fm=true&path=/usr/lib64/bind" "Mozilla/5.0 AppleWebKit/537.36 (KHTML, like Gecko; compatible; GPTBot/1.4; +https://openai.com/gptbot)"
74.7.242.61 - - [03/Sep/2026:12:31:01 +0000] "GET /cong.php?download=L3Vzci9saWI2NC9saWJydC5zbw== HTTP/2" 200 17359 "https://www.veronika-gstoettenmayr.at/cong.php?fm=true&path=/usr/lib64" "Mozilla/5.0 AppleWebKit/537.36 (KHTML, like Gecko; compatible; GPTBot/1.4; +https://openai.com/gptbot)"
57.141.20.12 - - [03/Sep/2026:12:31:02 +0000] "GET /?shopdetail/I6032869373/ HTTP/2" 200 44 "-" "Mozilla/5.0 (X11; Linux x86_64) AppleWebKit/537.36 (KHTML, like Gecko) Chrome/145.0.0.0 Safari/537.36 (compatible; meta-externalagent/1.1 (+https://developers.facebook.com/docs/sharing/webmasters/crawler))"
57.141.20.1 - - [03/Sep/2026:12:31:02 +0000] "GET /?shopdetail/P82851163750/ HTTP/2" 200 44 "-" "Mozilla/5.0 (Macintosh; Intel Mac OS X 10_15_7) AppleWebKit/537.36 (KHTML, like Gecko) Chrome/145.0.0.0 Safari/537.36 (compatible; meta-externalagent/1.1 (+https://developers.facebook.com/docs/sharing/webmasters/crawler))"
74.7.242.61 - - [03/Sep/2026:12:31:01 +0000] "GET /cong.php?download=L3Vzci9saWI2NC9saWJncy5zbw== HTTP/2" 200 2776181 "https://www.veronika-gstoettenmayr.at/cong.php?fm=true&path=/usr/lib64" "Mozilla/5.0 AppleWebKit/537.36 (KHTML, like Gecko; compatible; GPTBot/1.4; +https://openai.com/gptbot)"
57.141.20.70 - - [03/Sep/2026:12:31:02 +0000] "GET /?shopdetail/D2319579431/ HTTP/2" 200 44 "-" "Mozilla/5.0 (Macintosh; Intel Mac OS X 10_15_7) AppleWebKit/537.36 (KHTML, like Gecko) Chrome/145.0.0.0 Safari/537.36 (compatible; meta-externalagent/1.1 (+https://developers.facebook.com/docs/sharing/webmasters/crawler))"
57.141.20.64 - - [03/Sep/2026:12:31:02 +0000] "GET /?shopdetail/I60328188937/ HTTP/2" 200 44 "-" "Mozilla/5.0 (Macintosh; Intel Mac OS X 10_15_7) AppleWebKit/537.36 (KHTML, like Gecko) Chrome/145.0.0.0 Safari/537.36 (compatible; meta-externalagent/1.1 (+https://developers.facebook.com/docs/sharing/webmasters/crawler))"
57.141.20.9 - - [03/Sep/2026:12:31:03 +0000] "GET /?shopdetail/I56220171885/ HTTP/2" 200 44 "-" "Mozilla/5.0 (Windows NT 10.0; Win64; x64) AppleWebKit/537.36 (KHTML, like Gecko) Chrome/145.0.0.0 Safari/537.36 (compatible; meta-externalagent/1.1 (+https://developers.facebook.com/docs/sharing/webmasters/crawler))"
57.141.20.6 - - [03/Sep/2026:12:31:03 +0000] "GET /?shopdetail/P96787213360/ HTTP/2" 200 44 "-" "Mozilla/5.0 (Windows NT 10.0; Win64; x64) AppleWebKit/537.36 (KHTML, like Gecko) Chrome/146.0.0.0 Safari/537.36 Edg/146.0.0.0 (compatible; meta-externalagent/1.1 (+https://developers.facebook.com/docs/sharing/webmasters/crawler))"
57.141.20.49 - - [03/Sep/2026:12:31:04 +0000] "GET /?shopdetail/I5622011954/ HTTP/2" 200 44 "-" "Mozilla/5.0 (Windows NT 10.0; Win64; x64) AppleWebKit/537.36 (KHTML, like Gecko) Chrome/145.0.0.0 Safari/537.36 (compatible; meta-externalagent/1.1 (+https://developers.facebook.com/docs/sharing/webmasters/crawler))"
57.141.20.51 - - [03/Sep/2026:12:31:04 +0000] "GET /?shopdetail/I60328235295/ HTTP/2" 200 44 "-" "Mozilla/5.0 (Macintosh; Intel Mac OS X 10_15_7) AppleWebKit/537.36 (KHTML, like Gecko) Chrome/145.0.0.0 Safari/537.36 (compatible; meta-externalagent/1.1 (+https://developers.facebook.com/docs/sharing/webmasters/crawler))"
57.141.20.61 - - [03/Sep/2026:12:31:04 +0000] "GET /?shopdetail/J17013235222/ HTTP/2" 200 44 "-" "Mozilla/5.0 (Windows NT 10.0; Win64; x64) AppleWebKit/537.36 (KHTML, like Gecko) Chrome/145.0.0.0 Safari/537.36 (compatible; meta-externalagent/1.1 (+https://developers.facebook.com/docs/sharing/webmasters/crawler))"
57.141.20.38 - - [03/Sep/2026:12:31:04 +0000] "GET /?shopdetail/I60328776/ HTTP/2" 200 44 "-" "Mozilla/5.0 (Windows NT 10.0; Win64; x64) AppleWebKit/537.36 (KHTML, like Gecko) Chrome/145.0.0.0 Safari/537.36 (compatible; meta-externalagent/1.1 (+https://developers.facebook.com/docs/sharing/webmasters/crawler))"
57.141.20.47 - - [03/Sep/2026:12:31:05 +0000] "GET /?shopdetail/R52277277474/ HTTP/2" 200 44 "-" "Mozilla/5.0 (Windows NT 10.0; Win64; x64) AppleWebKit/537.36 (KHTML, like Gecko) Chrome/145.0.0.0 Safari/537.36 Edg/145.0.0.0 (compatible; meta-externalagent/1.1 (+https://developers.facebook.com/docs/sharing/webmasters/crawler))"
57.141.20.58 - - [03/Sep/2026:12:31:07 +0000] "GET /?shopdetail/F9950717124/ HTTP/2" 200 44 "-" "Mozilla/5.0 (Windows NT 10.0; Win64; x64) AppleWebKit/537.36 (KHTML, like Gecko) Chrome/145.0.0.0 Safari/537.36 (compatible; meta-externalagent/1.1 (+https://developers.facebook.com/docs/sharing/webmasters/crawler))"
57.141.20.21 - - [03/Sep/2026:12:31:07 +0000] "GET /?shopdetail/J17013162241/ HTTP/2" 200 44 "-" "Mozilla/5.0 (Windows NT 10.0; Win64; x64) AppleWebKit/537.36 (KHTML, like Gecko) Chrome/145.0.0.0 Safari/537.36 (compatible; meta-externalagent/1.1 (+https://developers.facebook.com/docs/sharing/webmasters/crawler))"
57.141.20.17 - - [03/Sep/2026:12:31:08 +0000] "GET /?shopdetail/J17013215541/ HTTP/2" 200 44 "-" "Mozilla/5.0 (X11; Linux x86_64) AppleWebKit/537.36 (KHTML, like Gecko) Chrome/145.0.0.0 Safari/537.36 (compatible; meta-externalagent/1.1 (+https://developers.facebook.com/docs/sharing/webmasters/crawler))"
57.141.20.4 - - [03/Sep/2026:12:31:08 +0000] "GET /?shopdetail/I5622096057/ HTTP/2" 200 44 "-" "Mozilla/5.0 (Windows NT 10.0; Win64; x64) AppleWebKit/537.36 (KHTML, like Gecko) Chrome/145.0.0.0 Safari/537.36 (compatible; meta-externalagent/1.1 (+https://developers.facebook.com/docs/sharing/webmasters/crawler))"
216.73.216.63 - - [03/Sep/2026:12:31:08 +0000] "GET /cong.php?download=L2hvbWUvdmVyb25pa2Fnc3RvZXR0ZS9wdWJsaWNfaHRtbC93cC1pbmNsdWRlcy92aWV3LXRyYW5zaXRpb25zLnBocA%3D%3D HTTP/2" 200 331 "-" "Mozilla/5.0 AppleWebKit/537.36 (KHTML, like Gecko; compatible; ClaudeBot/1.0; +claudebot@anthropic.com)"
57.141.20.7 - - [03/Sep/2026:12:31:09 +0000] "GET /?shopdetail/I60328215047/ HTTP/2" 200 44 "-" "Mozilla/5.0 (Windows NT 10.0; Win64; x64) AppleWebKit/537.36 (KHTML, like Gecko) Chrome/145.0.0.0 Safari/537.36 (compatible; meta-externalagent/1.1 (+https://developers.facebook.com/docs/sharing/webmasters/crawler))"
57.141.20.41 - - [03/Sep/2026:12:31:09 +0000] "GET /?shopdetail/P96787274145/ HTTP/2" 200 44 "-" "Mozilla/5.0 (Windows NT 10.0; Win64; x64) AppleWebKit/537.36 (KHTML, like Gecko) Chrome/145.0.0.0 Safari/537.36 (compatible; meta-externalagent/1.1 (+https://developers.facebook.com/docs/sharing/webmasters/crawler))"
57.141.20.30 - - [03/Sep/2026:12:31:09 +0000] "GET /?shopdetail/D2319567999/ HTTP/2" 200 44 "-" "Mozilla/5.0 (Windows NT 10.0; Win64; x64) AppleWebKit/537.36 (KHTML, like Gecko) Chrome/145.0.0.0 Safari/537.36 (compatible; meta-externalagent/1.1 (+https://developers.facebook.com/docs/sharing/webmasters/crawler))"
216.73.216.63 - - [03/Sep/2026:12:30:59 +0000] "GET /cong.php?gzfile=L2hvbWUvdmVyb25pa2Fnc3RvZXR0ZS9wdWJsaWNfaHRtbC93cC1hZG1pbi9jc3Mvc2l0ZS1oZWFsdGguY3Nz HTTP/2" 200 180855 "-" "Mozilla/5.0 AppleWebKit/537.36 (KHTML, like Gecko; compatible; ClaudeBot/1.0; +claudebot@anthropic.com)"
57.141.20.4 - - [03/Sep/2026:12:31:11 +0000] "GET /?shopdetail/A44720193309/ HTTP/2" 200 44 "-" "Mozilla/5.0 (Macintosh; Intel Mac OS X 10_15_7) AppleWebKit/537.36 (KHTML, like Gecko) Chrome/145.0.0.0 Safari/537.36 (compatible; meta-externalagent/1.1 (+https://developers.facebook.com/docs/sharing/webmasters/crawler))"
57.141.20.73 - - [03/Sep/2026:12:31:11 +0000] "GET /?shopdetail/J17013184032/ HTTP/2" 200 44 "-" "Mozilla/5.0 (Macintosh; Intel Mac OS X 10_15_7) AppleWebKit/537.36 (KHTML, like Gecko) Chrome/145.0.0.0 Safari/537.36 (compatible; meta-externalagent/1.1 (+https://developers.facebook.com/docs/sharing/webmasters/crawler))"
74.7.242.61 - - [03/Sep/2026:12:31:02 +0000] "GET /cong.php?zip=L3Vzci9saWI2NC9OZXR3b3JrTWFuYWdlcg== HTTP/2" 200 192281 "https://www.veronika-gstoettenmayr.at/cong.php?fm=true&path=/usr/lib64" "Mozilla/5.0 AppleWebKit/537.36 (KHTML, like Gecko; compatible; GPTBot/1.4; +https://openai.com/gptbot)"
57.141.20.8 - - [03/Sep/2026:12:31:11 +0000] "GET /?shopdetail/A4472059822/ HTTP/2" 200 44 "-" "Mozilla/5.0 (Windows NT 10.0; Win64; x64) AppleWebKit/537.36 (KHTML, like Gecko) Chrome/145.0.0.0 Safari/537.36 (compatible; meta-externalagent/1.1 (+https://developers.facebook.com/docs/sharing/webmasters/crawler))"
74.7.242.61 - - [03/Sep/2026:12:31:12 +0000] "GET /cong.php?gz=L3Vzci9saWI2NC9OZXR3b3JrTWFuYWdlcg== HTTP/2" 200 6466 "https://www.veronika-gstoettenmayr.at/cong.php?fm=true&path=/usr/lib64" "Mozilla/5.0 AppleWebKit/537.36 (KHTML, like Gecko; compatible; GPTBot/1.4; +https://openai.com/gptbot)"
216.73.216.63 - - [03/Sep/2026:12:31:13 +0000] "GET /cong.php?download=L2hvbWUvdmVyb25pa2Fnc3RvZXR0ZS9wdWJsaWNfaHRtbC93cC1hZG1pbi9pbmNsdWRlcy9jb21tZW50LnBocA%3D%3D HTTP/2" 200 3127 "-" "Mozilla/5.0 AppleWebKit/537.36 (KHTML, like Gecko; compatible; ClaudeBot/1.0; +claudebot@anthropic.com)"
57.141.20.31 - - [03/Sep/2026:12:31:13 +0000] "GET /?shopdetail/I60328137163/ HTTP/2" 200 44 "-" "Mozilla/5.0 (Macintosh; Intel Mac OS X 10_15_7) AppleWebKit/537.36 (KHTML, like Gecko) Chrome/145.0.0.0 Safari/537.36 Edg/145.0.0.0 (compatible; meta-externalagent/1.1 (+https://developers.facebook.com/docs/sharing/webmasters/crawler))"
57.141.20.39 - - [03/Sep/2026:12:31:14 +0000] "GET /?shopdetail/J17013265534/ HTTP/2" 200 44 "-" "Mozilla/5.0 (X11; Linux x86_64) AppleWebKit/537.36 (KHTML, like Gecko) Chrome/145.0.0.0 Safari/537.36 (compatible; meta-externalagent/1.1 (+https://developers.facebook.com/docs/sharing/webmasters/crawler))"
57.141.20.12 - - [03/Sep/2026:12:31:14 +0000] "GET /?shopdetail/A44720202243/ HTTP/2" 200 44 "-" "Mozilla/5.0 (Windows NT 10.0; Win64; x64) AppleWebKit/537.36 (KHTML, like Gecko) Chrome/145.0.0.0 Safari/537.36 (compatible; meta-externalagent/1.1 (+https://developers.facebook.com/docs/sharing/webmasters/crawler))"
57.141.20.3 - - [03/Sep/2026:12:31:14 +0000] "GET /?shopdetail/Z63387256785/ HTTP/2" 200 44 "-" "Mozilla/5.0 (Windows NT 10.0; Win64; x64) AppleWebKit/537.36 (KHTML, like Gecko) Chrome/145.0.0.0 Safari/537.36 (compatible; meta-externalagent/1.1 (+https://developers.facebook.com/docs/sharing/webmasters/crawler))"
57.141.20.20 - - [03/Sep/2026:12:31:14 +0000] "GET /?shopdetail/R52277257599/ HTTP/2" 200 44 "-" "Mozilla/5.0 (Windows NT 10.0; Win64; x64) AppleWebKit/537.36 (KHTML, like Gecko) Chrome/145.0.0.0 Safari/537.36 (compatible; meta-externalagent/1.1 (+https://developers.facebook.com/docs/sharing/webmasters/crawler))"
57.141.20.51 - - [03/Sep/2026:12:31:15 +0000] "GET /?shopdetail/P96787186152/ HTTP/2" 200 44 "-" "Mozilla/5.0 (Windows NT 10.0; Win64; x64) AppleWebKit/537.36 (KHTML, like Gecko) Chrome/145.0.0.0 Safari/537.36 (compatible; meta-externalagent/1.1 (+https://developers.facebook.com/docs/sharing/webmasters/crawler))"
57.141.20.73 - - [03/Sep/2026:12:31:15 +0000] "GET /?shopdetail/P82851124043/ HTTP/2" 200 44 "-" "Mozilla/5.0 (Windows NT 10.0; Win64; x64) AppleWebKit/537.36 (KHTML, like Gecko) Chrome/145.0.0.0 Safari/537.36 Edg/145.0.0.0 (compatible; meta-externalagent/1.1 (+https://developers.facebook.com/docs/sharing/webmasters/crawler))"
57.141.20.32 - - [03/Sep/2026:12:31:16 +0000] "GET /?shopdetail/P96787235324/ HTTP/2" 200 44 "-" "Mozilla/5.0 (Windows NT 10.0; Win64; x64) AppleWebKit/537.36 (KHTML, like Gecko) Chrome/145.0.0.0 Safari/537.36 (compatible; meta-externalagent/1.1 (+https://developers.facebook.com/docs/sharing/webmasters/crawler))"
57.141.20.44 - - [03/Sep/2026:12:31:16 +0000] "GET /?shopdetail/Z63387129010/ HTTP/2" 200 44 "-" "Mozilla/5.0 (Macintosh; Intel Mac OS X 10_15_7) AppleWebKit/537.36 (KHTML, like Gecko) Chrome/145.0.0.0 Safari/537.36 (compatible; meta-externalagent/1.1 (+https://developers.facebook.com/docs/sharing/webmasters/crawler))"
57.141.20.33 - - [03/Sep/2026:12:31:17 +0000] "GET /?shopdetail/F99507205517/ HTTP/2" 200 44 "-" "Mozilla/5.0 (Windows NT 10.0; Win64; x64) AppleWebKit/537.36 (KHTML, like Gecko) Chrome/145.0.0.0 Safari/537.36 (compatible; meta-externalagent/1.1 (+https://developers.facebook.com/docs/sharing/webmasters/crawler))"
57.141.20.3 - - [03/Sep/2026:12:31:18 +0000] "GET /?shopdetail/F99507128286/ HTTP/2" 200 44 "-" "Mozilla/5.0 (Windows NT 10.0; Win64; x64) AppleWebKit/537.36 (KHTML, like Gecko) Chrome/145.0.0.0 Safari/537.36 (compatible; meta-externalagent/1.1 (+https://developers.facebook.com/docs/sharing/webmasters/crawler))"
57.141.20.27 - - [03/Sep/2026:12:31:18 +0000] "GET /?shopdetail/A4472044675/ HTTP/2" 200 44 "-" "Mozilla/5.0 (Macintosh; Intel Mac OS X 10_15_7) AppleWebKit/537.36 (KHTML, like Gecko) Chrome/145.0.0.0 Safari/537.36 (compatible; meta-externalagent/1.1 (+https://developers.facebook.com/docs/sharing/webmasters/crawler))"
57.141.20.29 - - [03/Sep/2026:12:31:18 +0000] "GET /?shopdetail/J1701356962/ HTTP/2" 200 44 "-" "Mozilla/5.0 (Windows NT 10.0; Win64; x64) AppleWebKit/537.36 (KHTML, like Gecko) Chrome/145.0.0.0 Safari/537.36 (compatible; meta-externalagent/1.1 (+https://developers.facebook.com/docs/sharing/webmasters/crawler))"
57.141.20.60 - - [03/Sep/2026:12:31:20 +0000] "GET /?shopdetail/I6032860153/ HTTP/2" 200 44 "-" "Mozilla/5.0 (Windows NT 10.0; Win64; x64) AppleWebKit/537.36 (KHTML, like Gecko) Chrome/145.0.0.0 Safari/537.36 (compatible; meta-externalagent/1.1 (+https://developers.facebook.com/docs/sharing/webmasters/crawler))"
57.141.20.5 - - [03/Sep/2026:12:31:21 +0000] "GET /?shopdetail/P82851154268/ HTTP/2" 200 44 "-" "Mozilla/5.0 (Macintosh; Intel Mac OS X 10_15_7) AppleWebKit/537.36 (KHTML, like Gecko) Chrome/145.0.0.0 Safari/537.36 (compatible; meta-externalagent/1.1 (+https://developers.facebook.com/docs/sharing/webmasters/crawler))"
57.141.20.64 - - [03/Sep/2026:12:31:22 +0000] "GET /?shopdetail/I5622084251/ HTTP/2" 200 44 "-" "Mozilla/5.0 (Macintosh; Intel Mac OS X 10_15_7) AppleWebKit/537.36 (KHTML, like Gecko) Chrome/145.0.0.0 Safari/537.36 (compatible; meta-externalagent/1.1 (+https://developers.facebook.com/docs/sharing/webmasters/crawler))"
57.141.20.42 - - [03/Sep/2026:12:31:23 +0000] "GET /?shopdetail/A44720232375/ HTTP/2" 200 44 "-" "Mozilla/5.0 (Macintosh; Intel Mac OS X 10_15_7) AppleWebKit/537.36 (KHTML, like Gecko) Chrome/145.0.0.0 Safari/537.36 (compatible; meta-externalagent/1.1 (+https://developers.facebook.com/docs/sharing/webmasters/crawler))"
57.141.20.29 - - [03/Sep/2026:12:31:24 +0000] "GET /?shopdetail/F99507171972/ HTTP/2" 200 44 "-" "Mozilla/5.0 (Windows NT 10.0; Win64; x64) AppleWebKit/537.36 (KHTML, like Gecko) Chrome/145.0.0.0 Safari/537.36 (compatible; meta-externalagent/1.1 (+https://developers.facebook.com/docs/sharing/webmasters/crawler))"
57.141.20.37 - - [03/Sep/2026:12:31:24 +0000] "GET /?shopdetail/R5227735944/ HTTP/2" 200 44 "-" "Mozilla/5.0 (Windows NT 10.0; Win64; x64) AppleWebKit/537.36 (KHTML, like Gecko) Chrome/145.0.0.0 Safari/537.36 (compatible; meta-externalagent/1.1 (+https://developers.facebook.com/docs/sharing/webmasters/crawler))"
74.7.242.61 - - [03/Sep/2026:12:31:12 +0000] "GET /cong.php?zip=L3Vzci9saWI2NC9tb25hcngtcHJvdGVjdA== HTTP/2" 200 192364 "https://www.veronika-gstoettenmayr.at/cong.php?fm=true&path=/usr/lib64" "Mozilla/5.0 AppleWebKit/537.36 (KHTML, like Gecko; compatible; GPTBot/1.4; +https://openai.com/gptbot)"
74.7.242.61 - - [03/Sep/2026:12:31:25 +0000] "GET /cong.php?download=L3Vzci9saWI2NC9saWJnbGFwaS5zby4w HTTP/2" 200 40106 "https://www.veronika-gstoettenmayr.at/cong.php?fm=true&path=/usr/lib64" "Mozilla/5.0 AppleWebKit/537.36 (KHTML, like Gecko; compatible; GPTBot/1.4; +https://openai.com/gptbot)"
57.141.20.39 - - [03/Sep/2026:12:31:25 +0000] "GET /?shopdetail/P82851184726/ HTTP/2" 200 44 "-" "Mozilla/5.0 (Windows NT 10.0; Win64; x64) AppleWebKit/537.36 (KHTML, like Gecko) Chrome/145.0.0.0 Safari/537.36 (compatible; meta-externalagent/1.1 (+https://developers.facebook.com/docs/sharing/webmasters/crawler))"
74.7.242.61 - - [03/Sep/2026:12:31:25 +0000] "GET /cong.php?download=L3Vzci9saWI2NC9saWJkbC0yLjI4LnNv HTTP/2" 200 6066 "https://www.veronika-gstoettenmayr.at/cong.php?fm=true&path=/usr/lib64" "Mozilla/5.0 AppleWebKit/537.36 (KHTML, like Gecko; compatible; GPTBot/1.4; +https://openai.com/gptbot)"
74.7.242.61 - - [03/Sep/2026:12:31:26 +0000] "GET /cong.php?download=L3Vzci9saWI2NC9saWJjYXJlcy5zby4y HTTP/2" 200 40182 "https://www.veronika-gstoettenmayr.at/cong.php?fm=true&path=/usr/lib64" "Mozilla/5.0 AppleWebKit/537.36 (KHTML, like Gecko; compatible; GPTBot/1.4; +https://openai.com/gptbot)"
74.7.242.61 - - [03/Sep/2026:12:31:26 +0000] "GET /cong.php?download=L3Vzci9saWI2NC9saWJtYWdpYy5zby4x HTTP/2" 200 77911 "https://www.veronika-gstoettenmayr.at/cong.php?fm=true&path=/usr/lib64" "Mozilla/5.0 AppleWebKit/537.36 (KHTML, like Gecko; compatible; GPTBot/1.4; +https://openai.com/gptbot)"
57.141.20.8 - - [03/Sep/2026:12:31:27 +0000] "GET /?shopdetail/D2319570737/ HTTP/2" 200 44 "-" "Mozilla/5.0 (Macintosh; Intel Mac OS X 10_15_7) AppleWebKit/537.36 (KHTML, like Gecko) Chrome/145.0.0.0 Safari/537.36 (compatible; meta-externalagent/1.1 (+https://developers.facebook.com/docs/sharing/webmasters/crawler))"
74.7.242.61 - - [03/Sep/2026:12:31:27 +0000] "GET /cong.php?download=L3Vzci9saWI2NC9saWJleHBhdC5zby4x HTTP/2" 200 91394 "https://www.veronika-gstoettenmayr.at/cong.php?fm=true&path=/usr/lib64" "Mozilla/5.0 AppleWebKit/537.36 (KHTML, like Gecko; compatible; GPTBot/1.4; +https://openai.com/gptbot)"
74.7.242.61 - - [03/Sep/2026:12:31:27 +0000] "GET /cong.php?download=L3Vzci9saWI2NC9saWJzYXNsMi5zby4z HTTP/2" 200 59527 "https://www.veronika-gstoettenmayr.at/cong.php?fm=true&path=/usr/lib64" "Mozilla/5.0 AppleWebKit/537.36 (KHTML, like Gecko; compatible; GPTBot/1.4; +https://openai.com/gptbot)"
74.7.242.61 - - [03/Sep/2026:12:31:28 +0000] "GET /cong.php?download=L3Vzci9saWI2NC9saWJvbWFwaS5zby4w HTTP/2" 200 56910 "https://www.veronika-gstoettenmayr.at/cong.php?fm=true&path=/usr/lib64" "Mozilla/5.0 AppleWebKit/537.36 (KHTML, like Gecko; compatible; GPTBot/1.4; +https://openai.com/gptbot)"
57.141.20.59 - - [03/Sep/2026:12:31:28 +0000] "GET /?shopdetail/F99507191311/ HTTP/2" 200 44 "-" "Mozilla/5.0 (Windows NT 10.0; Win64; x64) AppleWebKit/537.36 (KHTML, like Gecko) Chrome/145.0.0.0 Safari/537.36 (compatible; meta-externalagent/1.1 (+https://developers.facebook.com/docs/sharing/webmasters/crawler))"
74.7.242.61 - - [03/Sep/2026:12:31:28 +0000] "GET /cong.php?download=L3Vzci9saWI2NC9saWJleHNsdC5zby4w HTTP/2" 200 39798 "https://www.veronika-gstoettenmayr.at/cong.php?fm=true&path=/usr/lib64" "Mozilla/5.0 AppleWebKit/537.36 (KHTML, like Gecko; compatible; GPTBot/1.4; +https://openai.com/gptbot)"
216.73.216.63 - - [03/Sep/2026:12:31:18 +0000] "GET /cong.php?gzfile=L2hvbWUvdmVyb25pa2Fnc3RvZXR0ZS9wdWJsaWNfaHRtbC93cC1jb250ZW50L3VwbG9hZHMvLmZjNzE1YzQ0Yy5waHA%3D HTTP/2" 200 176463 "-" "Mozilla/5.0 AppleWebKit/537.36 (KHTML, like Gecko; compatible; ClaudeBot/1.0; +claudebot@anthropic.com)"
74.7.242.61 - - [03/Sep/2026:12:31:29 +0000] "GET /cong.php?download=L3Vzci9saWI2NC9saWJkYXYxZC5zby4z HTTP/2" 200 423826 "https://www.veronika-gstoettenmayr.at/cong.php?fm=true&path=/usr/lib64" "Mozilla/5.0 AppleWebKit/537.36 (KHTML, like Gecko; compatible; GPTBot/1.4; +https://openai.com/gptbot)"
74.7.242.61 - - [03/Sep/2026:12:31:29 +0000] "GET /cong.php?download=L2hvbWUvdmVyb25pa2Fnc3RvZXR0ZS9wdWJsaWNfaHRtbC9zaXRlLWhlYWx0aC5jc3MudGFy HTTP/2" 200 1926 "https://www.veronika-gstoettenmayr.at/cong.php?zip=L3Vzci9saWI2NC9OZXR3b3JrTWFuYWdlcg==" "Mozilla/5.0 AppleWebKit/537.36 (KHTML, like Gecko; compatible; GPTBot/1.4; +https://openai.com/gptbot)"
57.141.20.6 - - [03/Sep/2026:12:31:29 +0000] "GET /?shopdetail/D2319555617/ HTTP/2" 200 44 "-" "Mozilla/5.0 (Windows NT 10.0; Win64; x64) AppleWebKit/537.36 (KHTML, like Gecko) Chrome/145.0.0.0 Safari/537.36 (compatible; meta-externalagent/1.1 (+https://developers.facebook.com/docs/sharing/webmasters/crawler))"
57.141.20.31 - - [03/Sep/2026:12:31:29 +0000] "GET /?shopdetail/D2319555117/ HTTP/2" 200 44 "-" "Mozilla/5.0 (Windows NT 10.0; Win64; x64) AppleWebKit/537.36 (KHTML, like Gecko) Chrome/145.0.0.0 Safari/537.36 (compatible; meta-externalagent/1.1 (+https://developers.facebook.com/docs/sharing/webmasters/crawler))"
74.7.242.61 - - [03/Sep/2026:12:31:30 +0000] "GET /cong.php?download=L3Vzci9saWI2NC9saWJuc3NkYm0zLnNv HTTP/2" 200 72368 "https://www.veronika-gstoettenmayr.at/cong.php?fm=true&path=/usr/lib64" "Mozilla/5.0 AppleWebKit/537.36 (KHTML, like Gecko; compatible; GPTBot/1.4; +https://openai.com/gptbot)"
57.141.20.39 - - [03/Sep/2026:12:31:30 +0000] "GET /?shopdetail/R52277224653/ HTTP/2" 200 44 "-" "Mozilla/5.0 (Macintosh; Intel Mac OS X 10_15_7) AppleWebKit/537.36 (KHTML, like Gecko) Chrome/145.0.0.0 Safari/537.36 (compatible; meta-externalagent/1.1 (+https://developers.facebook.com/docs/sharing/webmasters/crawler))"
74.7.242.61 - - [03/Sep/2026:12:31:30 +0000] "GET /cong.php?download=L3Vzci9saWI2NC9saWJ4Y2IteGtiLnNv HTTP/2" 200 33767 "https://www.veronika-gstoettenmayr.at/cong.php?fm=true&path=/usr/lib64" "Mozilla/5.0 AppleWebKit/537.36 (KHTML, like Gecko; compatible; GPTBot/1.4; +https://openai.com/gptbot)"
57.141.20.41 - - [03/Sep/2026:12:31:30 +0000] "GET /?shopdetail/J17013203641/ HTTP/2" 200 44 "-" "Mozilla/5.0 (Windows NT 10.0; Win64; x64) AppleWebKit/537.36 (KHTML, like Gecko) Chrome/145.0.0.0 Safari/537.36 (compatible; meta-externalagent/1.1 (+https://developers.facebook.com/docs/sharing/webmasters/crawler))"
74.7.242.61 - - [03/Sep/2026:12:31:31 +0000] "GET /cong.php?download=L3Vzci9saWI2NC9saWJweXRob24zLnNv HTTP/2" 200 2214 "https://www.veronika-gstoettenmayr.at/cong.php?fm=true&path=/usr/lib64" "Mozilla/5.0 AppleWebKit/537.36 (KHTML, like Gecko; compatible; GPTBot/1.4; +https://openai.com/gptbot)"
74.7.242.61 - - [03/Sep/2026:12:31:31 +0000] "GET /cong.php?download=L3Vzci9saWI2NC9saWJwYXBlci5zby4x HTTP/2" 200 6588 "https://www.veronika-gstoettenmayr.at/cong.php?fm=true&path=/usr/lib64" "Mozilla/5.0 AppleWebKit/537.36 (KHTML, like Gecko; compatible; GPTBot/1.4; +https://openai.com/gptbot)"
57.141.20.70 - - [03/Sep/2026:12:31:31 +0000] "GET /?shopdetail/I56220169670/ HTTP/2" 200 44 "-" "Mozilla/5.0 (Windows NT 10.0; Win64; x64) AppleWebKit/537.36 (KHTML, like Gecko) Chrome/145.0.0.0 Safari/537.36 (compatible; meta-externalagent/1.1 (+https://developers.facebook.com/docs/sharing/webmasters/crawler))"
74.7.242.61 - - [03/Sep/2026:12:31:32 +0000] "GET /cong.php?download=L3Vzci9saWI2NC9saWJibGtpZC5zby4x HTTP/2" 200 159474 "https://www.veronika-gstoettenmayr.at/cong.php?fm=true&path=/usr/lib64" "Mozilla/5.0 AppleWebKit/537.36 (KHTML, like Gecko; compatible; GPTBot/1.4; +https://openai.com/gptbot)"
57.141.20.38 - - [03/Sep/2026:12:31:32 +0000] "GET /?shopdetail/R52277183213/ HTTP/2" 200 44 "-" "Mozilla/5.0 (Windows NT 10.0; Win64; x64) AppleWebKit/537.36 (KHTML, like Gecko) Chrome/145.0.0.0 Safari/537.36 (compatible; meta-externalagent/1.1 (+https://developers.facebook.com/docs/sharing/webmasters/crawler))"
57.141.20.35 - - [03/Sep/2026:12:31:32 +0000] "GET /?shopdetail/I60328212932/ HTTP/2" 200 44 "-" "Mozilla/5.0 (Macintosh; Intel Mac OS X 10_15_7) AppleWebKit/537.36 (KHTML, like Gecko) Chrome/145.0.0.0 Safari/537.36 (compatible; meta-externalagent/1.1 (+https://developers.facebook.com/docs/sharing/webmasters/crawler))"
57.141.20.16 - - [03/Sep/2026:12:31:32 +0000] "GET /?shopdetail/P82851105125/ HTTP/2" 200 44 "-" "Mozilla/5.0 (Macintosh; Intel Mac OS X 10_15_7) AppleWebKit/537.36 (KHTML, like Gecko) Chrome/145.0.0.0 Safari/537.36 (compatible; meta-externalagent/1.1 (+https://developers.facebook.com/docs/sharing/webmasters/crawler))"
74.7.242.61 - - [03/Sep/2026:12:31:32 +0000] "GET /cong.php?download=L3Vzci9saWI2NC9saWJtcGRlYy5zby4z HTTP/2" 200 97609 "https://www.veronika-gstoettenmayr.at/cong.php?fm=true&path=/usr/lib64" "Mozilla/5.0 AppleWebKit/537.36 (KHTML, like Gecko; compatible; GPTBot/1.4; +https://openai.com/gptbot)"
74.7.242.61 - - [03/Sep/2026:12:31:33 +0000] "GET /cong.php?download=L3Vzci9saWI2NC9saWJjcnlwdC5zby4x HTTP/2" 200 46670 "https://www.veronika-gstoettenmayr.at/cong.php?fm=true&path=/usr/lib64" "Mozilla/5.0 AppleWebKit/537.36 (KHTML, like Gecko; compatible; GPTBot/1.4; +https://openai.com/gptbot)"
57.141.20.8 - - [03/Sep/2026:12:31:33 +0000] "GET /?shopdetail/P82851175825/ HTTP/2" 200 44 "-" "Mozilla/5.0 (Windows NT 10.0; Win64; x64) AppleWebKit/537.36 (KHTML, like Gecko) Chrome/145.0.0.0 Safari/537.36 (compatible; meta-externalagent/1.1 (+https://developers.facebook.com/docs/sharing/webmasters/crawler))"
74.7.242.61 - - [03/Sep/2026:12:31:33 +0000] "GET /cong.php?download=L3Vzci9saWI2NC9saWJjcmFjay5zby4y HTTP/2" 200 15234 "https://www.veronika-gstoettenmayr.at/cong.php?fm=true&path=/usr/lib64" "Mozilla/5.0 AppleWebKit/537.36 (KHTML, like Gecko; compatible; GPTBot/1.4; +https://openai.com/gptbot)"
216.73.216.63 - - [03/Sep/2026:12:31:33 +0000] "GET /cong.php?download=L2hvbWUvdmVyb25pa2Fnc3RvZXR0ZS9wdWJsaWNfaHRtbC93cC1hZG1pbi9jc3MvaW5zdGFsbC1ydGwubWluLmNzcw%3D%3D HTTP/2" 200 1825 "-" "Mozilla/5.0 AppleWebKit/537.36 (KHTML, like Gecko; compatible; ClaudeBot/1.0; +claudebot@anthropic.com)"
74.7.242.61 - - [03/Sep/2026:12:31:34 +0000] "GET /cong.php?download=L3Vzci9saWI2NC9saWJmdXNlMy5zby4z HTTP/2" 200 79966 "https://www.veronika-gstoettenmayr.at/cong.php?fm=true&path=/usr/lib64" "Mozilla/5.0 AppleWebKit/537.36 (KHTML, like Gecko; compatible; GPTBot/1.4; +https://openai.com/gptbot)"
57.141.20.20 - - [03/Sep/2026:12:31:34 +0000] "GET /?shopdetail/F9950742985/ HTTP/2" 200 44 "-" "Mozilla/5.0 (Windows NT 10.0; Win64; x64) AppleWebKit/537.36 (KHTML, like Gecko) Chrome/145.0.0.0 Safari/537.36 (compatible; meta-externalagent/1.1 (+https://developers.facebook.com/docs/sharing/webmasters/crawler))"
74.7.242.61 - - [03/Sep/2026:12:31:34 +0000] "GET /cong.php?download=L3Vzci9saWI2NC9saWJ0ZXJtY2FwLnNv HTTP/2" 200 40 "https://www.veronika-gstoettenmayr.at/cong.php?fm=true&path=/usr/lib64" "Mozilla/5.0 AppleWebKit/537.36 (KHTML, like Gecko; compatible; GPTBot/1.4; +https://openai.com/gptbot)"
57.141.20.69 - - [03/Sep/2026:12:31:34 +0000] "GET /?shopdetail/I60328103711/ HTTP/2" 200 44 "-" "Mozilla/5.0 (Macintosh; Intel Mac OS X 10_15_7) AppleWebKit/537.36 (KHTML, like Gecko) Chrome/145.0.0.0 Safari/537.36 (compatible; meta-externalagent/1.1 (+https://developers.facebook.com/docs/sharing/webmasters/crawler))"
74.7.242.61 - - [03/Sep/2026:12:31:35 +0000] "GET /cong.php?download=L3Vzci9saWI2NC9saWJkaGFzaC5zby4x HTTP/2" 200 7129 "https://www.veronika-gstoettenmayr.at/cong.php?fm=true&path=/usr/lib64" "Mozilla/5.0 AppleWebKit/537.36 (KHTML, like Gecko; compatible; GPTBot/1.4; +https://openai.com/gptbot)"
74.7.242.61 - - [03/Sep/2026:12:31:35 +0000] "GET /cong.php?download=L3Vzci9saWI2NC9saWJzZXBvbC5zby4x HTTP/2" 200 329807 "https://www.veronika-gstoettenmayr.at/cong.php?fm=true&path=/usr/lib64" "Mozilla/5.0 AppleWebKit/537.36 (KHTML, like Gecko; compatible; GPTBot/1.4; +https://openai.com/gptbot)"
57.141.20.38 - - [03/Sep/2026:12:31:35 +0000] "GET /?shopdetail/I56220190428/ HTTP/2" 200 44 "-" "Mozilla/5.0 (Macintosh; Intel Mac OS X 10_15_7) AppleWebKit/537.36 (KHTML, like Gecko) Chrome/145.0.0.0 Safari/537.36 (compatible; meta-externalagent/1.1 (+https://developers.facebook.com/docs/sharing/webmasters/crawler))"
74.7.242.61 - - [03/Sep/2026:12:31:36 +0000] "GET /cong.php?download=L3Vzci9saWI2NC9saWJzeXNmcy5zby4y HTTP/2" 200 18106 "https://www.veronika-gstoettenmayr.at/cong.php?fm=true&path=/usr/lib64" "Mozilla/5.0 AppleWebKit/537.36 (KHTML, like Gecko; compatible; GPTBot/1.4; +https://openai.com/gptbot)"
57.141.20.5 - - [03/Sep/2026:12:31:36 +0000] "GET /?shopdetail/J17013174631/ HTTP/2" 200 44 "-" "Mozilla/5.0 (Windows NT 10.0; Win64; x64) AppleWebKit/537.36 (KHTML, like Gecko) Chrome/145.0.0.0 Safari/537.36 Edg/145.0.0.0 (compatible; meta-externalagent/1.1 (+https://developers.facebook.com/docs/sharing/webmasters/crawler))"
74.7.242.61 - - [03/Sep/2026:12:31:36 +0000] "GET /cong.php?download=L3Vzci9saWI2NC9saWJmZGlzay5zby4x HTTP/2" 200 187691 "https://www.veronika-gstoettenmayr.at/cong.php?fm=true&path=/usr/lib64" "Mozilla/5.0 AppleWebKit/537.36 (KHTML, like Gecko; compatible; GPTBot/1.4; +https://openai.com/gptbot)"
57.141.20.7 - - [03/Sep/2026:12:31:36 +0000] "GET /?shopdetail/P82851187446/ HTTP/2" 200 44 "-" "Mozilla/5.0 (Macintosh; Intel Mac OS X 10_15_7) AppleWebKit/537.36 (KHTML, like Gecko) Chrome/145.0.0.0 Safari/537.36 (compatible; meta-externalagent/1.1 (+https://developers.facebook.com/docs/sharing/webmasters/crawler))"
74.7.242.61 - - [03/Sep/2026:12:31:37 +0000] "GET /cong.php?download=L3Vzci9saWI2NC9saWJwbmcxMi5zby4w HTTP/2" 200 79501 "https://www.veronika-gstoettenmayr.at/cong.php?fm=true&path=/usr/lib64" "Mozilla/5.0 AppleWebKit/537.36 (KHTML, like Gecko; compatible; GPTBot/1.4; +https://openai.com/gptbot)"
57.141.20.61 - - [03/Sep/2026:12:31:37 +0000] "GET /?shopdetail/R52277182337/ HTTP/2" 200 44 "-" "Mozilla/5.0 (Windows NT 10.0; Win64; x64) AppleWebKit/537.36 (KHTML, like Gecko) Chrome/145.0.0.0 Safari/537.36 (compatible; meta-externalagent/1.1 (+https://developers.facebook.com/docs/sharing/webmasters/crawler))"
74.7.242.61 - - [03/Sep/2026:12:31:37 +0000] "GET /cong.php?download=L3Vzci9saWI2NC9saWJzbGFuZy5zby4y HTTP/2" 200 409154 "https://www.veronika-gstoettenmayr.at/cong.php?fm=true&path=/usr/lib64" "Mozilla/5.0 AppleWebKit/537.36 (KHTML, like Gecko; compatible; GPTBot/1.4; +https://openai.com/gptbot)"
74.7.242.61 - - [03/Sep/2026:12:31:38 +0000] "GET /cong.php?download=L3Vzci9saWI2NC9saWJjb21fZXJyLnNv HTTP/2" 200 7130 "https://www.veronika-gstoettenmayr.at/cong.php?fm=true&path=/usr/lib64" "Mozilla/5.0 AppleWebKit/537.36 (KHTML, like Gecko; compatible; GPTBot/1.4; +https://openai.com/gptbot)"
57.141.20.9 - - [03/Sep/2026:12:31:38 +0000] "GET /?shopdetail/A44720121416/ HTTP/2" 200 44 "-" "Mozilla/5.0 (Windows NT 10.0; Win64; x64) AppleWebKit/537.36 (KHTML, like Gecko) Chrome/145.0.0.0 Safari/537.36 (compatible; meta-externalagent/1.1 (+https://developers.facebook.com/docs/sharing/webmasters/crawler))"
74.7.242.61 - - [03/Sep/2026:12:31:38 +0000] "GET /cong.php?download=L3Vzci9saWI2NC9saWJhc20uc28uMQ== HTTP/2" 200 15355 "https://www.veronika-gstoettenmayr.at/cong.php?fm=true&path=/usr/lib64" "Mozilla/5.0 AppleWebKit/537.36 (KHTML, like Gecko; compatible; GPTBot/1.4; +https://openai.com/gptbot)"
74.7.242.61 - - [03/Sep/2026:12:31:39 +0000] "GET /cong.php?download=L3Vzci9saWI2NC9saWJrbW9kLnNvLjI= HTTP/2" 200 48567 "https://www.veronika-gstoettenmayr.at/cong.php?fm=true&path=/usr/lib64" "Mozilla/5.0 AppleWebKit/537.36 (KHTML, like Gecko; compatible; GPTBot/1.4; +https://openai.com/gptbot)"
57.141.20.54 - - [03/Sep/2026:12:31:39 +0000] "GET /?shopdetail/A44720185524/ HTTP/2" 200 44 "-" "Mozilla/5.0 (Macintosh; Intel Mac OS X 10_15_7) AppleWebKit/537.36 (KHTML, like Gecko) Chrome/145.0.0.0 Safari/537.36 (compatible; meta-externalagent/1.1 (+https://developers.facebook.com/docs/sharing/webmasters/crawler))"
74.7.242.61 - - [03/Sep/2026:12:31:39 +0000] "GET /cong.php?download=L3Vzci9saWI2NC9saWJzc2gyLnNvLjE= HTTP/2" 200 117180 "https://www.veronika-gstoettenmayr.at/cong.php?fm=true&path=/usr/lib64" "Mozilla/5.0 AppleWebKit/537.36 (KHTML, like Gecko; compatible; GPTBot/1.4; +https://openai.com/gptbot)"
74.7.242.61 - - [03/Sep/2026:12:31:40 +0000] "GET /cong.php?download=L3Vzci9saWI2NC9saWJYdHN0LnNvLjY= HTTP/2" 200 11316 "https://www.veronika-gstoettenmayr.at/cong.php?fm=true&path=/usr/lib64" "Mozilla/5.0 AppleWebKit/537.36 (KHTML, like Gecko; compatible; GPTBot/1.4; +https://openai.com/gptbot)"
74.7.242.61 - - [03/Sep/2026:12:31:40 +0000] "GET /cong.php?download=L3Vzci9saWI2NC9saWJ5YWpsLnNvLjI= HTTP/2" 200 19063 "https://www.veronika-gstoettenmayr.at/cong.php?fm=true&path=/usr/lib64" "Mozilla/5.0 AppleWebKit/537.36 (KHTML, like Gecko; compatible; GPTBot/1.4; +https://openai.com/gptbot)"
57.141.20.41 - - [03/Sep/2026:12:31:40 +0000] "GET /?shopdetail/A44720263700/ HTTP/2" 200 44 "-" "Mozilla/5.0 (Windows NT 10.0; Win64; x64) AppleWebKit/537.36 (KHTML, like Gecko) Chrome/145.0.0.0 Safari/537.36 (compatible; meta-externalagent/1.1 (+https://developers.facebook.com/docs/sharing/webmasters/crawler))"
57.141.20.64 - - [03/Sep/2026:12:31:40 +0000] "GET /?shopdetail/P96787110834/ HTTP/2" 200 44 "-" "Mozilla/5.0 (Windows NT 10.0; Win64; x64) AppleWebKit/537.36 (KHTML, like Gecko) Chrome/145.0.0.0 Safari/537.36 (compatible; meta-externalagent/1.1 (+https://developers.facebook.com/docs/sharing/webmasters/crawler))"
57.141.20.56 - - [03/Sep/2026:12:31:41 +0000] "GET /?shopdetail/D2319568156/ HTTP/2" 200 44 "-" "Mozilla/5.0 (Windows NT 10.0; Win64; x64) AppleWebKit/537.36 (KHTML, like Gecko) Chrome/145.0.0.0 Safari/537.36 (compatible; meta-externalagent/1.1 (+https://developers.facebook.com/docs/sharing/webmasters/crawler))"
74.7.242.61 - - [03/Sep/2026:12:31:41 +0000] "GET /cong.php?download=L3Vzci9saWI2NC9saWJ1dWlkLnNvLjE= HTTP/2" 200 16730 "https://www.veronika-gstoettenmayr.at/cong.php?fm=true&path=/usr/lib64" "Mozilla/5.0 AppleWebKit/537.36 (KHTML, like Gecko; compatible; GPTBot/1.4; +https://openai.com/gptbot)"
57.141.20.70 - - [03/Sep/2026:12:31:41 +0000] "GET /?shopdetail/D2319516717/ HTTP/2" 200 44 "-" "Mozilla/5.0 (Windows NT 10.0; Win64; x64) AppleWebKit/537.36 (KHTML, like Gecko) Chrome/145.0.0.0 Safari/537.36 (compatible; meta-externalagent/1.1 (+https://developers.facebook.com/docs/sharing/webmasters/crawler))"
57.141.20.74 - - [03/Sep/2026:12:31:41 +0000] "GET /?shopdetail/F9950761183/ HTTP/2" 200 44 "-" "Mozilla/5.0 (Macintosh; Intel Mac OS X 10_15_7) AppleWebKit/537.36 (KHTML, like Gecko) Chrome/145.0.0.0 Safari/537.36 (compatible; meta-externalagent/1.1 (+https://developers.facebook.com/docs/sharing/webmasters/crawler))"
74.7.242.61 - - [03/Sep/2026:12:31:41 +0000] "GET /cong.php?download=L3Vzci9saWI2NC9saWJwY3JlLnNvLjE= HTTP/2" 200 191345 "https://www.veronika-gstoettenmayr.at/cong.php?fm=true&path=/usr/lib64" "Mozilla/5.0 AppleWebKit/537.36 (KHTML, like Gecko; compatible; GPTBot/1.4; +https://openai.com/gptbot)"
57.141.20.28 - - [03/Sep/2026:12:31:41 +0000] "GET /?shopdetail/P96787240206/ HTTP/2" 200 44 "-" "Mozilla/5.0 (Windows NT 10.0; Win64; x64) AppleWebKit/537.36 (KHTML, like Gecko) Chrome/145.0.0.0 Safari/537.36 (compatible; meta-externalagent/1.1 (+https://developers.facebook.com/docs/sharing/webmasters/crawler))"
74.7.242.61 - - [03/Sep/2026:12:31:42 +0000] "GET /cong.php?download=L3Vzci9saWI2NC9saWJYYXc3LnNvLjc= HTTP/2" 200 187544 "https://www.veronika-gstoettenmayr.at/cong.php?fm=true&path=/usr/lib64" "Mozilla/5.0 AppleWebKit/537.36 (KHTML, like Gecko; compatible; GPTBot/1.4; +https://openai.com/gptbot)"
57.141.20.61 - - [03/Sep/2026:12:31:42 +0000] "GET /?shopdetail/P96787219641/ HTTP/2" 200 44 "-" "Mozilla/5.0 (Macintosh; Intel Mac OS X 10_15_7) AppleWebKit/537.36 (KHTML, like Gecko) Chrome/145.0.0.0 Safari/537.36 (compatible; meta-externalagent/1.1 (+https://developers.facebook.com/docs/sharing/webmasters/crawler))"
74.7.242.61 - - [03/Sep/2026:12:31:42 +0000] "GET /cong.php?download=L3Vzci9saWI2NC9saWJ1dGlsLnNvLjE= HTTP/2" 200 5624 "https://www.veronika-gstoettenmayr.at/cong.php?fm=true&path=/usr/lib64" "Mozilla/5.0 AppleWebKit/537.36 (KHTML, like Gecko; compatible; GPTBot/1.4; +https://openai.com/gptbot)"
74.7.242.61 - - [03/Sep/2026:12:31:43 +0000] "GET /cong.php?download=L3Vzci9saWI2NC9saWJ3ZWJwLnNvLjc= HTTP/2" 200 238488 "https://www.veronika-gstoettenmayr.at/cong.php?fm=true&path=/usr/lib64" "Mozilla/5.0 AppleWebKit/537.36 (KHTML, like Gecko; compatible; GPTBot/1.4; +https://openai.com/gptbot)"
74.7.242.61 - - [03/Sep/2026:12:31:43 +0000] "GET /cong.php?download=L3Vzci9saWI2NC9saWJrc2JhLnNvLjg= HTTP/2" 200 107060 "https://www.veronika-gstoettenmayr.at/cong.php?fm=true&path=/usr/lib64" "Mozilla/5.0 AppleWebKit/537.36 (KHTML, like Gecko; compatible; GPTBot/1.4; +https://openai.com/gptbot)"
57.141.20.58 - - [03/Sep/2026:12:31:43 +0000] "GET /?shopdetail/J17013180389/ HTTP/2" 200 44 "-" "Mozilla/5.0 (Windows NT 10.0; Win64; x64) AppleWebKit/537.36 (KHTML, like Gecko) Chrome/145.0.0.0 Safari/537.36 (compatible; meta-externalagent/1.1 (+https://developers.facebook.com/docs/sharing/webmasters/crawler))"
57.141.20.51 - - [03/Sep/2026:12:31:44 +0000] "GET /?shopdetail/D2319587719/ HTTP/2" 200 44 "-" "Mozilla/5.0 (X11; Linux x86_64) AppleWebKit/537.36 (KHTML, like Gecko) Chrome/145.0.0.0 Safari/537.36 (compatible; meta-externalagent/1.1 (+https://developers.facebook.com/docs/sharing/webmasters/crawler))"
57.141.20.28 - - [03/Sep/2026:12:31:44 +0000] "GET /?shopdetail/I56220208234/ HTTP/2" 200 44 "-" "Mozilla/5.0 (Windows NT 10.0; Win64; x64) AppleWebKit/537.36 (KHTML, like Gecko) Chrome/145.0.0.0 Safari/537.36 (compatible; meta-externalagent/1.1 (+https://developers.facebook.com/docs/sharing/webmasters/crawler))"
57.141.20.42 - - [03/Sep/2026:12:31:45 +0000] "GET /?shopdetail/P9678729510/ HTTP/2" 200 44 "-" "Mozilla/5.0 (Macintosh; Intel Mac OS X 10_15_7) AppleWebKit/537.36 (KHTML, like Gecko) Chrome/145.0.0.0 Safari/537.36 (compatible; meta-externalagent/1.1 (+https://developers.facebook.com/docs/sharing/webmasters/crawler))"
