57.141.20.29 - - [03/Sep/2026:12:44:35 +0000] "GET /?shopdetail/R52277275243/ HTTP/2" 200 44 "-" "Mozilla/5.0 (Windows NT 10.0; Win64; x64) AppleWebKit/537.36 (KHTML, like Gecko) Chrome/144.0.0.0 Safari/537.36 Edg/144.0.0.0 (compatible; meta-externalagent/1.1 (+https://developers.facebook.com/docs/sharing/webmasters/crawler))"
57.141.20.16 - - [03/Sep/2026:12:44:36 +0000] "GET /?shopdetail/P828512063/ HTTP/2" 200 44 "-" "Mozilla/5.0 (Macintosh; Intel Mac OS X 10_15_7) AppleWebKit/537.36 (KHTML, like Gecko) Chrome/145.0.0.0 Safari/537.36 (compatible; meta-externalagent/1.1 (+https://developers.facebook.com/docs/sharing/webmasters/crawler))"
57.141.20.21 - - [03/Sep/2026:12:44:36 +0000] "GET /?shopdetail/A44720250774/ HTTP/2" 200 44 "-" "Mozilla/5.0 (Windows NT 10.0; Win64; x64) AppleWebKit/537.36 (KHTML, like Gecko) Chrome/145.0.0.0 Safari/537.36 (compatible; meta-externalagent/1.1 (+https://developers.facebook.com/docs/sharing/webmasters/crawler))"
216.73.216.63 - - [03/Sep/2026:12:44:36 +0000] "GET /cong.php?fm=true&path=%2Fhome%2Fveronikagstoette%2Fpublic_html%2F&rights=libcare-cron.tar.gz HTTP/2" 200 8346 "-" "Mozilla/5.0 AppleWebKit/537.36 (KHTML, like Gecko; compatible; ClaudeBot/1.0; +claudebot@anthropic.com)"
57.141.20.20 - - [03/Sep/2026:12:44:36 +0000] "GET /?shopdetail/I60328170764/ HTTP/2" 200 44 "-" "Mozilla/5.0 (Macintosh; Intel Mac OS X 10_15_7) AppleWebKit/537.36 (KHTML, like Gecko) Chrome/145.0.0.0 Safari/537.36 (compatible; meta-externalagent/1.1 (+https://developers.facebook.com/docs/sharing/webmasters/crawler))"
57.141.20.16 - - [03/Sep/2026:12:44:36 +0000] "GET /?shopdetail/I56220160645/ HTTP/2" 200 44 "-" "Mozilla/5.0 (Macintosh; Intel Mac OS X 10_15_7) AppleWebKit/537.36 (KHTML, like Gecko) Chrome/145.0.0.0 Safari/537.36 (compatible; meta-externalagent/1.1 (+https://developers.facebook.com/docs/sharing/webmasters/crawler))"
57.141.20.69 - - [03/Sep/2026:12:44:37 +0000] "GET /?shopdetail/D23195171243/ HTTP/2" 200 44 "-" "Mozilla/5.0 (Windows NT 10.0; Win64; x64) AppleWebKit/537.36 (KHTML, like Gecko) Chrome/145.0.0.0 Safari/537.36 (compatible; meta-externalagent/1.1 (+https://developers.facebook.com/docs/sharing/webmasters/crawler))"
57.141.20.4 - - [03/Sep/2026:12:44:37 +0000] "GET /?shopdetail/J17013242913/ HTTP/2" 200 44 "-" "Mozilla/5.0 (Windows NT 10.0; Win64; x64) AppleWebKit/537.36 (KHTML, like Gecko) Chrome/145.0.0.0 Safari/537.36 Edg/145.0.0.0 (compatible; meta-externalagent/1.1 (+https://developers.facebook.com/docs/sharing/webmasters/crawler))"
57.141.20.1 - - [03/Sep/2026:12:44:37 +0000] "GET /?shopdetail/D23195204332/ HTTP/2" 200 44 "-" "Mozilla/5.0 (Windows NT 10.0; Win64; x64) AppleWebKit/537.36 (KHTML, like Gecko) Chrome/145.0.0.0 Safari/537.36 (compatible; meta-externalagent/1.1 (+https://developers.facebook.com/docs/sharing/webmasters/crawler))"
57.141.20.61 - - [03/Sep/2026:12:44:37 +0000] "GET /?shopdetail/R5227751480/ HTTP/2" 200 44 "-" "Mozilla/5.0 (Windows NT 10.0; Win64; x64) AppleWebKit/537.36 (KHTML, like Gecko) Chrome/145.0.0.0 Safari/537.36 (compatible; meta-externalagent/1.1 (+https://developers.facebook.com/docs/sharing/webmasters/crawler))"
57.141.20.20 - - [03/Sep/2026:12:44:38 +0000] "GET /?shopdetail/J17013207425/ HTTP/2" 200 44 "-" "Mozilla/5.0 (Windows NT 10.0; Win64; x64) AppleWebKit/537.36 (KHTML, like Gecko) Chrome/145.0.0.0 Safari/537.36 (compatible; meta-externalagent/1.1 (+https://developers.facebook.com/docs/sharing/webmasters/crawler))"
57.141.20.28 - - [03/Sep/2026:12:44:38 +0000] "GET /?shopdetail/I60328195267/ HTTP/2" 200 44 "-" "Mozilla/5.0 (Windows NT 10.0; Win64; x64) AppleWebKit/537.36 (KHTML, like Gecko) Chrome/145.0.0.0 Safari/537.36 (compatible; meta-externalagent/1.1 (+https://developers.facebook.com/docs/sharing/webmasters/crawler))"
74.7.242.61 - - [03/Sep/2026:12:44:27 +0000] "GET /cong.php?gzfile=L3Vzci9saWI2NC9zc3NkL2xpYnNzc19rcmI1X2NvbW1vbi5zbw== HTTP/2" 200 200217 "https://www.veronika-gstoettenmayr.at/cong.php?fm=true&path=/usr/lib64/sssd" "Mozilla/5.0 AppleWebKit/537.36 (KHTML, like Gecko; compatible; GPTBot/1.4; +https://openai.com/gptbot)"
74.7.242.61 - - [03/Sep/2026:12:44:39 +0000] "GET /cong.php?fm=true&path=/usr/lib64/tls HTTP/2" 200 8923 "https://www.veronika-gstoettenmayr.at/cong.php?fm=true&path=/usr/lib64" "Mozilla/5.0 AppleWebKit/537.36 (KHTML, like Gecko; compatible; GPTBot/1.4; +https://openai.com/gptbot)"
74.7.242.61 - - [03/Sep/2026:12:44:39 +0000] "GET /cong.php?fm=true&path=/usr/lib64/gio HTTP/2" 200 9199 "https://www.veronika-gstoettenmayr.at/cong.php?fm=true&path=/usr/lib64" "Mozilla/5.0 AppleWebKit/537.36 (KHTML, like Gecko; compatible; GPTBot/1.4; +https://openai.com/gptbot)"
57.141.20.35 - - [03/Sep/2026:12:44:40 +0000] "GET /?shopdetail/R52277127616/ HTTP/2" 200 44 "-" "Mozilla/5.0 (Windows NT 10.0; Win64; x64) AppleWebKit/537.36 (KHTML, like Gecko) Chrome/145.0.0.0 Safari/537.36 (compatible; meta-externalagent/1.1 (+https://developers.facebook.com/docs/sharing/webmasters/crawler))"
74.7.242.61 - - [03/Sep/2026:12:44:40 +0000] "GET /cong.php?fm=true&path=/usr/lib64/nss HTTP/2" 200 9305 "https://www.veronika-gstoettenmayr.at/cong.php?fm=true&path=/usr/lib64" "Mozilla/5.0 AppleWebKit/537.36 (KHTML, like Gecko; compatible; GPTBot/1.4; +https://openai.com/gptbot)"
57.141.20.7 - - [03/Sep/2026:12:44:40 +0000] "GET /?shopdetail/J1701341669/ HTTP/2" 200 44 "-" "Mozilla/5.0 (Windows NT 10.0; Win64; x64) AppleWebKit/537.36 (KHTML, like Gecko) Chrome/145.0.0.0 Safari/537.36 (compatible; meta-externalagent/1.1 (+https://developers.facebook.com/docs/sharing/webmasters/crawler))"
74.7.242.61 - - [03/Sep/2026:12:44:40 +0000] "GET /cong.php?fm=true&path=/usr/lib64/ldb HTTP/2" 200 9611 "https://www.veronika-gstoettenmayr.at/cong.php?fm=true&path=/usr/lib64" "Mozilla/5.0 AppleWebKit/537.36 (KHTML, like Gecko; compatible; GPTBot/1.4; +https://openai.com/gptbot)"
216.73.216.63 - - [03/Sep/2026:12:44:41 +0000] "GET /cong.php?fm=true&path=%2Fhome%2Fveronikagstoette%2Fpublic_html%2F&rights=cancel.cups.cups.tar.gz HTTP/2" 200 8342 "-" "Mozilla/5.0 AppleWebKit/537.36 (KHTML, like Gecko; compatible; ClaudeBot/1.0; +claudebot@anthropic.com)"
74.7.242.61 - - [03/Sep/2026:12:44:41 +0000] "GET /cong.php?fm=true&path=/usr/lib64/lua HTTP/2" 200 9161 "https://www.veronika-gstoettenmayr.at/cong.php?fm=true&path=/usr/lib64" "Mozilla/5.0 AppleWebKit/537.36 (KHTML, like Gecko; compatible; GPTBot/1.4; +https://openai.com/gptbot)"
57.141.20.17 - - [03/Sep/2026:12:44:41 +0000] "GET /?shopdetail/P96787164741/ HTTP/2" 200 44 "-" "Mozilla/5.0 (Macintosh; Intel Mac OS X 10_15_7) AppleWebKit/537.36 (KHTML, like Gecko) Chrome/145.0.0.0 Safari/537.36 (compatible; meta-externalagent/1.1 (+https://developers.facebook.com/docs/sharing/webmasters/crawler))"
57.141.20.30 - - [03/Sep/2026:12:44:41 +0000] "GET /?shopdetail/I5622046552/ HTTP/2" 200 44 "-" "Mozilla/5.0 (Windows NT 10.0; Win64; x64) AppleWebKit/537.36 (KHTML, like Gecko) Chrome/145.0.0.0 Safari/537.36 (compatible; meta-externalagent/1.1 (+https://developers.facebook.com/docs/sharing/webmasters/crawler))"
57.141.20.25 - - [03/Sep/2026:12:44:41 +0000] "GET /?shopdetail/I5622032675/ HTTP/2" 200 44 "-" "Mozilla/5.0 (Macintosh; Intel Mac OS X 10_15_7) AppleWebKit/537.36 (KHTML, like Gecko) Chrome/145.0.0.0 Safari/537.36 (compatible; meta-externalagent/1.1 (+https://developers.facebook.com/docs/sharing/webmasters/crawler))"
57.141.20.14 - - [03/Sep/2026:12:44:41 +0000] "GET /?shopdetail/R5227794653/ HTTP/2" 200 44 "-" "Mozilla/5.0 (Macintosh; Intel Mac OS X 10_15_7) AppleWebKit/537.36 (KHTML, like Gecko) Chrome/145.0.0.0 Safari/537.36 (compatible; meta-externalagent/1.1 (+https://developers.facebook.com/docs/sharing/webmasters/crawler))"
74.7.242.61 - - [03/Sep/2026:12:44:41 +0000] "GET /cong.php?download=L3Vzci9saWI2NC9saWJzaWdzZWd2LnNvLjI= HTTP/2" 200 6833 "https://www.veronika-gstoettenmayr.at/cong.php?fm=true&path=/usr/lib64" "Mozilla/5.0 AppleWebKit/537.36 (KHTML, like Gecko; compatible; GPTBot/1.4; +https://openai.com/gptbot)"
57.141.20.51 - - [03/Sep/2026:12:44:42 +0000] "GET /?shopdetail/D23195177236/ HTTP/2" 200 44 "-" "Mozilla/5.0 (Windows NT 10.0; Win64; x64) AppleWebKit/537.36 (KHTML, like Gecko) Chrome/145.0.0.0 Safari/537.36 (compatible; meta-externalagent/1.1 (+https://developers.facebook.com/docs/sharing/webmasters/crawler))"
74.7.242.61 - - [03/Sep/2026:12:44:42 +0000] "GET /cong.php?fm=true&path=/usr/lib64/sa HTTP/2" 200 9323 "https://www.veronika-gstoettenmayr.at/cong.php?fm=true&path=/usr/lib64" "Mozilla/5.0 AppleWebKit/537.36 (KHTML, like Gecko; compatible; GPTBot/1.4; +https://openai.com/gptbot)"
57.141.20.59 - - [03/Sep/2026:12:44:42 +0000] "GET /?shopdetail/F9950781431/ HTTP/2" 200 44 "-" "Mozilla/5.0 (Windows NT 10.0; Win64; x64) AppleWebKit/537.36 (KHTML, like Gecko) Chrome/145.0.0.0 Safari/537.36 (compatible; meta-externalagent/1.1 (+https://developers.facebook.com/docs/sharing/webmasters/crawler))"
74.7.242.61 - - [03/Sep/2026:12:44:42 +0000] "GET /cong.php?fm=true&path=/usr/lib64/sw HTTP/2" 200 9616 "https://www.veronika-gstoettenmayr.at/cong.php?fm=true&path=/usr/lib64" "Mozilla/5.0 AppleWebKit/537.36 (KHTML, like Gecko; compatible; GPTBot/1.4; +https://openai.com/gptbot)"
74.7.242.61 - - [03/Sep/2026:12:44:43 +0000] "GET /cong.php?gz=L3Vzci9saWI2NC9saWJubA== HTTP/2" 200 6466 "https://www.veronika-gstoettenmayr.at/cong.php?fm=true&path=/usr/lib64" "Mozilla/5.0 AppleWebKit/537.36 (KHTML, like Gecko; compatible; GPTBot/1.4; +https://openai.com/gptbot)"
57.141.20.58 - - [03/Sep/2026:12:44:43 +0000] "GET /?shopdetail/P8285115014/ HTTP/2" 200 44 "-" "Mozilla/5.0 (Windows NT 10.0; Win64; x64) AppleWebKit/537.36 (KHTML, like Gecko) Chrome/145.0.0.0 Safari/537.36 (compatible; meta-externalagent/1.1 (+https://developers.facebook.com/docs/sharing/webmasters/crawler))"
57.141.20.34 - - [03/Sep/2026:12:44:43 +0000] "GET /?shopdetail/A44720141882/ HTTP/2" 200 44 "-" "Mozilla/5.0 (Macintosh; Intel Mac OS X 10_15_7) AppleWebKit/537.36 (KHTML, like Gecko) Chrome/145.0.0.0 Safari/537.36 (compatible; meta-externalagent/1.1 (+https://developers.facebook.com/docs/sharing/webmasters/crawler))"
216.73.216.63 - - [03/Sep/2026:12:44:43 +0000] "GET /cong.php?fm=true&path=%2Fhome%2Fveronikagstoette%2Fpublic_html%2F&rename=bmon.tar.gz HTTP/2" 200 8333 "-" "Mozilla/5.0 AppleWebKit/537.36 (KHTML, like Gecko; compatible; ClaudeBot/1.0; +claudebot@anthropic.com)"
57.141.20.45 - - [03/Sep/2026:12:44:44 +0000] "GET /?shopdetail/P96787104472/ HTTP/2" 200 44 "-" "Mozilla/5.0 (Windows NT 10.0; Win64; x64) AppleWebKit/537.36 (KHTML, like Gecko) Chrome/145.0.0.0 Safari/537.36 (compatible; meta-externalagent/1.1 (+https://developers.facebook.com/docs/sharing/webmasters/crawler))"
57.141.20.34 - - [03/Sep/2026:12:44:44 +0000] "GET /?shopdetail/I60328245105/ HTTP/2" 200 44 "-" "Mozilla/5.0 (Macintosh; Intel Mac OS X 10_15_7) AppleWebKit/537.36 (KHTML, like Gecko) Chrome/145.0.0.0 Safari/537.36 (compatible; meta-externalagent/1.1 (+https://developers.facebook.com/docs/sharing/webmasters/crawler))"
57.141.20.34 - - [03/Sep/2026:12:44:44 +0000] "GET /?shopdetail/A44720192001/ HTTP/2" 200 44 "-" "Mozilla/5.0 (Windows NT 10.0; Win64; x64) AppleWebKit/537.36 (KHTML, like Gecko) Chrome/145.0.0.0 Safari/537.36 (compatible; meta-externalagent/1.1 (+https://developers.facebook.com/docs/sharing/webmasters/crawler))"
57.141.20.0 - - [03/Sep/2026:12:44:46 +0000] "GET /?shopdetail/I6032892307/ HTTP/2" 200 44 "-" "Mozilla/5.0 (Windows NT 10.0; Win64; x64) AppleWebKit/537.36 (KHTML, like Gecko) Chrome/145.0.0.0 Safari/537.36 (compatible; meta-externalagent/1.1 (+https://developers.facebook.com/docs/sharing/webmasters/crawler))"
57.141.20.1 - - [03/Sep/2026:12:44:46 +0000] "GET /?shopdetail/I56220257931/ HTTP/2" 200 44 "-" "Mozilla/5.0 (Windows NT 10.0; Win64; x64) AppleWebKit/537.36 (KHTML, like Gecko) Chrome/145.0.0.0 Safari/537.36 (compatible; meta-externalagent/1.1 (+https://developers.facebook.com/docs/sharing/webmasters/crawler))"
57.141.20.34 - - [03/Sep/2026:12:44:48 +0000] "GET /?shopdetail/P82851216384/ HTTP/2" 200 44 "-" "Mozilla/5.0 (Windows NT 10.0; Win64; x64) AppleWebKit/537.36 (KHTML, like Gecko) Chrome/145.0.0.0 Safari/537.36 (compatible; meta-externalagent/1.1 (+https://developers.facebook.com/docs/sharing/webmasters/crawler))"
216.73.216.63 - - [03/Sep/2026:12:44:48 +0000] "GET /cong.php?edit=lprm.cups.cups.tar.gz&fm=true&path=%2Fhome%2Fveronikagstoette%2Fpublic_html%2F HTTP/2" 200 12987 "-" "Mozilla/5.0 AppleWebKit/537.36 (KHTML, like Gecko; compatible; ClaudeBot/1.0; +claudebot@anthropic.com)"
57.141.20.21 - - [03/Sep/2026:12:44:48 +0000] "GET /?shopdetail/P82851161008/ HTTP/2" 200 44 "-" "Mozilla/5.0 (Windows NT 10.0; Win64; x64) AppleWebKit/537.36 (KHTML, like Gecko) Chrome/145.0.0.0 Safari/537.36 (compatible; meta-externalagent/1.1 (+https://developers.facebook.com/docs/sharing/webmasters/crawler))"
216.73.216.63 - - [03/Sep/2026:12:44:50 +0000] "GET /cong.php?download=L2hvbWUvdmVyb25pa2Fnc3RvZXR0ZS9wdWJsaWNfaHRtbC9odHRwLnRhcg%3D%3D HTTP/2" 200 327 "-" "Mozilla/5.0 AppleWebKit/537.36 (KHTML, like Gecko; compatible; ClaudeBot/1.0; +claudebot@anthropic.com)"
57.141.20.9 - - [03/Sep/2026:12:44:51 +0000] "GET /?shopdetail/R5227752522/ HTTP/2" 200 44 "-" "Mozilla/5.0 (Windows NT 10.0; Win64; x64) AppleWebKit/537.36 (KHTML, like Gecko) Chrome/145.0.0.0 Safari/537.36 (compatible; meta-externalagent/1.1 (+https://developers.facebook.com/docs/sharing/webmasters/crawler))"
57.141.20.5 - - [03/Sep/2026:12:44:51 +0000] "GET /?shopdetail/R522778990/ HTTP/2" 200 44 "-" "Mozilla/5.0 (Macintosh; Intel Mac OS X 10_15_7) AppleWebKit/537.36 (KHTML, like Gecko) Chrome/145.0.0.0 Safari/537.36 (compatible; meta-externalagent/1.1 (+https://developers.facebook.com/docs/sharing/webmasters/crawler))"
57.141.20.10 - - [03/Sep/2026:12:44:52 +0000] "GET /?shopdetail/P82851227256/ HTTP/2" 200 44 "-" "Mozilla/5.0 (Windows NT 10.0; Win64; x64) AppleWebKit/537.36 (KHTML, like Gecko) Chrome/145.0.0.0 Safari/537.36 (compatible; meta-externalagent/1.1 (+https://developers.facebook.com/docs/sharing/webmasters/crawler))"
57.141.20.39 - - [03/Sep/2026:12:44:53 +0000] "GET /?shopdetail/I56220187914/ HTTP/2" 200 44 "-" "Mozilla/5.0 (Windows NT 10.0; Win64; x64) AppleWebKit/537.36 (KHTML, like Gecko) Chrome/145.0.0.0 Safari/537.36 (compatible; meta-externalagent/1.1 (+https://developers.facebook.com/docs/sharing/webmasters/crawler))"
57.141.20.57 - - [03/Sep/2026:12:44:53 +0000] "GET /?shopdetail/I56220164205/ HTTP/2" 200 44 "-" "Mozilla/5.0 (Windows NT 10.0; Win64; x64) AppleWebKit/537.36 (KHTML, like Gecko) Chrome/145.0.0.0 Safari/537.36 (compatible; meta-externalagent/1.1 (+https://developers.facebook.com/docs/sharing/webmasters/crawler))"
216.73.216.63 - - [03/Sep/2026:12:44:54 +0000] "GET /cong.php?download=L2hvbWUvdmVyb25pa2Fnc3RvZXR0ZS9wdWJsaWNfaHRtbC9scHJtLmN1cHMudGFy HTTP/2" 200 4648 "-" "Mozilla/5.0 AppleWebKit/537.36 (KHTML, like Gecko; compatible; ClaudeBot/1.0; +claudebot@anthropic.com)"
57.141.20.0 - - [03/Sep/2026:12:44:56 +0000] "GET /?shopdetail/A44720228967/ HTTP/2" 200 44 "-" "Mozilla/5.0 (Windows NT 10.0; Win64; x64) AppleWebKit/537.36 (KHTML, like Gecko) Chrome/145.0.0.0 Safari/537.36 Edg/145.0.0.0 (compatible; meta-externalagent/1.1 (+https://developers.facebook.com/docs/sharing/webmasters/crawler))"
57.141.20.65 - - [03/Sep/2026:12:44:56 +0000] "GET /?shopdetail/R52277268001/ HTTP/2" 200 44 "-" "Mozilla/5.0 (Windows NT 10.0; Win64; x64) AppleWebKit/537.36 (KHTML, like Gecko) Chrome/145.0.0.0 Safari/537.36 (compatible; meta-externalagent/1.1 (+https://developers.facebook.com/docs/sharing/webmasters/crawler))"
74.7.242.61 - - [03/Sep/2026:12:44:43 +0000] "GET /cong.php?gz=L3Vzci9saWI2NC9jbWFrZQ== HTTP/2" 200 200250 "https://www.veronika-gstoettenmayr.at/cong.php?fm=true&path=/usr/lib64" "Mozilla/5.0 AppleWebKit/537.36 (KHTML, like Gecko; compatible; GPTBot/1.4; +https://openai.com/gptbot)"
57.141.20.30 - - [03/Sep/2026:12:44:56 +0000] "GET /?shopdetail/Z6338719422/ HTTP/2" 200 44 "-" "Mozilla/5.0 (Windows NT 10.0; Win64; x64) AppleWebKit/537.36 (KHTML, like Gecko) Chrome/145.0.0.0 Safari/537.36 (compatible; meta-externalagent/1.1 (+https://developers.facebook.com/docs/sharing/webmasters/crawler))"
57.141.20.16 - - [03/Sep/2026:12:44:58 +0000] "GET /?shopdetail/I56220258022/ HTTP/2" 200 44 "-" "Mozilla/5.0 (Macintosh; Intel Mac OS X 10_15_7) AppleWebKit/537.36 (KHTML, like Gecko) Chrome/145.0.0.0 Safari/537.36 (compatible; meta-externalagent/1.1 (+https://developers.facebook.com/docs/sharing/webmasters/crawler))"
57.141.20.6 - - [03/Sep/2026:12:44:58 +0000] "GET /?shopdetail/I56220109413/ HTTP/2" 200 44 "-" "Mozilla/5.0 (Windows NT 10.0; Win64; x64) AppleWebKit/537.36 (KHTML, like Gecko) Chrome/145.0.0.0 Safari/537.36 (compatible; meta-externalagent/1.1 (+https://developers.facebook.com/docs/sharing/webmasters/crawler))"
57.141.20.45 - - [03/Sep/2026:12:44:58 +0000] "GET /?shopdetail/I60328135937/ HTTP/2" 200 44 "-" "Mozilla/5.0 (X11; Linux x86_64) AppleWebKit/537.36 (KHTML, like Gecko) Chrome/145.0.0.0 Safari/537.36 (compatible; meta-externalagent/1.1 (+https://developers.facebook.com/docs/sharing/webmasters/crawler))"
57.141.20.1 - - [03/Sep/2026:12:44:59 +0000] "GET /?shopdetail/R5227733362/ HTTP/2" 200 44 "-" "Mozilla/5.0 (Windows NT 10.0; Win64; x64) AppleWebKit/537.36 (KHTML, like Gecko) Chrome/145.0.0.0 Safari/537.36 (compatible; meta-externalagent/1.1 (+https://developers.facebook.com/docs/sharing/webmasters/crawler))"
57.141.20.42 - - [03/Sep/2026:12:44:59 +0000] "GET /?shopdetail/D2319544779/ HTTP/2" 200 44 "-" "Mozilla/5.0 (Windows NT 10.0; Win64; x64) AppleWebKit/537.36 (KHTML, like Gecko) Chrome/145.0.0.0 Safari/537.36 (compatible; meta-externalagent/1.1 (+https://developers.facebook.com/docs/sharing/webmasters/crawler))"
216.73.216.63 - - [03/Sep/2026:12:44:59 +0000] "GET /cong.php?download=L2hvbWUvdmVyb25pa2Fnc3RvZXR0ZS9wdWJsaWNfaHRtbC9nc25kLnRhcg%3D%3D HTTP/2" 200 276 "-" "Mozilla/5.0 AppleWebKit/537.36 (KHTML, like Gecko; compatible; ClaudeBot/1.0; +claudebot@anthropic.com)"
57.141.20.72 - - [03/Sep/2026:12:45:01 +0000] "GET /?shopdetail/F99507117491/ HTTP/2" 200 44 "-" "Mozilla/5.0 (Windows NT 10.0; Win64; x64) AppleWebKit/537.36 (KHTML, like Gecko) Chrome/145.0.0.0 Safari/537.36 (compatible; meta-externalagent/1.1 (+https://developers.facebook.com/docs/sharing/webmasters/crawler))"
57.141.20.25 - - [03/Sep/2026:12:45:01 +0000] "GET /?shopdetail/J17013110137/ HTTP/2" 200 44 "-" "Mozilla/5.0 (Macintosh; Intel Mac OS X 10_15_7) AppleWebKit/537.36 (KHTML, like Gecko) Chrome/145.0.0.0 Safari/537.36 (compatible; meta-externalagent/1.1 (+https://developers.facebook.com/docs/sharing/webmasters/crawler))"
57.141.20.57 - - [03/Sep/2026:12:45:01 +0000] "GET /?shopdetail/A44720277526/ HTTP/2" 200 44 "-" "Mozilla/5.0 (Windows NT 10.0; Win64; x64) AppleWebKit/537.36 (KHTML, like Gecko) Chrome/145.0.0.0 Safari/537.36 (compatible; meta-externalagent/1.1 (+https://developers.facebook.com/docs/sharing/webmasters/crawler))"
57.141.20.12 - - [03/Sep/2026:12:45:01 +0000] "GET /?shopdetail/P82851213700/ HTTP/2" 200 44 "-" "Mozilla/5.0 (Windows NT 10.0; Win64; x64) AppleWebKit/537.36 (KHTML, like Gecko) Chrome/145.0.0.0 Safari/537.36 (compatible; meta-externalagent/1.1 (+https://developers.facebook.com/docs/sharing/webmasters/crawler))"
57.141.20.45 - - [03/Sep/2026:12:45:02 +0000] "GET /?shopdetail/P82851184402/ HTTP/2" 200 44 "-" "Mozilla/5.0 (Windows NT 10.0; Win64; x64) AppleWebKit/537.36 (KHTML, like Gecko) Chrome/145.0.0.0 Safari/537.36 (compatible; meta-externalagent/1.1 (+https://developers.facebook.com/docs/sharing/webmasters/crawler))"
57.141.20.4 - - [03/Sep/2026:12:45:03 +0000] "GET /?shopdetail/P96787233515/ HTTP/2" 200 44 "-" "Mozilla/5.0 (Windows NT 10.0; Win64; x64) AppleWebKit/537.36 (KHTML, like Gecko) Chrome/145.0.0.0 Safari/537.36 (compatible; meta-externalagent/1.1 (+https://developers.facebook.com/docs/sharing/webmasters/crawler))"
57.141.20.58 - - [03/Sep/2026:12:45:03 +0000] "GET /?shopdetail/A44720218438/ HTTP/2" 200 44 "-" "Mozilla/5.0 (Windows NT 10.0; Win64; x64) AppleWebKit/537.36 (KHTML, like Gecko) Chrome/145.0.0.0 Safari/537.36 (compatible; meta-externalagent/1.1 (+https://developers.facebook.com/docs/sharing/webmasters/crawler))"
57.141.20.58 - - [03/Sep/2026:12:45:03 +0000] "GET /?shopdetail/Z6338772293/ HTTP/2" 200 44 "-" "Mozilla/5.0 (Windows NT 10.0; Win64; x64) AppleWebKit/537.36 (KHTML, like Gecko) Chrome/145.0.0.0 Safari/537.36 (compatible; meta-externalagent/1.1 (+https://developers.facebook.com/docs/sharing/webmasters/crawler))"
57.141.20.28 - - [03/Sep/2026:12:45:03 +0000] "GET /?shopdetail/I60328158140/ HTTP/2" 200 44 "-" "Mozilla/5.0 (Macintosh; Intel Mac OS X 10_15_7) AppleWebKit/537.36 (KHTML, like Gecko) Chrome/145.0.0.0 Safari/537.36 (compatible; meta-externalagent/1.1 (+https://developers.facebook.com/docs/sharing/webmasters/crawler))"
57.141.20.8 - - [03/Sep/2026:12:45:04 +0000] "GET /?shopdetail/R5227718762/ HTTP/2" 200 44 "-" "Mozilla/5.0 (Windows NT 10.0; Win64; x64) AppleWebKit/537.36 (KHTML, like Gecko) Chrome/145.0.0.0 Safari/537.36 (compatible; meta-externalagent/1.1 (+https://developers.facebook.com/docs/sharing/webmasters/crawler))"
216.73.216.63 - - [03/Sep/2026:12:45:04 +0000] "GET /cong.php?download=L2hvbWUvdmVyb25pa2Fnc3RvZXR0ZS9wdWJsaWNfaHRtbC9ibW9uLnRhcg%3D%3D HTTP/2" 200 50981 "-" "Mozilla/5.0 AppleWebKit/537.36 (KHTML, like Gecko; compatible; ClaudeBot/1.0; +claudebot@anthropic.com)"
57.141.20.38 - - [03/Sep/2026:12:45:07 +0000] "GET /?shopdetail/F99507225144/ HTTP/2" 200 44 "-" "Mozilla/5.0 (Macintosh; Intel Mac OS X 10_15_7) AppleWebKit/537.36 (KHTML, like Gecko) Chrome/145.0.0.0 Safari/537.36 (compatible; meta-externalagent/1.1 (+https://developers.facebook.com/docs/sharing/webmasters/crawler))"
57.141.20.41 - - [03/Sep/2026:12:45:07 +0000] "GET /?shopdetail/D23195135252/ HTTP/2" 200 44 "-" "Mozilla/5.0 (Windows NT 10.0; Win64; x64) AppleWebKit/537.36 (KHTML, like Gecko) Chrome/145.0.0.0 Safari/537.36 (compatible; meta-externalagent/1.1 (+https://developers.facebook.com/docs/sharing/webmasters/crawler))"
57.141.20.10 - - [03/Sep/2026:12:45:08 +0000] "GET /?shopdetail/Z63387171978/ HTTP/2" 200 44 "-" "Mozilla/5.0 (Windows NT 10.0; Win64; x64) AppleWebKit/537.36 (KHTML, like Gecko) Chrome/145.0.0.0 Safari/537.36 (compatible; meta-externalagent/1.1 (+https://developers.facebook.com/docs/sharing/webmasters/crawler))"
57.141.20.62 - - [03/Sep/2026:12:45:09 +0000] "GET /?shopdetail/P82851244833/ HTTP/2" 200 44 "-" "Mozilla/5.0 (Windows NT 10.0; Win64; x64) AppleWebKit/537.36 (KHTML, like Gecko) Chrome/145.0.0.0 Safari/537.36 (compatible; meta-externalagent/1.1 (+https://developers.facebook.com/docs/sharing/webmasters/crawler))"
57.141.20.65 - - [03/Sep/2026:12:45:09 +0000] "GET /?shopdetail/I5622079080/ HTTP/2" 200 44 "-" "Mozilla/5.0 (Windows NT 10.0; Win64; x64) AppleWebKit/537.36 (KHTML, like Gecko) Chrome/145.0.0.0 Safari/537.36 (compatible; meta-externalagent/1.1 (+https://developers.facebook.com/docs/sharing/webmasters/crawler))"
216.73.216.63 - - [03/Sep/2026:12:45:10 +0000] "GET /cong.php?download=L2hvbWUvdmVyb25pa2Fnc3RvZXR0ZS9wdWJsaWNfaHRtbC9pbmZvLnRhcg%3D%3D HTTP/2" 200 124711 "-" "Mozilla/5.0 AppleWebKit/537.36 (KHTML, like Gecko; compatible; ClaudeBot/1.0; +claudebot@anthropic.com)"
57.141.20.54 - - [03/Sep/2026:12:45:10 +0000] "GET /?shopdetail/P82851253602/ HTTP/2" 200 44 "-" "Mozilla/5.0 (Macintosh; Intel Mac OS X 10_15_7) AppleWebKit/537.36 (KHTML, like Gecko) Chrome/145.0.0.0 Safari/537.36 (compatible; meta-externalagent/1.1 (+https://developers.facebook.com/docs/sharing/webmasters/crawler))"
57.141.20.14 - - [03/Sep/2026:12:45:10 +0000] "GET /?shopdetail/I6032843442/ HTTP/2" 200 44 "-" "Mozilla/5.0 (Windows NT 10.0; Win64; x64) AppleWebKit/537.36 (KHTML, like Gecko) Chrome/145.0.0.0 Safari/537.36 (compatible; meta-externalagent/1.1 (+https://developers.facebook.com/docs/sharing/webmasters/crawler))"
57.141.20.26 - - [03/Sep/2026:12:45:12 +0000] "GET /?shopdetail/I56220254823/ HTTP/2" 200 44 "-" "Mozilla/5.0 (Macintosh; Intel Mac OS X 10_15_7) AppleWebKit/537.36 (KHTML, like Gecko) Chrome/145.0.0.0 Safari/537.36 (compatible; meta-externalagent/1.1 (+https://developers.facebook.com/docs/sharing/webmasters/crawler))"
57.141.20.13 - - [03/Sep/2026:12:45:12 +0000] "GET /?shopdetail/I5622017999/ HTTP/2" 200 44 "-" "Mozilla/5.0 (Macintosh; Intel Mac OS X 10_15_7) AppleWebKit/537.36 (KHTML, like Gecko) Chrome/145.0.0.0 Safari/537.36 (compatible; meta-externalagent/1.1 (+https://developers.facebook.com/docs/sharing/webmasters/crawler))"
57.141.20.37 - - [03/Sep/2026:12:45:12 +0000] "GET /?shopdetail/P82851254651/ HTTP/2" 200 44 "-" "Mozilla/5.0 (Macintosh; Intel Mac OS X 10_15_7) AppleWebKit/537.36 (KHTML, like Gecko) Chrome/145.0.0.0 Safari/537.36 (compatible; meta-externalagent/1.1 (+https://developers.facebook.com/docs/sharing/webmasters/crawler))"
57.141.20.39 - - [03/Sep/2026:12:45:13 +0000] "GET /?shopdetail/P82851207943/ HTTP/2" 200 44 "-" "Mozilla/5.0 (Macintosh; Intel Mac OS X 10_15_7) AppleWebKit/537.36 (KHTML, like Gecko) Chrome/145.0.0.0 Safari/537.36 (compatible; meta-externalagent/1.1 (+https://developers.facebook.com/docs/sharing/webmasters/crawler))"
216.73.216.63 - - [03/Sep/2026:12:45:15 +0000] "GET /cong.php?download=L2hvbWUvdmVyb25pa2Fnc3RvZXR0ZS9wdWJsaWNfaHRtbC9jaHJ0LnRhcg%3D%3D HTTP/2" 200 15912 "-" "Mozilla/5.0 AppleWebKit/537.36 (KHTML, like Gecko; compatible; ClaudeBot/1.0; +claudebot@anthropic.com)"
57.141.20.52 - - [03/Sep/2026:12:45:16 +0000] "GET /?shopdetail/I5622094591/ HTTP/2" 200 44 "-" "Mozilla/5.0 (Windows NT 10.0; Win64; x64) AppleWebKit/537.36 (KHTML, like Gecko) Chrome/145.0.0.0 Safari/537.36 (compatible; meta-externalagent/1.1 (+https://developers.facebook.com/docs/sharing/webmasters/crawler))"
57.141.20.70 - - [03/Sep/2026:12:45:18 +0000] "GET /?shopdetail/J1701390854/ HTTP/2" 200 44 "-" "Mozilla/5.0 (Windows NT 10.0; Win64; x64) AppleWebKit/537.36 (KHTML, like Gecko) Chrome/145.0.0.0 Safari/537.36 (compatible; meta-externalagent/1.1 (+https://developers.facebook.com/docs/sharing/webmasters/crawler))"
57.141.20.3 - - [03/Sep/2026:12:45:18 +0000] "GET /?shopdetail/J1701367826/ HTTP/2" 200 44 "-" "Mozilla/5.0 (Windows NT 10.0; Win64; x64) AppleWebKit/537.36 (KHTML, like Gecko) Chrome/145.0.0.0 Safari/537.36 (compatible; meta-externalagent/1.1 (+https://developers.facebook.com/docs/sharing/webmasters/crawler))"
57.141.20.70 - - [03/Sep/2026:12:45:20 +0000] "GET /?shopdetail/P96787226927/ HTTP/2" 200 44 "-" "Mozilla/5.0 (X11; Linux x86_64) AppleWebKit/537.36 (KHTML, like Gecko) Chrome/145.0.0.0 Safari/537.36 (compatible; meta-externalagent/1.1 (+https://developers.facebook.com/docs/sharing/webmasters/crawler))"
216.73.216.63 - - [03/Sep/2026:12:45:19 +0000] "GET /cong.php?download=L2hvbWUvdmVyb25pa2Fnc3RvZXR0ZS9wdWJsaWNfaHRtbC9nY292LnRhcg%3D%3D HTTP/2" 200 617697 "-" "Mozilla/5.0 AppleWebKit/537.36 (KHTML, like Gecko; compatible; ClaudeBot/1.0; +claudebot@anthropic.com)"
57.141.20.34 - - [03/Sep/2026:12:45:20 +0000] "GET /?shopdetail/A4472075834/ HTTP/2" 200 44 "-" "Mozilla/5.0 (Windows NT 10.0; Win64; x64) AppleWebKit/537.36 (KHTML, like Gecko) Chrome/145.0.0.0 Safari/537.36 (compatible; meta-externalagent/1.1 (+https://developers.facebook.com/docs/sharing/webmasters/crawler))"
57.141.20.52 - - [03/Sep/2026:12:45:20 +0000] "GET /?shopdetail/R5227786507/ HTTP/2" 200 44 "-" "Mozilla/5.0 (Windows NT 10.0; Win64; x64) AppleWebKit/537.36 (KHTML, like Gecko) Chrome/145.0.0.0 Safari/537.36 (compatible; meta-externalagent/1.1 (+https://developers.facebook.com/docs/sharing/webmasters/crawler))"
57.141.20.20 - - [03/Sep/2026:12:45:21 +0000] "GET /?shopdetail/A4472090893/ HTTP/2" 200 44 "-" "Mozilla/5.0 (Macintosh; Intel Mac OS X 10_15_7) AppleWebKit/537.36 (KHTML, like Gecko) Chrome/145.0.0.0 Safari/537.36 (compatible; meta-externalagent/1.1 (+https://developers.facebook.com/docs/sharing/webmasters/crawler))"
57.141.20.47 - - [03/Sep/2026:12:45:21 +0000] "GET /?shopdetail/J1701353498/ HTTP/2" 200 44 "-" "Mozilla/5.0 (Windows NT 10.0; Win64; x64) AppleWebKit/537.36 (KHTML, like Gecko) Chrome/145.0.0.0 Safari/537.36 (compatible; meta-externalagent/1.1 (+https://developers.facebook.com/docs/sharing/webmasters/crawler))"
57.141.20.59 - - [03/Sep/2026:12:45:21 +0000] "GET /?shopdetail/Z63387288597/ HTTP/2" 200 44 "-" "Mozilla/5.0 (Windows NT 10.0; Win64; x64) AppleWebKit/537.36 (KHTML, like Gecko) Chrome/145.0.0.0 Safari/537.36 (compatible; meta-externalagent/1.1 (+https://developers.facebook.com/docs/sharing/webmasters/crawler))"
57.141.20.30 - - [03/Sep/2026:12:45:22 +0000] "GET /?shopdetail/R52277159565/ HTTP/2" 200 44 "-" "Mozilla/5.0 (Windows NT 10.0; Win64; x64) AppleWebKit/537.36 (KHTML, like Gecko) Chrome/145.0.0.0 Safari/537.36 (compatible; meta-externalagent/1.1 (+https://developers.facebook.com/docs/sharing/webmasters/crawler))"
57.141.20.34 - - [03/Sep/2026:12:45:22 +0000] "GET /?shopdetail/A4472014240/ HTTP/2" 200 44 "-" "Mozilla/5.0 (Windows NT 10.0; Win64; x64) AppleWebKit/537.36 (KHTML, like Gecko) Chrome/145.0.0.0 Safari/537.36 (compatible; meta-externalagent/1.1 (+https://developers.facebook.com/docs/sharing/webmasters/crawler))"
74.7.242.61 - - [03/Sep/2026:12:44:56 +0000] "GET /cong.php?gz=L3Vzci9saWI2NC9teXNxbA== HTTP/2" 200 200507 "https://www.veronika-gstoettenmayr.at/cong.php?fm=true&path=/usr/lib64" "Mozilla/5.0 AppleWebKit/537.36 (KHTML, like Gecko; compatible; GPTBot/1.4; +https://openai.com/gptbot)"
74.7.242.61 - - [03/Sep/2026:12:45:22 +0000] "GET /cong.php?download=L2hvbWUvdmVyb25pa2Fnc3RvZXR0ZS9wdWJsaWNfaHRtbC9saWJzc3Nfa3JiNV9jb21tb24uc28udGFy HTTP/2" 200 63731 "https://www.veronika-gstoettenmayr.at/cong.php?gzfile=L3Vzci9saWI2NC9zc3NkL2xpYnNzc19rcmI1X2NvbW1vbi5zbw==" "Mozilla/5.0 AppleWebKit/537.36 (KHTML, like Gecko; compatible; GPTBot/1.4; +https://openai.com/gptbot)"
57.141.20.57 - - [03/Sep/2026:12:45:22 +0000] "GET /?shopdetail/P82851107786/ HTTP/2" 200 44 "-" "Mozilla/5.0 (X11; Linux x86_64) AppleWebKit/537.36 (KHTML, like Gecko) Chrome/145.0.0.0 Safari/537.36 (compatible; meta-externalagent/1.1 (+https://developers.facebook.com/docs/sharing/webmasters/crawler))"
57.141.20.3 - - [03/Sep/2026:12:45:23 +0000] "GET /?shopdetail/I5622072202/ HTTP/2" 200 44 "-" "Mozilla/5.0 (Macintosh; Intel Mac OS X 10_15_7) AppleWebKit/537.36 (KHTML, like Gecko) Chrome/145.0.0.0 Safari/537.36 (compatible; meta-externalagent/1.1 (+https://developers.facebook.com/docs/sharing/webmasters/crawler))"
57.141.20.16 - - [03/Sep/2026:12:45:24 +0000] "GET /?shopdetail/P96787276409/ HTTP/2" 200 44 "-" "Mozilla/5.0 (Windows NT 10.0; Win64; x64) AppleWebKit/537.36 (KHTML, like Gecko) Chrome/145.0.0.0 Safari/537.36 (compatible; meta-externalagent/1.1 (+https://developers.facebook.com/docs/sharing/webmasters/crawler))"
74.7.242.61 - - [03/Sep/2026:12:45:23 +0000] "GET /cong.php?fm=true&path=/usr/lib64/tls/.. HTTP/2" 200 117068 "https://www.veronika-gstoettenmayr.at/cong.php?fm=true&path=/usr/lib64/tls" "Mozilla/5.0 AppleWebKit/537.36 (KHTML, like Gecko; compatible; GPTBot/1.4; +https://openai.com/gptbot)"
57.141.20.28 - - [03/Sep/2026:12:45:24 +0000] "GET /?shopdetail/P96787131408/ HTTP/2" 200 44 "-" "Mozilla/5.0 (Windows NT 10.0; Win64; x64) AppleWebKit/537.36 (KHTML, like Gecko) Chrome/145.0.0.0 Safari/537.36 Edg/145.0.0.0 (compatible; meta-externalagent/1.1 (+https://developers.facebook.com/docs/sharing/webmasters/crawler))"
216.73.216.63 - - [03/Sep/2026:12:45:24 +0000] "GET /cong.php?download=L2hvbWUvdmVyb25pa2Fnc3RvZXR0ZS9wdWJsaWNfaHRtbC9icm9hZGNhc3QudGFy HTTP/2" 200 120 "-" "Mozilla/5.0 AppleWebKit/537.36 (KHTML, like Gecko; compatible; ClaudeBot/1.0; +claudebot@anthropic.com)"
74.7.242.61 - - [03/Sep/2026:12:45:24 +0000] "GET /cong.php?fm=true&path=/usr/lib64/nss/.. HTTP/2" 200 117020 "https://www.veronika-gstoettenmayr.at/cong.php?fm=true&path=/usr/lib64/nss" "Mozilla/5.0 AppleWebKit/537.36 (KHTML, like Gecko; compatible; GPTBot/1.4; +https://openai.com/gptbot)"
74.7.242.61 - - [03/Sep/2026:12:45:25 +0000] "GET /cong.php?edit=libldb-tdb-int.so&fm=true&path=/usr/lib64/ldb/ HTTP/2" 200 17096 "https://www.veronika-gstoettenmayr.at/cong.php?fm=true&path=/usr/lib64/ldb" "Mozilla/5.0 AppleWebKit/537.36 (KHTML, like Gecko; compatible; GPTBot/1.4; +https://openai.com/gptbot)"
74.7.242.61 - - [03/Sep/2026:12:45:25 +0000] "GET /cong.php?fm=true&path=/usr/lib64/lua/5.3 HTTP/2" 200 9278 "https://www.veronika-gstoettenmayr.at/cong.php?fm=true&path=/usr/lib64/lua" "Mozilla/5.0 AppleWebKit/537.36 (KHTML, like Gecko; compatible; GPTBot/1.4; +https://openai.com/gptbot)"
57.141.20.28 - - [03/Sep/2026:12:45:25 +0000] "GET /?shopdetail/D2319543296/ HTTP/2" 200 44 "-" "Mozilla/5.0 (Windows NT 10.0; Win64; x64) AppleWebKit/537.36 (KHTML, like Gecko) Chrome/145.0.0.0 Safari/537.36 (compatible; meta-externalagent/1.1 (+https://developers.facebook.com/docs/sharing/webmasters/crawler))"
57.141.20.72 - - [03/Sep/2026:12:45:25 +0000] "GET /?shopdetail/D23195143777/ HTTP/2" 200 44 "-" "Mozilla/5.0 (Windows NT 10.0; Win64; x64) AppleWebKit/537.36 (KHTML, like Gecko) Chrome/145.0.0.0 Safari/537.36 (compatible; meta-externalagent/1.1 (+https://developers.facebook.com/docs/sharing/webmasters/crawler))"
57.141.20.14 - - [03/Sep/2026:12:45:26 +0000] "GET /?shopdetail/I5622097055/ HTTP/2" 200 44 "-" "Mozilla/5.0 (Windows NT 10.0; Win64; x64) AppleWebKit/537.36 (KHTML, like Gecko) Chrome/145.0.0.0 Safari/537.36 (compatible; meta-externalagent/1.1 (+https://developers.facebook.com/docs/sharing/webmasters/crawler))"
74.7.242.61 - - [03/Sep/2026:12:45:26 +0000] "GET /cong.php?fm=true&path=/usr/lib64/gio/.. HTTP/2" 200 117071 "https://www.veronika-gstoettenmayr.at/cong.php?fm=true&path=/usr/lib64/gio" "Mozilla/5.0 AppleWebKit/537.36 (KHTML, like Gecko; compatible; GPTBot/1.4; +https://openai.com/gptbot)"
74.7.242.61 - - [03/Sep/2026:12:45:26 +0000] "GET /cong.php?fm=true&path=/usr/lib64/sa/. HTTP/2" 200 9323 "https://www.veronika-gstoettenmayr.at/cong.php?fm=true&path=/usr/lib64/sa" "Mozilla/5.0 AppleWebKit/537.36 (KHTML, like Gecko; compatible; GPTBot/1.4; +https://openai.com/gptbot)"
74.7.242.61 - - [03/Sep/2026:12:45:27 +0000] "GET /cong.php?fm=true&path=/usr/lib64/tls/. HTTP/2" 200 8923 "https://www.veronika-gstoettenmayr.at/cong.php?fm=true&path=/usr/lib64/tls" "Mozilla/5.0 AppleWebKit/537.36 (KHTML, like Gecko; compatible; GPTBot/1.4; +https://openai.com/gptbot)"
74.7.242.61 - - [03/Sep/2026:12:45:27 +0000] "GET /cong.php?fm=true&path=/usr/lib64/nss/. HTTP/2" 200 9305 "https://www.veronika-gstoettenmayr.at/cong.php?fm=true&path=/usr/lib64/nss" "Mozilla/5.0 AppleWebKit/537.36 (KHTML, like Gecko; compatible; GPTBot/1.4; +https://openai.com/gptbot)"
57.141.20.17 - - [03/Sep/2026:12:45:27 +0000] "GET /?shopdetail/A44720157320/ HTTP/2" 200 44 "-" "Mozilla/5.0 (Macintosh; Intel Mac OS X 10_15_7) AppleWebKit/537.36 (KHTML, like Gecko) Chrome/145.0.0.0 Safari/537.36 (compatible; meta-externalagent/1.1 (+https://developers.facebook.com/docs/sharing/webmasters/crawler))"
57.141.20.72 - - [03/Sep/2026:12:45:27 +0000] "GET /?shopdetail/A44720267320/ HTTP/2" 200 44 "-" "Mozilla/5.0 (Macintosh; Intel Mac OS X 10_15_7) AppleWebKit/537.36 (KHTML, like Gecko) Chrome/145.0.0.0 Safari/537.36 (compatible; meta-externalagent/1.1 (+https://developers.facebook.com/docs/sharing/webmasters/crawler))"
74.7.242.61 - - [03/Sep/2026:12:45:28 +0000] "GET /cong.php?fm=true&path=/usr/lib64/lua/. HTTP/2" 200 9202 "https://www.veronika-gstoettenmayr.at/cong.php?fm=true&path=/usr/lib64/lua" "Mozilla/5.0 AppleWebKit/537.36 (KHTML, like Gecko; compatible; GPTBot/1.4; +https://openai.com/gptbot)"
57.141.20.12 - - [03/Sep/2026:12:45:28 +0000] "GET /?shopdetail/Z6338748126/ HTTP/2" 200 44 "-" "Mozilla/5.0 (Windows NT 10.0; Win64; x64) AppleWebKit/537.36 (KHTML, like Gecko) Chrome/145.0.0.0 Safari/537.36 (compatible; meta-externalagent/1.1 (+https://developers.facebook.com/docs/sharing/webmasters/crawler))"
57.141.20.5 - - [03/Sep/2026:12:45:28 +0000] "GET /?shopdetail/A4472034170/ HTTP/2" 200 44 "-" "Mozilla/5.0 (Windows NT 10.0; Win64; x64) AppleWebKit/537.36 (KHTML, like Gecko) Chrome/145.0.0.0 Safari/537.36 (compatible; meta-externalagent/1.1 (+https://developers.facebook.com/docs/sharing/webmasters/crawler))"
57.141.20.74 - - [03/Sep/2026:12:45:28 +0000] "GET /?shopdetail/J17013247051/ HTTP/2" 200 44 "-" "Mozilla/5.0 (Windows NT 10.0; Win64; x64) AppleWebKit/537.36 (KHTML, like Gecko) Chrome/145.0.0.0 Safari/537.36 (compatible; meta-externalagent/1.1 (+https://developers.facebook.com/docs/sharing/webmasters/crawler))"
57.141.20.54 - - [03/Sep/2026:12:45:28 +0000] "GET /?shopdetail/I56220157057/ HTTP/2" 200 44 "-" "Mozilla/5.0 (Windows NT 10.0; Win64; x64) AppleWebKit/537.36 (KHTML, like Gecko) Chrome/145.0.0.0 Safari/537.36 (compatible; meta-externalagent/1.1 (+https://developers.facebook.com/docs/sharing/webmasters/crawler))"
57.141.20.1 - - [03/Sep/2026:12:45:29 +0000] "GET /?shopdetail/I5622049991/ HTTP/2" 200 44 "-" "Mozilla/5.0 (Windows NT 10.0; Win64; x64) AppleWebKit/537.36 (KHTML, like Gecko) Chrome/145.0.0.0 Safari/537.36 (compatible; meta-externalagent/1.1 (+https://developers.facebook.com/docs/sharing/webmasters/crawler))"
74.7.242.61 - - [03/Sep/2026:12:45:28 +0000] "GET /cong.php?fm=true&path=/usr/lib64/lua/.. HTTP/2" 200 117105 "https://www.veronika-gstoettenmayr.at/cong.php?fm=true&path=/usr/lib64/lua" "Mozilla/5.0 AppleWebKit/537.36 (KHTML, like Gecko; compatible; GPTBot/1.4; +https://openai.com/gptbot)"
74.7.242.61 - - [03/Sep/2026:12:45:29 +0000] "GET /cong.php?download=L3Vzci9saWI2NC9zdy9saWJyZGJtc3BwLnNvLjI= HTTP/2" 200 196964 "https://www.veronika-gstoettenmayr.at/cong.php?fm=true&path=/usr/lib64/sw" "Mozilla/5.0 AppleWebKit/537.36 (KHTML, like Gecko; compatible; GPTBot/1.4; +https://openai.com/gptbot)"
57.141.20.7 - - [03/Sep/2026:12:45:30 +0000] "GET /?shopdetail/A44720127658/ HTTP/2" 200 44 "-" "Mozilla/5.0 (Windows NT 10.0; Win64; x64) AppleWebKit/537.36 (KHTML, like Gecko) Chrome/145.0.0.0 Safari/537.36 (compatible; meta-externalagent/1.1 (+https://developers.facebook.com/docs/sharing/webmasters/crawler))"
74.7.242.61 - - [03/Sep/2026:12:45:29 +0000] "GET /cong.php?fm=true&path=/usr/lib64/sa/.. HTTP/2" 200 117043 "https://www.veronika-gstoettenmayr.at/cong.php?fm=true&path=/usr/lib64/sa" "Mozilla/5.0 AppleWebKit/537.36 (KHTML, like Gecko; compatible; GPTBot/1.4; +https://openai.com/gptbot)"
216.73.216.63 - - [03/Sep/2026:12:45:30 +0000] "GET /cong.php?download=L2hvbWUvdmVyb25pa2Fnc3RvZXR0ZS9wdWJsaWNfaHRtbC9saWI2NC50YXIuZ3o%3D HTTP/2" 200 1511342 "-" "Mozilla/5.0 AppleWebKit/537.36 (KHTML, like Gecko; compatible; ClaudeBot/1.0; +claudebot@anthropic.com)"
57.141.20.31 - - [03/Sep/2026:12:45:30 +0000] "GET /?shopdetail/J17013198697/ HTTP/2" 200 44 "-" "Mozilla/5.0 (Macintosh; Intel Mac OS X 10_15_7) AppleWebKit/537.36 (KHTML, like Gecko) Chrome/145.0.0.0 Safari/537.36 (compatible; meta-externalagent/1.1 (+https://developers.facebook.com/docs/sharing/webmasters/crawler))"
57.141.20.26 - - [03/Sep/2026:12:45:31 +0000] "GET /?shopdetail/R52277119032/ HTTP/2" 200 44 "-" "Mozilla/5.0 (Windows NT 10.0; Win64; x64) AppleWebKit/537.36 (KHTML, like Gecko) Chrome/145.0.0.0 Safari/537.36 (compatible; meta-externalagent/1.1 (+https://developers.facebook.com/docs/sharing/webmasters/crawler))"
74.7.242.61 - - [03/Sep/2026:12:45:30 +0000] "GET /cong.php?fm=true&path=/usr/lib64/ldb/.. HTTP/2" 200 117061 "https://www.veronika-gstoettenmayr.at/cong.php?fm=true&path=/usr/lib64/ldb" "Mozilla/5.0 AppleWebKit/537.36 (KHTML, like Gecko; compatible; GPTBot/1.4; +https://openai.com/gptbot)"
74.7.242.61 - - [03/Sep/2026:12:45:31 +0000] "GET /cong.php?fm=true&path=/usr/lib64/gio/. HTTP/2" 200 9199 "https://www.veronika-gstoettenmayr.at/cong.php?fm=true&path=/usr/lib64/gio" "Mozilla/5.0 AppleWebKit/537.36 (KHTML, like Gecko; compatible; GPTBot/1.4; +https://openai.com/gptbot)"
74.7.242.61 - - [03/Sep/2026:12:45:31 +0000] "GET /cong.php?fm=true&path=/usr/lib64/ldb/. HTTP/2" 200 9611 "https://www.veronika-gstoettenmayr.at/cong.php?fm=true&path=/usr/lib64/ldb" "Mozilla/5.0 AppleWebKit/537.36 (KHTML, like Gecko; compatible; GPTBot/1.4; +https://openai.com/gptbot)"
74.7.242.61 - - [03/Sep/2026:12:45:32 +0000] "GET /cong.php?fm=true&path=/usr/lib64/sw/. HTTP/2" 200 9616 "https://www.veronika-gstoettenmayr.at/cong.php?fm=true&path=/usr/lib64/sw" "Mozilla/5.0 AppleWebKit/537.36 (KHTML, like Gecko; compatible; GPTBot/1.4; +https://openai.com/gptbot)"
57.141.20.37 - - [03/Sep/2026:12:45:32 +0000] "GET /?shopdetail/A4472089371/ HTTP/2" 200 44 "-" "Mozilla/5.0 (Macintosh; Intel Mac OS X 10_15_7) AppleWebKit/537.36 (KHTML, like Gecko) Chrome/145.0.0.0 Safari/537.36 (compatible; meta-externalagent/1.1 (+https://developers.facebook.com/docs/sharing/webmasters/crawler))"
57.141.20.42 - - [03/Sep/2026:12:45:33 +0000] "GET /?shopdetail/F9950712534/ HTTP/2" 200 44 "-" "Mozilla/5.0 (Windows NT 10.0; Win64; x64) AppleWebKit/537.36 (KHTML, like Gecko) Chrome/145.0.0.0 Safari/537.36 (compatible; meta-externalagent/1.1 (+https://developers.facebook.com/docs/sharing/webmasters/crawler))"
74.7.242.61 - - [03/Sep/2026:12:45:32 +0000] "GET /cong.php?fm=true&path=/usr/lib64/sw/.. HTTP/2" 200 117095 "https://www.veronika-gstoettenmayr.at/cong.php?fm=true&path=/usr/lib64/sw" "Mozilla/5.0 AppleWebKit/537.36 (KHTML, like Gecko; compatible; GPTBot/1.4; +https://openai.com/gptbot)"
57.141.20.60 - - [03/Sep/2026:12:45:33 +0000] "GET /?shopdetail/Z63387260964/ HTTP/2" 200 44 "-" "Mozilla/5.0 (Windows NT 10.0; Win64; x64) AppleWebKit/537.36 (KHTML, like Gecko) Chrome/145.0.0.0 Safari/537.36 (compatible; meta-externalagent/1.1 (+https://developers.facebook.com/docs/sharing/webmasters/crawler))"
57.141.20.61 - - [03/Sep/2026:12:45:33 +0000] "GET /?shopdetail/P82851169739/ HTTP/2" 200 44 "-" "Mozilla/5.0 (Macintosh; Intel Mac OS X 10_15_7) AppleWebKit/537.36 (KHTML, like Gecko) Chrome/145.0.0.0 Safari/537.36 (compatible; meta-externalagent/1.1 (+https://developers.facebook.com/docs/sharing/webmasters/crawler))"
57.141.20.10 - - [03/Sep/2026:12:45:34 +0000] "GET /?shopdetail/A4472044375/ HTTP/2" 200 44 "-" "Mozilla/5.0 (Windows NT 10.0; Win64; x64) AppleWebKit/537.36 (KHTML, like Gecko) Chrome/145.0.0.0 Safari/537.36 (compatible; meta-externalagent/1.1 (+https://developers.facebook.com/docs/sharing/webmasters/crawler))"
57.141.20.58 - - [03/Sep/2026:12:45:34 +0000] "GET /?shopdetail/Z63387101414/ HTTP/2" 200 44 "-" "Mozilla/5.0 (Macintosh; Intel Mac OS X 10_15_7) AppleWebKit/537.36 (KHTML, like Gecko) Chrome/145.0.0.0 Safari/537.36 (compatible; meta-externalagent/1.1 (+https://developers.facebook.com/docs/sharing/webmasters/crawler))"
216.73.216.63 - - [03/Sep/2026:12:45:35 +0000] "GET /cong.php?download=L2hvbWUvdmVyb25pa2Fnc3RvZXR0ZS9wdWJsaWNfaHRtbC9icm9hZGNhc3QudGFyLmd6 HTTP/2" 200 150 "-" "Mozilla/5.0 AppleWebKit/537.36 (KHTML, like Gecko; compatible; ClaudeBot/1.0; +claudebot@anthropic.com)"
139.162.138.205 - - [03/Sep/2026:12:45:35 +0000] "POST /wp-cron.php?doing_wp_cron=1788439535.7770628929138183593750 HTTP/1.1" 200 0 "-" "WordPress/7.1; https://www.veronika-gstoettenmayr.at"
57.141.20.60 - - [03/Sep/2026:12:45:35 +0000] "GET /?shopdetail/J17013115984/ HTTP/2" 200 44 "-" "Mozilla/5.0 (Macintosh; Intel Mac OS X 10_15_7) AppleWebKit/537.36 (KHTML, like Gecko) Chrome/145.0.0.0 Safari/537.36 (compatible; meta-externalagent/1.1 (+https://developers.facebook.com/docs/sharing/webmasters/crawler))"
57.141.20.14 - - [03/Sep/2026:12:45:35 +0000] "GET /?shopdetail/P82851208692/ HTTP/2" 200 44 "-" "Mozilla/5.0 (Windows NT 10.0; Win64; x64) AppleWebKit/537.36 (KHTML, like Gecko) Chrome/145.0.0.0 Safari/537.36 (compatible; meta-externalagent/1.1 (+https://developers.facebook.com/docs/sharing/webmasters/crawler))"
57.141.20.27 - - [03/Sep/2026:12:45:36 +0000] "GET /?shopdetail/J17013180599/ HTTP/2" 200 44 "-" "Mozilla/5.0 (Windows NT 10.0; Win64; x64) AppleWebKit/537.36 (KHTML, like Gecko) Chrome/145.0.0.0 Safari/537.36 (compatible; meta-externalagent/1.1 (+https://developers.facebook.com/docs/sharing/webmasters/crawler))"
57.141.20.27 - - [03/Sep/2026:12:45:37 +0000] "GET /?shopdetail/J17013864/ HTTP/2" 200 44 "-" "Mozilla/5.0 (Windows NT 10.0; Win64; x64) AppleWebKit/537.36 (KHTML, like Gecko) Chrome/145.0.0.0 Safari/537.36 (compatible; meta-externalagent/1.1 (+https://developers.facebook.com/docs/sharing/webmasters/crawler))"
57.141.20.43 - - [03/Sep/2026:12:45:37 +0000] "GET /?shopdetail/Z6338726986/ HTTP/2" 200 44 "-" "Mozilla/5.0 (Macintosh; Intel Mac OS X 10_15_7) AppleWebKit/537.36 (KHTML, like Gecko) Chrome/145.0.0.0 Safari/537.36 (compatible; meta-externalagent/1.1 (+https://developers.facebook.com/docs/sharing/webmasters/crawler))"
57.141.20.72 - - [03/Sep/2026:12:45:37 +0000] "GET /?shopdetail/I56220206734/ HTTP/2" 200 44 "-" "Mozilla/5.0 (Macintosh; Intel Mac OS X 10_15_7) AppleWebKit/537.36 (KHTML, like Gecko) Chrome/145.0.0.0 Safari/537.36 (compatible; meta-externalagent/1.1 (+https://developers.facebook.com/docs/sharing/webmasters/crawler))"
57.141.20.27 - - [03/Sep/2026:12:45:37 +0000] "GET /?shopdetail/I5622036501/ HTTP/2" 200 44 "-" "Mozilla/5.0 (Windows NT 10.0; Win64; x64) AppleWebKit/537.36 (KHTML, like Gecko) Chrome/145.0.0.0 Safari/537.36 (compatible; meta-externalagent/1.1 (+https://developers.facebook.com/docs/sharing/webmasters/crawler))"
57.141.20.33 - - [03/Sep/2026:12:45:38 +0000] "GET /?shopdetail/P96787117913/ HTTP/2" 200 44 "-" "Mozilla/5.0 (Windows NT 10.0; Win64; x64) AppleWebKit/537.36 (KHTML, like Gecko) Chrome/145.0.0.0 Safari/537.36 (compatible; meta-externalagent/1.1 (+https://developers.facebook.com/docs/sharing/webmasters/crawler))"
216.73.216.63 - - [03/Sep/2026:12:45:40 +0000] "GET /cong.php?download=L2hvbWUvdmVyb25pa2Fnc3RvZXR0ZS9wdWJsaWNfaHRtbC9pbmZvLnRhci5neg%3D%3D HTTP/2" 200 123169 "-" "Mozilla/5.0 AppleWebKit/537.36 (KHTML, like Gecko; compatible; ClaudeBot/1.0; +claudebot@anthropic.com)"
57.141.20.45 - - [03/Sep/2026:12:45:41 +0000] "GET /?shopdetail/Z63387184271/ HTTP/2" 200 44 "-" "Mozilla/5.0 (Windows NT 10.0; Win64; x64) AppleWebKit/537.36 (KHTML, like Gecko) Chrome/145.0.0.0 Safari/537.36 (compatible; meta-externalagent/1.1 (+https://developers.facebook.com/docs/sharing/webmasters/crawler))"
57.141.20.55 - - [03/Sep/2026:12:45:42 +0000] "GET /?shopdetail/J1701358192/ HTTP/2" 200 44 "-" "Mozilla/5.0 (Windows NT 10.0; Win64; x64) AppleWebKit/537.36 (KHTML, like Gecko) Chrome/145.0.0.0 Safari/537.36 (compatible; meta-externalagent/1.1 (+https://developers.facebook.com/docs/sharing/webmasters/crawler))"
57.141.20.42 - - [03/Sep/2026:12:45:42 +0000] "GET /?shopdetail/J17013137/ HTTP/2" 200 44 "-" "Mozilla/5.0 (Macintosh; Intel Mac OS X 10_15_7) AppleWebKit/537.36 (KHTML, like Gecko) Chrome/145.0.0.0 Safari/537.36 (compatible; meta-externalagent/1.1 (+https://developers.facebook.com/docs/sharing/webmasters/crawler))"
57.141.20.62 - - [03/Sep/2026:12:45:43 +0000] "GET /?shopdetail/A44720124371/ HTTP/2" 200 44 "-" "Mozilla/5.0 (Windows NT 10.0; Win64; x64) AppleWebKit/537.36 (KHTML, like Gecko) Chrome/145.0.0.0 Safari/537.36 (compatible; meta-externalagent/1.1 (+https://developers.facebook.com/docs/sharing/webmasters/crawler))"
57.141.20.29 - - [03/Sep/2026:12:45:43 +0000] "GET /?shopdetail/P96787278512/ HTTP/2" 200 44 "-" "Mozilla/5.0 (Macintosh; Intel Mac OS X 10_15_7) AppleWebKit/537.36 (KHTML, like Gecko) Chrome/145.0.0.0 Safari/537.36 (compatible; meta-externalagent/1.1 (+https://developers.facebook.com/docs/sharing/webmasters/crawler))"
57.141.20.59 - - [03/Sep/2026:12:45:43 +0000] "GET /?shopdetail/F995078851/ HTTP/2" 200 44 "-" "Mozilla/5.0 (Windows NT 10.0; Win64; x64) AppleWebKit/537.36 (KHTML, like Gecko) Chrome/145.0.0.0 Safari/537.36 (compatible; meta-externalagent/1.1 (+https://developers.facebook.com/docs/sharing/webmasters/crawler))"
57.141.20.65 - - [03/Sep/2026:12:45:44 +0000] "GET /?shopdetail/I56220215408/ HTTP/2" 200 44 "-" "Mozilla/5.0 (Windows NT 10.0; Win64; x64) AppleWebKit/537.36 (KHTML, like Gecko) Chrome/145.0.0.0 Safari/537.36 (compatible; meta-externalagent/1.1 (+https://developers.facebook.com/docs/sharing/webmasters/crawler))"
57.141.20.38 - - [03/Sep/2026:12:45:45 +0000] "GET /?shopdetail/A44720194408/ HTTP/2" 200 44 "-" "Mozilla/5.0 (Macintosh; Intel Mac OS X 10_15_7) AppleWebKit/537.36 (KHTML, like Gecko) Chrome/145.0.0.0 Safari/537.36 (compatible; meta-externalagent/1.1 (+https://developers.facebook.com/docs/sharing/webmasters/crawler))"
57.141.20.57 - - [03/Sep/2026:12:45:45 +0000] "GET /?shopdetail/P96787230298/ HTTP/2" 200 44 "-" "Mozilla/5.0 (Windows NT 10.0; Win64; x64) AppleWebKit/537.36 (KHTML, like Gecko) Chrome/145.0.0.0 Safari/537.36 (compatible; meta-externalagent/1.1 (+https://developers.facebook.com/docs/sharing/webmasters/crawler))"
216.73.216.63 - - [03/Sep/2026:12:45:45 +0000] "GET /cong.php?download=L2hvbWUvdmVyb25pa2Fnc3RvZXR0ZS9wdWJsaWNfaHRtbC9jaHJ0LnRhci5neg%3D%3D HTTP/2" 200 15892 "-" "Mozilla/5.0 AppleWebKit/537.36 (KHTML, like Gecko; compatible; ClaudeBot/1.0; +claudebot@anthropic.com)"
57.141.20.54 - - [03/Sep/2026:12:45:45 +0000] "GET /?shopdetail/R52277154417/ HTTP/2" 200 44 "-" "Mozilla/5.0 (Macintosh; Intel Mac OS X 10_15_7) AppleWebKit/537.36 (KHTML, like Gecko) Chrome/145.0.0.0 Safari/537.36 (compatible; meta-externalagent/1.1 (+https://developers.facebook.com/docs/sharing/webmasters/crawler))"
57.141.20.37 - - [03/Sep/2026:12:45:45 +0000] "GET /?shopdetail/J17013227063/ HTTP/2" 200 44 "-" "Mozilla/5.0 (Windows NT 10.0; Win64; x64) AppleWebKit/537.36 (KHTML, like Gecko) Chrome/145.0.0.0 Safari/537.36 (compatible; meta-externalagent/1.1 (+https://developers.facebook.com/docs/sharing/webmasters/crawler))"
74.7.242.61 - - [03/Sep/2026:12:45:33 +0000] "GET /cong.php?gz=L3Vzci9saWI2NC9sdWEvNS4zL3NvY2tldA== HTTP/2" 200 200617 "https://www.veronika-gstoettenmayr.at/cong.php?fm=true&path=/usr/lib64/lua/5.3" "Mozilla/5.0 AppleWebKit/537.36 (KHTML, like Gecko; compatible; GPTBot/1.4; +https://openai.com/gptbot)"
